-- https://www.phpmyadmin.net/
--

START TRANSACTION;



-- --------------------------------------------------------

--
-- Table structure for table `comments`
--

CREATE TABLE `comments` (
  `id` bigint(20) UNSIGNED NOT NULL,
  `user_id` bigint(20) UNSIGNED NOT NULL,
  `reel_id` bigint(20) UNSIGNED NOT NULL,
  `comment` text NOT NULL,
  `created_at` timestamp NULL DEFAULT NULL,
  `updated_at` timestamp NULL DEFAULT NULL
) ENGINE=InnoDB DEFAULT CHARSET=utf8mb4 COLLATE=utf8mb4_unicode_ci;

--
-- Dumping data for table `comments`
--

INSERT INTO `comments` (`id`, `user_id`, `reel_id`, `comment`, `created_at`, `updated_at`) VALUES
(1, 3, 8, 'looks Nice', '2025-03-16 16:35:57', '2025-03-16 16:35:57'),
(2, 3, 8, 'where is this place', '2025-03-16 16:36:23', '2025-03-16 16:36:23'),
(3, 3, 8, 'this is very beautiful place.', '2025-03-24 22:45:38', '2025-03-24 22:45:38'),
(4, 3, 5, 'ths is really good place', '2025-03-24 22:52:49', '2025-03-24 22:52:49'),
(5, 3, 5, 'where it this place', '2025-03-24 23:05:46', '2025-03-24 23:05:46'),
(6, 3, 1, 'really cute kid :)', '2025-04-09 04:15:15', '2025-04-09 04:15:15'),
(7, 8, 7, 'Great player!', '2025-04-17 21:18:04', '2025-04-17 21:18:04'),
(8, 8, 7, 'yes', '2025-04-21 18:58:22', '2025-04-21 18:58:22'),
(10, 8, 2, 'Wish I was skiing. How about you.', '2025-05-15 21:33:52', '2025-05-15 21:33:52'),
(11, 8, 29, 'Can you dance like that?', '2025-05-15 21:35:46', '2025-05-15 21:35:46'),
(12, 8, 96, 'Love it', '2025-05-26 04:05:42', '2025-05-26 04:05:42'),
(15, 8, 85, 'thanks', '2025-06-30 22:28:50', '2025-06-30 22:28:50');

-- --------------------------------------------------------

--
-- Table structure for table `failed_jobs`
--

CREATE TABLE `failed_jobs` (
  `id` bigint(20) UNSIGNED NOT NULL,
  `uuid` varchar(255) NOT NULL,
  `connection` text NOT NULL,
  `queue` text NOT NULL,
  `payload` longtext NOT NULL,
  `exception` longtext NOT NULL,
  `failed_at` timestamp NOT NULL DEFAULT current_timestamp()
) ENGINE=InnoDB DEFAULT CHARSET=utf8mb4 COLLATE=utf8mb4_unicode_ci;

-- --------------------------------------------------------

--
-- Table structure for table `followers`
--

CREATE TABLE `followers` (
  `id` bigint(20) UNSIGNED NOT NULL,
  `follower_id` bigint(20) UNSIGNED NOT NULL,
  `following_id` bigint(20) UNSIGNED NOT NULL,
  `created_at` timestamp NULL DEFAULT NULL,
  `updated_at` timestamp NULL DEFAULT NULL
) ENGINE=InnoDB DEFAULT CHARSET=utf8mb4 COLLATE=utf8mb4_unicode_ci;

--
-- Dumping data for table `followers`
--

INSERT INTO `followers` (`id`, `follower_id`, `following_id`, `created_at`, `updated_at`) VALUES
(5, 3, 1, NULL, NULL),
(10, 1, 3, NULL, NULL),
(14, 8, 3, NULL, NULL),
(15, 12, 8, NULL, NULL);

-- --------------------------------------------------------

--
-- Table structure for table `jobs`
--

CREATE TABLE `jobs` (
  `id` bigint(20) UNSIGNED NOT NULL,
  `queue` varchar(255) NOT NULL,
  `payload` longtext NOT NULL,
  `attempts` tinyint(3) UNSIGNED NOT NULL,
  `reserved_at` int(10) UNSIGNED DEFAULT NULL,
  `available_at` int(10) UNSIGNED NOT NULL,
  `created_at` int(10) UNSIGNED NOT NULL
) ENGINE=InnoDB DEFAULT CHARSET=utf8mb4 COLLATE=utf8mb4_unicode_ci;

--
-- Dumping data for table `jobs`
--

INSERT INTO `jobs` (`id`, `queue`, `payload`, `attempts`, `reserved_at`, `available_at`, `created_at`) VALUES
(1, 'default', '{\"uuid\":\"5d0a6a27-d13a-4b58-95b2-4619bf41346f\",\"displayName\":\"Illuminate\\\\Notifications\\\\Events\\\\BroadcastNotificationCreated\",\"job\":\"Illuminate\\\\Queue\\\\CallQueuedHandler@call\",\"maxTries\":null,\"maxExceptions\":null,\"failOnTimeout\":false,\"backoff\":null,\"timeout\":null,\"retryUntil\":null,\"data\":{\"commandName\":\"Illuminate\\\\Broadcasting\\\\BroadcastEvent\",\"command\":\"O:38:\\\"Illuminate\\\\Broadcasting\\\\BroadcastEvent\\\":14:{s:5:\\\"event\\\";O:60:\\\"Illuminate\\\\Notifications\\\\Events\\\\BroadcastNotificationCreated\\\":3:{s:10:\\\"notifiable\\\";O:45:\\\"Illuminate\\\\Contracts\\\\Database\\\\ModelIdentifier\\\":5:{s:5:\\\"class\\\";s:15:\\\"App\\\\Models\\\\User\\\";s:2:\\\"id\\\";i:3;s:9:\\\"relations\\\";a:0:{}s:10:\\\"connection\\\";s:5:\\\"mysql\\\";s:15:\\\"collectionClass\\\";N;}s:12:\\\"notification\\\";O:39:\\\"App\\\\Notifications\\\\PostLikedNotification\\\":2:{s:4:\\\"post\\\";O:45:\\\"Illuminate\\\\Contracts\\\\Database\\\\ModelIdentifier\\\":5:{s:5:\\\"class\\\";s:15:\\\"App\\\\Models\\\\Reel\\\";s:2:\\\"id\\\";i:8;s:9:\\\"relations\\\";a:1:{i:0;s:4:\\\"user\\\";}s:10:\\\"connection\\\";s:5:\\\"mysql\\\";s:15:\\\"collectionClass\\\";N;}s:2:\\\"id\\\";s:36:\\\"66555056-d1bd-47d1-872e-eb73fa6df89d\\\";}s:4:\\\"data\\\";a:2:{s:7:\\\"message\\\";s:32:\\\"Christen Ferrell Liked Your Post\\\";s:7:\\\"post_id\\\";i:8;}}s:5:\\\"tries\\\";N;s:7:\\\"timeout\\\";N;s:7:\\\"backoff\\\";N;s:13:\\\"maxExceptions\\\";N;s:10:\\\"connection\\\";N;s:5:\\\"queue\\\";N;s:5:\\\"delay\\\";N;s:11:\\\"afterCommit\\\";N;s:10:\\\"middleware\\\";a:0:{}s:7:\\\"chained\\\";a:0:{}s:15:\\\"chainConnection\\\";N;s:10:\\\"chainQueue\\\";N;s:19:\\\"chainCatchCallbacks\\\";N;}\"}}', 0, NULL, 1742771743, 1742771743),
(2, 'default', '{\"uuid\":\"c52ecbc8-d161-4c92-911f-1273e6d38fa2\",\"displayName\":\"Illuminate\\\\Notifications\\\\Events\\\\BroadcastNotificationCreated\",\"job\":\"Illuminate\\\\Queue\\\\CallQueuedHandler@call\",\"maxTries\":null,\"maxExceptions\":null,\"failOnTimeout\":false,\"backoff\":null,\"timeout\":null,\"retryUntil\":null,\"data\":{\"commandName\":\"Illuminate\\\\Broadcasting\\\\BroadcastEvent\",\"command\":\"O:38:\\\"Illuminate\\\\Broadcasting\\\\BroadcastEvent\\\":14:{s:5:\\\"event\\\";O:60:\\\"Illuminate\\\\Notifications\\\\Events\\\\BroadcastNotificationCreated\\\":3:{s:10:\\\"notifiable\\\";O:45:\\\"Illuminate\\\\Contracts\\\\Database\\\\ModelIdentifier\\\":5:{s:5:\\\"class\\\";s:15:\\\"App\\\\Models\\\\User\\\";s:2:\\\"id\\\";i:3;s:9:\\\"relations\\\";a:0:{}s:10:\\\"connection\\\";s:5:\\\"mysql\\\";s:15:\\\"collectionClass\\\";N;}s:12:\\\"notification\\\";O:39:\\\"App\\\\Notifications\\\\PostLikedNotification\\\":2:{s:4:\\\"post\\\";O:45:\\\"Illuminate\\\\Contracts\\\\Database\\\\ModelIdentifier\\\":5:{s:5:\\\"class\\\";s:15:\\\"App\\\\Models\\\\Reel\\\";s:2:\\\"id\\\";i:6;s:9:\\\"relations\\\";a:1:{i:0;s:4:\\\"user\\\";}s:10:\\\"connection\\\";s:5:\\\"mysql\\\";s:15:\\\"collectionClass\\\";N;}s:2:\\\"id\\\";s:36:\\\"c043a70f-f83d-4242-9594-0501a5e07df4\\\";}s:4:\\\"data\\\";a:2:{s:7:\\\"message\\\";s:32:\\\"Christen Ferrell Liked Your Post\\\";s:7:\\\"post_id\\\";i:6;}}s:5:\\\"tries\\\";N;s:7:\\\"timeout\\\";N;s:7:\\\"backoff\\\";N;s:13:\\\"maxExceptions\\\";N;s:10:\\\"connection\\\";N;s:5:\\\"queue\\\";N;s:5:\\\"delay\\\";N;s:11:\\\"afterCommit\\\";N;s:10:\\\"middleware\\\";a:0:{}s:7:\\\"chained\\\";a:0:{}s:15:\\\"chainConnection\\\";N;s:10:\\\"chainQueue\\\";N;s:19:\\\"chainCatchCallbacks\\\";N;}\"}}', 0, NULL, 1742771757, 1742771757),
(3, 'default', '{\"uuid\":\"c34e0c20-b32b-400e-b4dc-db4680eb4652\",\"displayName\":\"Illuminate\\\\Notifications\\\\Events\\\\BroadcastNotificationCreated\",\"job\":\"Illuminate\\\\Queue\\\\CallQueuedHandler@call\",\"maxTries\":null,\"maxExceptions\":null,\"failOnTimeout\":false,\"backoff\":null,\"timeout\":null,\"retryUntil\":null,\"data\":{\"commandName\":\"Illuminate\\\\Broadcasting\\\\BroadcastEvent\",\"command\":\"O:38:\\\"Illuminate\\\\Broadcasting\\\\BroadcastEvent\\\":14:{s:5:\\\"event\\\";O:60:\\\"Illuminate\\\\Notifications\\\\Events\\\\BroadcastNotificationCreated\\\":3:{s:10:\\\"notifiable\\\";O:45:\\\"Illuminate\\\\Contracts\\\\Database\\\\ModelIdentifier\\\":5:{s:5:\\\"class\\\";s:15:\\\"App\\\\Models\\\\User\\\";s:2:\\\"id\\\";i:1;s:9:\\\"relations\\\";a:0:{}s:10:\\\"connection\\\";s:5:\\\"mysql\\\";s:15:\\\"collectionClass\\\";N;}s:12:\\\"notification\\\";O:39:\\\"App\\\\Notifications\\\\PostLikedNotification\\\":2:{s:4:\\\"post\\\";O:45:\\\"Illuminate\\\\Contracts\\\\Database\\\\ModelIdentifier\\\":5:{s:5:\\\"class\\\";s:15:\\\"App\\\\Models\\\\Reel\\\";s:2:\\\"id\\\";i:5;s:9:\\\"relations\\\";a:1:{i:0;s:4:\\\"user\\\";}s:10:\\\"connection\\\";s:5:\\\"mysql\\\";s:15:\\\"collectionClass\\\";N;}s:2:\\\"id\\\";s:36:\\\"893a54c3-63d3-46f3-9b06-2211013062a9\\\";}s:4:\\\"data\\\";a:2:{s:7:\\\"message\\\";s:32:\\\"Christen Ferrell Liked Your Post\\\";s:7:\\\"post_id\\\";i:5;}}s:5:\\\"tries\\\";N;s:7:\\\"timeout\\\";N;s:7:\\\"backoff\\\";N;s:13:\\\"maxExceptions\\\";N;s:10:\\\"connection\\\";N;s:5:\\\"queue\\\";N;s:5:\\\"delay\\\";N;s:11:\\\"afterCommit\\\";N;s:10:\\\"middleware\\\";a:0:{}s:7:\\\"chained\\\";a:0:{}s:15:\\\"chainConnection\\\";N;s:10:\\\"chainQueue\\\";N;s:19:\\\"chainCatchCallbacks\\\";N;}\"}}', 0, NULL, 1742771773, 1742771773),
(4, 'default', '{\"uuid\":\"1cba0cc7-25c5-4deb-a90e-ea801f5682f3\",\"displayName\":\"Illuminate\\\\Notifications\\\\Events\\\\BroadcastNotificationCreated\",\"job\":\"Illuminate\\\\Queue\\\\CallQueuedHandler@call\",\"maxTries\":null,\"maxExceptions\":null,\"failOnTimeout\":false,\"backoff\":null,\"timeout\":null,\"retryUntil\":null,\"data\":{\"commandName\":\"Illuminate\\\\Broadcasting\\\\BroadcastEvent\",\"command\":\"O:38:\\\"Illuminate\\\\Broadcasting\\\\BroadcastEvent\\\":14:{s:5:\\\"event\\\";O:60:\\\"Illuminate\\\\Notifications\\\\Events\\\\BroadcastNotificationCreated\\\":3:{s:10:\\\"notifiable\\\";O:45:\\\"Illuminate\\\\Contracts\\\\Database\\\\ModelIdentifier\\\":5:{s:5:\\\"class\\\";s:15:\\\"App\\\\Models\\\\User\\\";s:2:\\\"id\\\";i:1;s:9:\\\"relations\\\";a:0:{}s:10:\\\"connection\\\";s:5:\\\"mysql\\\";s:15:\\\"collectionClass\\\";N;}s:12:\\\"notification\\\";O:39:\\\"App\\\\Notifications\\\\PostLikedNotification\\\":2:{s:4:\\\"post\\\";O:45:\\\"Illuminate\\\\Contracts\\\\Database\\\\ModelIdentifier\\\":5:{s:5:\\\"class\\\";s:15:\\\"App\\\\Models\\\\Reel\\\";s:2:\\\"id\\\";i:3;s:9:\\\"relations\\\";a:1:{i:0;s:4:\\\"user\\\";}s:10:\\\"connection\\\";s:5:\\\"mysql\\\";s:15:\\\"collectionClass\\\";N;}s:2:\\\"id\\\";s:36:\\\"80585db0-cca3-4076-88e3-d8b696606848\\\";}s:4:\\\"data\\\";a:2:{s:7:\\\"message\\\";s:32:\\\"Christen Ferrell Liked Your Post\\\";s:7:\\\"post_id\\\";i:3;}}s:5:\\\"tries\\\";N;s:7:\\\"timeout\\\";N;s:7:\\\"backoff\\\";N;s:13:\\\"maxExceptions\\\";N;s:10:\\\"connection\\\";N;s:5:\\\"queue\\\";N;s:5:\\\"delay\\\";N;s:11:\\\"afterCommit\\\";N;s:10:\\\"middleware\\\";a:0:{}s:7:\\\"chained\\\";a:0:{}s:15:\\\"chainConnection\\\";N;s:10:\\\"chainQueue\\\";N;s:19:\\\"chainCatchCallbacks\\\";N;}\"}}', 0, NULL, 1742771777, 1742771777),
(5, 'default', '{\"uuid\":\"eb9d1575-1d2d-4a7f-bc18-7ef14943407c\",\"displayName\":\"Illuminate\\\\Notifications\\\\Events\\\\BroadcastNotificationCreated\",\"job\":\"Illuminate\\\\Queue\\\\CallQueuedHandler@call\",\"maxTries\":null,\"maxExceptions\":null,\"failOnTimeout\":false,\"backoff\":null,\"timeout\":null,\"retryUntil\":null,\"data\":{\"commandName\":\"Illuminate\\\\Broadcasting\\\\BroadcastEvent\",\"command\":\"O:38:\\\"Illuminate\\\\Broadcasting\\\\BroadcastEvent\\\":14:{s:5:\\\"event\\\";O:60:\\\"Illuminate\\\\Notifications\\\\Events\\\\BroadcastNotificationCreated\\\":3:{s:10:\\\"notifiable\\\";O:45:\\\"Illuminate\\\\Contracts\\\\Database\\\\ModelIdentifier\\\":5:{s:5:\\\"class\\\";s:15:\\\"App\\\\Models\\\\User\\\";s:2:\\\"id\\\";i:1;s:9:\\\"relations\\\";a:0:{}s:10:\\\"connection\\\";s:5:\\\"mysql\\\";s:15:\\\"collectionClass\\\";N;}s:12:\\\"notification\\\";O:39:\\\"App\\\\Notifications\\\\PostLikedNotification\\\":2:{s:4:\\\"post\\\";O:45:\\\"Illuminate\\\\Contracts\\\\Database\\\\ModelIdentifier\\\":5:{s:5:\\\"class\\\";s:15:\\\"App\\\\Models\\\\Reel\\\";s:2:\\\"id\\\";i:2;s:9:\\\"relations\\\";a:1:{i:0;s:4:\\\"user\\\";}s:10:\\\"connection\\\";s:5:\\\"mysql\\\";s:15:\\\"collectionClass\\\";N;}s:2:\\\"id\\\";s:36:\\\"a1204cd4-2b79-4ee4-8e3d-32c72ff88713\\\";}s:4:\\\"data\\\";a:2:{s:7:\\\"message\\\";s:32:\\\"Christen Ferrell Liked Your Post\\\";s:7:\\\"post_id\\\";i:2;}}s:5:\\\"tries\\\";N;s:7:\\\"timeout\\\";N;s:7:\\\"backoff\\\";N;s:13:\\\"maxExceptions\\\";N;s:10:\\\"connection\\\";N;s:5:\\\"queue\\\";N;s:5:\\\"delay\\\";N;s:11:\\\"afterCommit\\\";N;s:10:\\\"middleware\\\";a:0:{}s:7:\\\"chained\\\";a:0:{}s:15:\\\"chainConnection\\\";N;s:10:\\\"chainQueue\\\";N;s:19:\\\"chainCatchCallbacks\\\";N;}\"}}', 0, NULL, 1742771779, 1742771779),
(6, 'default', '{\"uuid\":\"ca98559c-276c-4ae6-bcf6-016b2b932893\",\"displayName\":\"Illuminate\\\\Notifications\\\\Events\\\\BroadcastNotificationCreated\",\"job\":\"Illuminate\\\\Queue\\\\CallQueuedHandler@call\",\"maxTries\":null,\"maxExceptions\":null,\"failOnTimeout\":false,\"backoff\":null,\"timeout\":null,\"retryUntil\":null,\"data\":{\"commandName\":\"Illuminate\\\\Broadcasting\\\\BroadcastEvent\",\"command\":\"O:38:\\\"Illuminate\\\\Broadcasting\\\\BroadcastEvent\\\":14:{s:5:\\\"event\\\";O:60:\\\"Illuminate\\\\Notifications\\\\Events\\\\BroadcastNotificationCreated\\\":3:{s:10:\\\"notifiable\\\";O:45:\\\"Illuminate\\\\Contracts\\\\Database\\\\ModelIdentifier\\\":5:{s:5:\\\"class\\\";s:15:\\\"App\\\\Models\\\\User\\\";s:2:\\\"id\\\";i:1;s:9:\\\"relations\\\";a:0:{}s:10:\\\"connection\\\";s:5:\\\"mysql\\\";s:15:\\\"collectionClass\\\";N;}s:12:\\\"notification\\\";O:39:\\\"App\\\\Notifications\\\\PostLikedNotification\\\":2:{s:4:\\\"post\\\";O:45:\\\"Illuminate\\\\Contracts\\\\Database\\\\ModelIdentifier\\\":5:{s:5:\\\"class\\\";s:15:\\\"App\\\\Models\\\\Reel\\\";s:2:\\\"id\\\";i:2;s:9:\\\"relations\\\";a:1:{i:0;s:4:\\\"user\\\";}s:10:\\\"connection\\\";s:5:\\\"mysql\\\";s:15:\\\"collectionClass\\\";N;}s:2:\\\"id\\\";s:36:\\\"ab89663e-68fe-4e74-b884-332c881c91af\\\";}s:4:\\\"data\\\";a:2:{s:7:\\\"message\\\";s:32:\\\"Christen Ferrell Liked Your Post\\\";s:7:\\\"post_id\\\";i:2;}}s:5:\\\"tries\\\";N;s:7:\\\"timeout\\\";N;s:7:\\\"backoff\\\";N;s:13:\\\"maxExceptions\\\";N;s:10:\\\"connection\\\";N;s:5:\\\"queue\\\";N;s:5:\\\"delay\\\";N;s:11:\\\"afterCommit\\\";N;s:10:\\\"middleware\\\";a:0:{}s:7:\\\"chained\\\";a:0:{}s:15:\\\"chainConnection\\\";N;s:10:\\\"chainQueue\\\";N;s:19:\\\"chainCatchCallbacks\\\";N;}\"}}', 0, NULL, 1742771980, 1742771980),
(7, 'default', '{\"uuid\":\"d64908f5-bba4-427c-a824-5956d635fae7\",\"displayName\":\"Illuminate\\\\Notifications\\\\Events\\\\BroadcastNotificationCreated\",\"job\":\"Illuminate\\\\Queue\\\\CallQueuedHandler@call\",\"maxTries\":null,\"maxExceptions\":null,\"failOnTimeout\":false,\"backoff\":null,\"timeout\":null,\"retryUntil\":null,\"data\":{\"commandName\":\"Illuminate\\\\Broadcasting\\\\BroadcastEvent\",\"command\":\"O:38:\\\"Illuminate\\\\Broadcasting\\\\BroadcastEvent\\\":14:{s:5:\\\"event\\\";O:60:\\\"Illuminate\\\\Notifications\\\\Events\\\\BroadcastNotificationCreated\\\":3:{s:10:\\\"notifiable\\\";O:45:\\\"Illuminate\\\\Contracts\\\\Database\\\\ModelIdentifier\\\":5:{s:5:\\\"class\\\";s:15:\\\"App\\\\Models\\\\User\\\";s:2:\\\"id\\\";i:1;s:9:\\\"relations\\\";a:0:{}s:10:\\\"connection\\\";s:5:\\\"mysql\\\";s:15:\\\"collectionClass\\\";N;}s:12:\\\"notification\\\";O:39:\\\"App\\\\Notifications\\\\PostLikedNotification\\\":2:{s:4:\\\"post\\\";O:45:\\\"Illuminate\\\\Contracts\\\\Database\\\\ModelIdentifier\\\":5:{s:5:\\\"class\\\";s:15:\\\"App\\\\Models\\\\Reel\\\";s:2:\\\"id\\\";i:1;s:9:\\\"relations\\\";a:1:{i:0;s:4:\\\"user\\\";}s:10:\\\"connection\\\";s:5:\\\"mysql\\\";s:15:\\\"collectionClass\\\";N;}s:2:\\\"id\\\";s:36:\\\"6279381c-699e-4819-8637-3b37faf56662\\\";}s:4:\\\"data\\\";a:2:{s:7:\\\"message\\\";s:32:\\\"Christen Ferrell Liked Your Post\\\";s:7:\\\"post_id\\\";i:1;}}s:5:\\\"tries\\\";N;s:7:\\\"timeout\\\";N;s:7:\\\"backoff\\\";N;s:13:\\\"maxExceptions\\\";N;s:10:\\\"connection\\\";N;s:5:\\\"queue\\\";N;s:5:\\\"delay\\\";N;s:11:\\\"afterCommit\\\";N;s:10:\\\"middleware\\\";a:0:{}s:7:\\\"chained\\\";a:0:{}s:15:\\\"chainConnection\\\";N;s:10:\\\"chainQueue\\\";N;s:19:\\\"chainCatchCallbacks\\\";N;}\"}}', 0, NULL, 1742771991, 1742771991),
(8, 'default', '{\"uuid\":\"343af8b1-26c8-4395-a606-bb1db19ef38c\",\"displayName\":\"Illuminate\\\\Notifications\\\\Events\\\\BroadcastNotificationCreated\",\"job\":\"Illuminate\\\\Queue\\\\CallQueuedHandler@call\",\"maxTries\":null,\"maxExceptions\":null,\"failOnTimeout\":false,\"backoff\":null,\"timeout\":null,\"retryUntil\":null,\"data\":{\"commandName\":\"Illuminate\\\\Broadcasting\\\\BroadcastEvent\",\"command\":\"O:38:\\\"Illuminate\\\\Broadcasting\\\\BroadcastEvent\\\":14:{s:5:\\\"event\\\";O:60:\\\"Illuminate\\\\Notifications\\\\Events\\\\BroadcastNotificationCreated\\\":3:{s:10:\\\"notifiable\\\";O:45:\\\"Illuminate\\\\Contracts\\\\Database\\\\ModelIdentifier\\\":5:{s:5:\\\"class\\\";s:15:\\\"App\\\\Models\\\\User\\\";s:2:\\\"id\\\";i:3;s:9:\\\"relations\\\";a:0:{}s:10:\\\"connection\\\";s:5:\\\"mysql\\\";s:15:\\\"collectionClass\\\";N;}s:12:\\\"notification\\\";O:39:\\\"App\\\\Notifications\\\\PostLikedNotification\\\":2:{s:4:\\\"post\\\";O:45:\\\"Illuminate\\\\Contracts\\\\Database\\\\ModelIdentifier\\\":5:{s:5:\\\"class\\\";s:15:\\\"App\\\\Models\\\\Reel\\\";s:2:\\\"id\\\";i:8;s:9:\\\"relations\\\";a:1:{i:0;s:4:\\\"user\\\";}s:10:\\\"connection\\\";s:5:\\\"mysql\\\";s:15:\\\"collectionClass\\\";N;}s:2:\\\"id\\\";s:36:\\\"06d2fc88-b8f4-422c-bf0e-19e43b470e8d\\\";}s:4:\\\"data\\\";a:2:{s:7:\\\"message\\\";s:32:\\\"Christen Ferrell Liked Your Post\\\";s:7:\\\"post_id\\\";i:8;}}s:5:\\\"tries\\\";N;s:7:\\\"timeout\\\";N;s:7:\\\"backoff\\\";N;s:13:\\\"maxExceptions\\\";N;s:10:\\\"connection\\\";N;s:5:\\\"queue\\\";N;s:5:\\\"delay\\\";N;s:11:\\\"afterCommit\\\";N;s:10:\\\"middleware\\\";a:0:{}s:7:\\\"chained\\\";a:0:{}s:15:\\\"chainConnection\\\";N;s:10:\\\"chainQueue\\\";N;s:19:\\\"chainCatchCallbacks\\\";N;}\"}}', 0, NULL, 1742772034, 1742772034),
(9, 'default', '{\"uuid\":\"93b17a1e-9112-4975-9cd3-f6808bb3307e\",\"displayName\":\"Illuminate\\\\Notifications\\\\Events\\\\BroadcastNotificationCreated\",\"job\":\"Illuminate\\\\Queue\\\\CallQueuedHandler@call\",\"maxTries\":null,\"maxExceptions\":null,\"failOnTimeout\":false,\"backoff\":null,\"timeout\":null,\"retryUntil\":null,\"data\":{\"commandName\":\"Illuminate\\\\Broadcasting\\\\BroadcastEvent\",\"command\":\"O:38:\\\"Illuminate\\\\Broadcasting\\\\BroadcastEvent\\\":14:{s:5:\\\"event\\\";O:60:\\\"Illuminate\\\\Notifications\\\\Events\\\\BroadcastNotificationCreated\\\":3:{s:10:\\\"notifiable\\\";O:45:\\\"Illuminate\\\\Contracts\\\\Database\\\\ModelIdentifier\\\":5:{s:5:\\\"class\\\";s:15:\\\"App\\\\Models\\\\User\\\";s:2:\\\"id\\\";i:3;s:9:\\\"relations\\\";a:0:{}s:10:\\\"connection\\\";s:5:\\\"mysql\\\";s:15:\\\"collectionClass\\\";N;}s:12:\\\"notification\\\";O:39:\\\"App\\\\Notifications\\\\PostLikedNotification\\\":2:{s:4:\\\"post\\\";O:45:\\\"Illuminate\\\\Contracts\\\\Database\\\\ModelIdentifier\\\":5:{s:5:\\\"class\\\";s:15:\\\"App\\\\Models\\\\Reel\\\";s:2:\\\"id\\\";i:7;s:9:\\\"relations\\\";a:1:{i:0;s:4:\\\"user\\\";}s:10:\\\"connection\\\";s:5:\\\"mysql\\\";s:15:\\\"collectionClass\\\";N;}s:2:\\\"id\\\";s:36:\\\"fe1f0f2b-2ae5-4519-8dc7-f0dedbf4ad27\\\";}s:4:\\\"data\\\";a:2:{s:7:\\\"message\\\";s:32:\\\"Christen Ferrell Liked Your Post\\\";s:7:\\\"post_id\\\";i:7;}}s:5:\\\"tries\\\";N;s:7:\\\"timeout\\\";N;s:7:\\\"backoff\\\";N;s:13:\\\"maxExceptions\\\";N;s:10:\\\"connection\\\";N;s:5:\\\"queue\\\";N;s:5:\\\"delay\\\";N;s:11:\\\"afterCommit\\\";N;s:10:\\\"middleware\\\";a:0:{}s:7:\\\"chained\\\";a:0:{}s:15:\\\"chainConnection\\\";N;s:10:\\\"chainQueue\\\";N;s:19:\\\"chainCatchCallbacks\\\";N;}\"}}', 0, NULL, 1742772178, 1742772178),
(10, 'default', '{\"uuid\":\"8402f345-e86b-4c39-8f74-844cbb1e1973\",\"displayName\":\"Illuminate\\\\Notifications\\\\Events\\\\BroadcastNotificationCreated\",\"job\":\"Illuminate\\\\Queue\\\\CallQueuedHandler@call\",\"maxTries\":null,\"maxExceptions\":null,\"failOnTimeout\":false,\"backoff\":null,\"timeout\":null,\"retryUntil\":null,\"data\":{\"commandName\":\"Illuminate\\\\Broadcasting\\\\BroadcastEvent\",\"command\":\"O:38:\\\"Illuminate\\\\Broadcasting\\\\BroadcastEvent\\\":14:{s:5:\\\"event\\\";O:60:\\\"Illuminate\\\\Notifications\\\\Events\\\\BroadcastNotificationCreated\\\":3:{s:10:\\\"notifiable\\\";O:45:\\\"Illuminate\\\\Contracts\\\\Database\\\\ModelIdentifier\\\":5:{s:5:\\\"class\\\";s:15:\\\"App\\\\Models\\\\User\\\";s:2:\\\"id\\\";i:3;s:9:\\\"relations\\\";a:0:{}s:10:\\\"connection\\\";s:5:\\\"mysql\\\";s:15:\\\"collectionClass\\\";N;}s:12:\\\"notification\\\";O:39:\\\"App\\\\Notifications\\\\PostLikedNotification\\\":2:{s:4:\\\"post\\\";O:45:\\\"Illuminate\\\\Contracts\\\\Database\\\\ModelIdentifier\\\":5:{s:5:\\\"class\\\";s:15:\\\"App\\\\Models\\\\Reel\\\";s:2:\\\"id\\\";i:6;s:9:\\\"relations\\\";a:1:{i:0;s:4:\\\"user\\\";}s:10:\\\"connection\\\";s:5:\\\"mysql\\\";s:15:\\\"collectionClass\\\";N;}s:2:\\\"id\\\";s:36:\\\"f9cc1c8b-1a35-4b51-bacd-75279d56ebd3\\\";}s:4:\\\"data\\\";a:2:{s:7:\\\"message\\\";s:32:\\\"Christen Ferrell Liked Your Post\\\";s:7:\\\"post_id\\\";i:6;}}s:5:\\\"tries\\\";N;s:7:\\\"timeout\\\";N;s:7:\\\"backoff\\\";N;s:13:\\\"maxExceptions\\\";N;s:10:\\\"connection\\\";N;s:5:\\\"queue\\\";N;s:5:\\\"delay\\\";N;s:11:\\\"afterCommit\\\";N;s:10:\\\"middleware\\\";a:0:{}s:7:\\\"chained\\\";a:0:{}s:15:\\\"chainConnection\\\";N;s:10:\\\"chainQueue\\\";N;s:19:\\\"chainCatchCallbacks\\\";N;}\"}}', 0, NULL, 1742772186, 1742772186),
(11, 'default', '{\"uuid\":\"92526af8-7058-4d91-864f-d475886ef93a\",\"displayName\":\"Illuminate\\\\Notifications\\\\Events\\\\BroadcastNotificationCreated\",\"job\":\"Illuminate\\\\Queue\\\\CallQueuedHandler@call\",\"maxTries\":null,\"maxExceptions\":null,\"failOnTimeout\":false,\"backoff\":null,\"timeout\":null,\"retryUntil\":null,\"data\":{\"commandName\":\"Illuminate\\\\Broadcasting\\\\BroadcastEvent\",\"command\":\"O:38:\\\"Illuminate\\\\Broadcasting\\\\BroadcastEvent\\\":14:{s:5:\\\"event\\\";O:60:\\\"Illuminate\\\\Notifications\\\\Events\\\\BroadcastNotificationCreated\\\":3:{s:10:\\\"notifiable\\\";O:45:\\\"Illuminate\\\\Contracts\\\\Database\\\\ModelIdentifier\\\":5:{s:5:\\\"class\\\";s:15:\\\"App\\\\Models\\\\User\\\";s:2:\\\"id\\\";i:3;s:9:\\\"relations\\\";a:0:{}s:10:\\\"connection\\\";s:5:\\\"mysql\\\";s:15:\\\"collectionClass\\\";N;}s:12:\\\"notification\\\";O:39:\\\"App\\\\Notifications\\\\PostLikedNotification\\\":2:{s:4:\\\"post\\\";O:45:\\\"Illuminate\\\\Contracts\\\\Database\\\\ModelIdentifier\\\":5:{s:5:\\\"class\\\";s:15:\\\"App\\\\Models\\\\Reel\\\";s:2:\\\"id\\\";i:8;s:9:\\\"relations\\\";a:1:{i:0;s:4:\\\"user\\\";}s:10:\\\"connection\\\";s:5:\\\"mysql\\\";s:15:\\\"collectionClass\\\";N;}s:2:\\\"id\\\";s:36:\\\"f6a4340f-a42c-4550-8c03-2c6fbcb27c8e\\\";}s:4:\\\"data\\\";a:3:{s:7:\\\"message\\\";s:32:\\\"Christen Ferrell Liked Your Post\\\";s:8:\\\"user_img\\\";N;s:7:\\\"post_id\\\";i:8;}}s:5:\\\"tries\\\";N;s:7:\\\"timeout\\\";N;s:7:\\\"backoff\\\";N;s:13:\\\"maxExceptions\\\";N;s:10:\\\"connection\\\";N;s:5:\\\"queue\\\";N;s:5:\\\"delay\\\";N;s:11:\\\"afterCommit\\\";N;s:10:\\\"middleware\\\";a:0:{}s:7:\\\"chained\\\";a:0:{}s:15:\\\"chainConnection\\\";N;s:10:\\\"chainQueue\\\";N;s:19:\\\"chainCatchCallbacks\\\";N;}\"}}', 0, NULL, 1742772714, 1742772714),
(12, 'default', '{\"uuid\":\"b63e74ba-d1c8-486c-9e7d-815e5abe4b7e\",\"displayName\":\"Illuminate\\\\Notifications\\\\Events\\\\BroadcastNotificationCreated\",\"job\":\"Illuminate\\\\Queue\\\\CallQueuedHandler@call\",\"maxTries\":null,\"maxExceptions\":null,\"failOnTimeout\":false,\"backoff\":null,\"timeout\":null,\"retryUntil\":null,\"data\":{\"commandName\":\"Illuminate\\\\Broadcasting\\\\BroadcastEvent\",\"command\":\"O:38:\\\"Illuminate\\\\Broadcasting\\\\BroadcastEvent\\\":14:{s:5:\\\"event\\\";O:60:\\\"Illuminate\\\\Notifications\\\\Events\\\\BroadcastNotificationCreated\\\":3:{s:10:\\\"notifiable\\\";O:45:\\\"Illuminate\\\\Contracts\\\\Database\\\\ModelIdentifier\\\":5:{s:5:\\\"class\\\";s:15:\\\"App\\\\Models\\\\User\\\";s:2:\\\"id\\\";i:3;s:9:\\\"relations\\\";a:0:{}s:10:\\\"connection\\\";s:5:\\\"mysql\\\";s:15:\\\"collectionClass\\\";N;}s:12:\\\"notification\\\";O:39:\\\"App\\\\Notifications\\\\PostLikedNotification\\\":2:{s:4:\\\"post\\\";O:45:\\\"Illuminate\\\\Contracts\\\\Database\\\\ModelIdentifier\\\":5:{s:5:\\\"class\\\";s:15:\\\"App\\\\Models\\\\Reel\\\";s:2:\\\"id\\\";i:7;s:9:\\\"relations\\\";a:1:{i:0;s:4:\\\"user\\\";}s:10:\\\"connection\\\";s:5:\\\"mysql\\\";s:15:\\\"collectionClass\\\";N;}s:2:\\\"id\\\";s:36:\\\"386a81e6-efa2-45df-8436-0550bfda3f18\\\";}s:4:\\\"data\\\";a:3:{s:7:\\\"message\\\";s:32:\\\"Christen Ferrell Liked Your Post\\\";s:8:\\\"user_img\\\";N;s:7:\\\"post_id\\\";i:7;}}s:5:\\\"tries\\\";N;s:7:\\\"timeout\\\";N;s:7:\\\"backoff\\\";N;s:13:\\\"maxExceptions\\\";N;s:10:\\\"connection\\\";N;s:5:\\\"queue\\\";N;s:5:\\\"delay\\\";N;s:11:\\\"afterCommit\\\";N;s:10:\\\"middleware\\\";a:0:{}s:7:\\\"chained\\\";a:0:{}s:15:\\\"chainConnection\\\";N;s:10:\\\"chainQueue\\\";N;s:19:\\\"chainCatchCallbacks\\\";N;}\"}}', 0, NULL, 1742772716, 1742772716),
(13, 'default', '{\"uuid\":\"bf7a7fc9-02c0-4bc8-bb6f-49ab1d3ff039\",\"displayName\":\"Illuminate\\\\Notifications\\\\Events\\\\BroadcastNotificationCreated\",\"job\":\"Illuminate\\\\Queue\\\\CallQueuedHandler@call\",\"maxTries\":null,\"maxExceptions\":null,\"failOnTimeout\":false,\"backoff\":null,\"timeout\":null,\"retryUntil\":null,\"data\":{\"commandName\":\"Illuminate\\\\Broadcasting\\\\BroadcastEvent\",\"command\":\"O:38:\\\"Illuminate\\\\Broadcasting\\\\BroadcastEvent\\\":14:{s:5:\\\"event\\\";O:60:\\\"Illuminate\\\\Notifications\\\\Events\\\\BroadcastNotificationCreated\\\":3:{s:10:\\\"notifiable\\\";O:45:\\\"Illuminate\\\\Contracts\\\\Database\\\\ModelIdentifier\\\":5:{s:5:\\\"class\\\";s:15:\\\"App\\\\Models\\\\User\\\";s:2:\\\"id\\\";i:3;s:9:\\\"relations\\\";a:0:{}s:10:\\\"connection\\\";s:5:\\\"mysql\\\";s:15:\\\"collectionClass\\\";N;}s:12:\\\"notification\\\";O:39:\\\"App\\\\Notifications\\\\PostLikedNotification\\\":2:{s:4:\\\"post\\\";O:45:\\\"Illuminate\\\\Contracts\\\\Database\\\\ModelIdentifier\\\":5:{s:5:\\\"class\\\";s:15:\\\"App\\\\Models\\\\Reel\\\";s:2:\\\"id\\\";i:6;s:9:\\\"relations\\\";a:1:{i:0;s:4:\\\"user\\\";}s:10:\\\"connection\\\";s:5:\\\"mysql\\\";s:15:\\\"collectionClass\\\";N;}s:2:\\\"id\\\";s:36:\\\"672dc32e-6b95-4f2b-a5bf-46d46325cb2b\\\";}s:4:\\\"data\\\";a:3:{s:7:\\\"message\\\";s:32:\\\"Christen Ferrell Liked Your Post\\\";s:8:\\\"user_img\\\";N;s:7:\\\"post_id\\\";i:6;}}s:5:\\\"tries\\\";N;s:7:\\\"timeout\\\";N;s:7:\\\"backoff\\\";N;s:13:\\\"maxExceptions\\\";N;s:10:\\\"connection\\\";N;s:5:\\\"queue\\\";N;s:5:\\\"delay\\\";N;s:11:\\\"afterCommit\\\";N;s:10:\\\"middleware\\\";a:0:{}s:7:\\\"chained\\\";a:0:{}s:15:\\\"chainConnection\\\";N;s:10:\\\"chainQueue\\\";N;s:19:\\\"chainCatchCallbacks\\\";N;}\"}}', 0, NULL, 1742772718, 1742772718),
(14, 'default', '{\"uuid\":\"533e37b1-1c42-46ac-8b24-2ea993e04330\",\"displayName\":\"Illuminate\\\\Notifications\\\\Events\\\\BroadcastNotificationCreated\",\"job\":\"Illuminate\\\\Queue\\\\CallQueuedHandler@call\",\"maxTries\":null,\"maxExceptions\":null,\"failOnTimeout\":false,\"backoff\":null,\"timeout\":null,\"retryUntil\":null,\"data\":{\"commandName\":\"Illuminate\\\\Broadcasting\\\\BroadcastEvent\",\"command\":\"O:38:\\\"Illuminate\\\\Broadcasting\\\\BroadcastEvent\\\":14:{s:5:\\\"event\\\";O:60:\\\"Illuminate\\\\Notifications\\\\Events\\\\BroadcastNotificationCreated\\\":3:{s:10:\\\"notifiable\\\";O:45:\\\"Illuminate\\\\Contracts\\\\Database\\\\ModelIdentifier\\\":5:{s:5:\\\"class\\\";s:15:\\\"App\\\\Models\\\\User\\\";s:2:\\\"id\\\";i:3;s:9:\\\"relations\\\";a:0:{}s:10:\\\"connection\\\";s:5:\\\"mysql\\\";s:15:\\\"collectionClass\\\";N;}s:12:\\\"notification\\\";O:39:\\\"App\\\\Notifications\\\\PostLikedNotification\\\":2:{s:4:\\\"post\\\";O:45:\\\"Illuminate\\\\Contracts\\\\Database\\\\ModelIdentifier\\\":5:{s:5:\\\"class\\\";s:15:\\\"App\\\\Models\\\\Reel\\\";s:2:\\\"id\\\";i:6;s:9:\\\"relations\\\";a:1:{i:0;s:4:\\\"user\\\";}s:10:\\\"connection\\\";s:5:\\\"mysql\\\";s:15:\\\"collectionClass\\\";N;}s:2:\\\"id\\\";s:36:\\\"b3b4dc31-78f3-4ac0-b23d-bef3a7047b56\\\";}s:4:\\\"data\\\";a:3:{s:7:\\\"message\\\";s:32:\\\"Christen Ferrell Liked Your Post\\\";s:8:\\\"user_img\\\";N;s:7:\\\"post_id\\\";i:6;}}s:5:\\\"tries\\\";N;s:7:\\\"timeout\\\";N;s:7:\\\"backoff\\\";N;s:13:\\\"maxExceptions\\\";N;s:10:\\\"connection\\\";N;s:5:\\\"queue\\\";N;s:5:\\\"delay\\\";N;s:11:\\\"afterCommit\\\";N;s:10:\\\"middleware\\\";a:0:{}s:7:\\\"chained\\\";a:0:{}s:15:\\\"chainConnection\\\";N;s:10:\\\"chainQueue\\\";N;s:19:\\\"chainCatchCallbacks\\\";N;}\"}}', 0, NULL, 1742772740, 1742772740),
(15, 'default', '{\"uuid\":\"532792aa-d3f7-4f2c-bc9f-4f0ffa7213fd\",\"displayName\":\"Illuminate\\\\Notifications\\\\Events\\\\BroadcastNotificationCreated\",\"job\":\"Illuminate\\\\Queue\\\\CallQueuedHandler@call\",\"maxTries\":null,\"maxExceptions\":null,\"failOnTimeout\":false,\"backoff\":null,\"timeout\":null,\"retryUntil\":null,\"data\":{\"commandName\":\"Illuminate\\\\Broadcasting\\\\BroadcastEvent\",\"command\":\"O:38:\\\"Illuminate\\\\Broadcasting\\\\BroadcastEvent\\\":14:{s:5:\\\"event\\\";O:60:\\\"Illuminate\\\\Notifications\\\\Events\\\\BroadcastNotificationCreated\\\":3:{s:10:\\\"notifiable\\\";O:45:\\\"Illuminate\\\\Contracts\\\\Database\\\\ModelIdentifier\\\":5:{s:5:\\\"class\\\";s:15:\\\"App\\\\Models\\\\User\\\";s:2:\\\"id\\\";i:1;s:9:\\\"relations\\\";a:0:{}s:10:\\\"connection\\\";s:5:\\\"mysql\\\";s:15:\\\"collectionClass\\\";N;}s:12:\\\"notification\\\";O:39:\\\"App\\\\Notifications\\\\PostLikedNotification\\\":2:{s:4:\\\"post\\\";O:45:\\\"Illuminate\\\\Contracts\\\\Database\\\\ModelIdentifier\\\":5:{s:5:\\\"class\\\";s:15:\\\"App\\\\Models\\\\Reel\\\";s:2:\\\"id\\\";i:5;s:9:\\\"relations\\\";a:1:{i:0;s:4:\\\"user\\\";}s:10:\\\"connection\\\";s:5:\\\"mysql\\\";s:15:\\\"collectionClass\\\";N;}s:2:\\\"id\\\";s:36:\\\"5fc14de9-afb4-40bc-93e2-7247aaecdeb2\\\";}s:4:\\\"data\\\";a:3:{s:7:\\\"message\\\";s:32:\\\"Christen Ferrell Liked Your Post\\\";s:8:\\\"user_img\\\";N;s:7:\\\"post_id\\\";i:5;}}s:5:\\\"tries\\\";N;s:7:\\\"timeout\\\";N;s:7:\\\"backoff\\\";N;s:13:\\\"maxExceptions\\\";N;s:10:\\\"connection\\\";N;s:5:\\\"queue\\\";N;s:5:\\\"delay\\\";N;s:11:\\\"afterCommit\\\";N;s:10:\\\"middleware\\\";a:0:{}s:7:\\\"chained\\\";a:0:{}s:15:\\\"chainConnection\\\";N;s:10:\\\"chainQueue\\\";N;s:19:\\\"chainCatchCallbacks\\\";N;}\"}}', 0, NULL, 1742772746, 1742772746),
(16, 'default', '{\"uuid\":\"3dec9476-667c-48c3-9cfe-c5684fd3c4e1\",\"displayName\":\"Illuminate\\\\Notifications\\\\Events\\\\BroadcastNotificationCreated\",\"job\":\"Illuminate\\\\Queue\\\\CallQueuedHandler@call\",\"maxTries\":null,\"maxExceptions\":null,\"failOnTimeout\":false,\"backoff\":null,\"timeout\":null,\"retryUntil\":null,\"data\":{\"commandName\":\"Illuminate\\\\Broadcasting\\\\BroadcastEvent\",\"command\":\"O:38:\\\"Illuminate\\\\Broadcasting\\\\BroadcastEvent\\\":14:{s:5:\\\"event\\\";O:60:\\\"Illuminate\\\\Notifications\\\\Events\\\\BroadcastNotificationCreated\\\":3:{s:10:\\\"notifiable\\\";O:45:\\\"Illuminate\\\\Contracts\\\\Database\\\\ModelIdentifier\\\":5:{s:5:\\\"class\\\";s:15:\\\"App\\\\Models\\\\User\\\";s:2:\\\"id\\\";i:1;s:9:\\\"relations\\\";a:0:{}s:10:\\\"connection\\\";s:5:\\\"mysql\\\";s:15:\\\"collectionClass\\\";N;}s:12:\\\"notification\\\";O:39:\\\"App\\\\Notifications\\\\PostLikedNotification\\\":2:{s:4:\\\"post\\\";O:45:\\\"Illuminate\\\\Contracts\\\\Database\\\\ModelIdentifier\\\":5:{s:5:\\\"class\\\";s:15:\\\"App\\\\Models\\\\Reel\\\";s:2:\\\"id\\\";i:3;s:9:\\\"relations\\\";a:1:{i:0;s:4:\\\"user\\\";}s:10:\\\"connection\\\";s:5:\\\"mysql\\\";s:15:\\\"collectionClass\\\";N;}s:2:\\\"id\\\";s:36:\\\"792c3fe5-ad28-4af5-84ff-cfeaf4095546\\\";}s:4:\\\"data\\\";a:3:{s:7:\\\"message\\\";s:32:\\\"Christen Ferrell Liked Your Post\\\";s:8:\\\"user_img\\\";N;s:7:\\\"post_id\\\";i:3;}}s:5:\\\"tries\\\";N;s:7:\\\"timeout\\\";N;s:7:\\\"backoff\\\";N;s:13:\\\"maxExceptions\\\";N;s:10:\\\"connection\\\";N;s:5:\\\"queue\\\";N;s:5:\\\"delay\\\";N;s:11:\\\"afterCommit\\\";N;s:10:\\\"middleware\\\";a:0:{}s:7:\\\"chained\\\";a:0:{}s:15:\\\"chainConnection\\\";N;s:10:\\\"chainQueue\\\";N;s:19:\\\"chainCatchCallbacks\\\";N;}\"}}', 0, NULL, 1742772749, 1742772749),
(17, 'default', '{\"uuid\":\"026a5262-3785-403b-a61f-0cd034f327fe\",\"displayName\":\"Illuminate\\\\Notifications\\\\Events\\\\BroadcastNotificationCreated\",\"job\":\"Illuminate\\\\Queue\\\\CallQueuedHandler@call\",\"maxTries\":null,\"maxExceptions\":null,\"failOnTimeout\":false,\"backoff\":null,\"timeout\":null,\"retryUntil\":null,\"data\":{\"commandName\":\"Illuminate\\\\Broadcasting\\\\BroadcastEvent\",\"command\":\"O:38:\\\"Illuminate\\\\Broadcasting\\\\BroadcastEvent\\\":14:{s:5:\\\"event\\\";O:60:\\\"Illuminate\\\\Notifications\\\\Events\\\\BroadcastNotificationCreated\\\":3:{s:10:\\\"notifiable\\\";O:45:\\\"Illuminate\\\\Contracts\\\\Database\\\\ModelIdentifier\\\":5:{s:5:\\\"class\\\";s:15:\\\"App\\\\Models\\\\User\\\";s:2:\\\"id\\\";i:3;s:9:\\\"relations\\\";a:0:{}s:10:\\\"connection\\\";s:5:\\\"mysql\\\";s:15:\\\"collectionClass\\\";N;}s:12:\\\"notification\\\";O:39:\\\"App\\\\Notifications\\\\PostLikedNotification\\\":2:{s:4:\\\"post\\\";O:45:\\\"Illuminate\\\\Contracts\\\\Database\\\\ModelIdentifier\\\":5:{s:5:\\\"class\\\";s:15:\\\"App\\\\Models\\\\Reel\\\";s:2:\\\"id\\\";i:6;s:9:\\\"relations\\\";a:1:{i:0;s:4:\\\"user\\\";}s:10:\\\"connection\\\";s:5:\\\"mysql\\\";s:15:\\\"collectionClass\\\";N;}s:2:\\\"id\\\";s:36:\\\"dc91fd4e-18f7-47b5-9912-15f7130a9a93\\\";}s:4:\\\"data\\\";a:3:{s:7:\\\"message\\\";s:32:\\\"Christen Ferrell Liked Your Post\\\";s:8:\\\"user_img\\\";s:31:\\\"profile_images\\/1742677912_2.jpg\\\";s:7:\\\"post_id\\\";i:6;}}s:5:\\\"tries\\\";N;s:7:\\\"timeout\\\";N;s:7:\\\"backoff\\\";N;s:13:\\\"maxExceptions\\\";N;s:10:\\\"connection\\\";N;s:5:\\\"queue\\\";N;s:5:\\\"delay\\\";N;s:11:\\\"afterCommit\\\";N;s:10:\\\"middleware\\\";a:0:{}s:7:\\\"chained\\\";a:0:{}s:15:\\\"chainConnection\\\";N;s:10:\\\"chainQueue\\\";N;s:19:\\\"chainCatchCallbacks\\\";N;}\"}}', 0, NULL, 1742773042, 1742773042),
(18, 'default', '{\"uuid\":\"448c6a78-f648-4808-a469-1aa540127b27\",\"displayName\":\"Illuminate\\\\Notifications\\\\Events\\\\BroadcastNotificationCreated\",\"job\":\"Illuminate\\\\Queue\\\\CallQueuedHandler@call\",\"maxTries\":null,\"maxExceptions\":null,\"failOnTimeout\":false,\"backoff\":null,\"timeout\":null,\"retryUntil\":null,\"data\":{\"commandName\":\"Illuminate\\\\Broadcasting\\\\BroadcastEvent\",\"command\":\"O:38:\\\"Illuminate\\\\Broadcasting\\\\BroadcastEvent\\\":14:{s:5:\\\"event\\\";O:60:\\\"Illuminate\\\\Notifications\\\\Events\\\\BroadcastNotificationCreated\\\":3:{s:10:\\\"notifiable\\\";O:45:\\\"Illuminate\\\\Contracts\\\\Database\\\\ModelIdentifier\\\":5:{s:5:\\\"class\\\";s:15:\\\"App\\\\Models\\\\User\\\";s:2:\\\"id\\\";i:3;s:9:\\\"relations\\\";a:0:{}s:10:\\\"connection\\\";s:5:\\\"mysql\\\";s:15:\\\"collectionClass\\\";N;}s:12:\\\"notification\\\";O:39:\\\"App\\\\Notifications\\\\PostLikedNotification\\\":2:{s:4:\\\"post\\\";O:45:\\\"Illuminate\\\\Contracts\\\\Database\\\\ModelIdentifier\\\":5:{s:5:\\\"class\\\";s:15:\\\"App\\\\Models\\\\Reel\\\";s:2:\\\"id\\\";i:7;s:9:\\\"relations\\\";a:1:{i:0;s:4:\\\"user\\\";}s:10:\\\"connection\\\";s:5:\\\"mysql\\\";s:15:\\\"collectionClass\\\";N;}s:2:\\\"id\\\";s:36:\\\"2d66eb59-a464-4573-a167-e28ed0a9a2cf\\\";}s:4:\\\"data\\\";a:3:{s:7:\\\"message\\\";s:32:\\\"Christen Ferrell Liked Your Post\\\";s:8:\\\"user_img\\\";s:31:\\\"profile_images\\/1742677912_2.jpg\\\";s:7:\\\"post_id\\\";i:7;}}s:5:\\\"tries\\\";N;s:7:\\\"timeout\\\";N;s:7:\\\"backoff\\\";N;s:13:\\\"maxExceptions\\\";N;s:10:\\\"connection\\\";N;s:5:\\\"queue\\\";N;s:5:\\\"delay\\\";N;s:11:\\\"afterCommit\\\";N;s:10:\\\"middleware\\\";a:0:{}s:7:\\\"chained\\\";a:0:{}s:15:\\\"chainConnection\\\";N;s:10:\\\"chainQueue\\\";N;s:19:\\\"chainCatchCallbacks\\\";N;}\"}}', 0, NULL, 1742773046, 1742773046),
(19, 'default', '{\"uuid\":\"a58a97d9-535f-4d68-a850-25467c4a01d5\",\"displayName\":\"Illuminate\\\\Notifications\\\\Events\\\\BroadcastNotificationCreated\",\"job\":\"Illuminate\\\\Queue\\\\CallQueuedHandler@call\",\"maxTries\":null,\"maxExceptions\":null,\"failOnTimeout\":false,\"backoff\":null,\"timeout\":null,\"retryUntil\":null,\"data\":{\"commandName\":\"Illuminate\\\\Broadcasting\\\\BroadcastEvent\",\"command\":\"O:38:\\\"Illuminate\\\\Broadcasting\\\\BroadcastEvent\\\":14:{s:5:\\\"event\\\";O:60:\\\"Illuminate\\\\Notifications\\\\Events\\\\BroadcastNotificationCreated\\\":3:{s:10:\\\"notifiable\\\";O:45:\\\"Illuminate\\\\Contracts\\\\Database\\\\ModelIdentifier\\\":5:{s:5:\\\"class\\\";s:15:\\\"App\\\\Models\\\\User\\\";s:2:\\\"id\\\";i:3;s:9:\\\"relations\\\";a:0:{}s:10:\\\"connection\\\";s:5:\\\"mysql\\\";s:15:\\\"collectionClass\\\";N;}s:12:\\\"notification\\\";O:39:\\\"App\\\\Notifications\\\\PostLikedNotification\\\":2:{s:4:\\\"post\\\";O:45:\\\"Illuminate\\\\Contracts\\\\Database\\\\ModelIdentifier\\\":5:{s:5:\\\"class\\\";s:15:\\\"App\\\\Models\\\\Reel\\\";s:2:\\\"id\\\";i:8;s:9:\\\"relations\\\";a:1:{i:0;s:4:\\\"user\\\";}s:10:\\\"connection\\\";s:5:\\\"mysql\\\";s:15:\\\"collectionClass\\\";N;}s:2:\\\"id\\\";s:36:\\\"acb06992-b7a8-4378-a357-fd7a7df3f385\\\";}s:4:\\\"data\\\";a:3:{s:7:\\\"message\\\";s:32:\\\"Christen Ferrell Liked Your Post\\\";s:8:\\\"user_img\\\";s:31:\\\"profile_images\\/1742677912_2.jpg\\\";s:7:\\\"post_id\\\";i:8;}}s:5:\\\"tries\\\";N;s:7:\\\"timeout\\\";N;s:7:\\\"backoff\\\";N;s:13:\\\"maxExceptions\\\";N;s:10:\\\"connection\\\";N;s:5:\\\"queue\\\";N;s:5:\\\"delay\\\";N;s:11:\\\"afterCommit\\\";N;s:10:\\\"middleware\\\";a:0:{}s:7:\\\"chained\\\";a:0:{}s:15:\\\"chainConnection\\\";N;s:10:\\\"chainQueue\\\";N;s:19:\\\"chainCatchCallbacks\\\";N;}\"}}', 0, NULL, 1742773047, 1742773047),
(20, 'default', '{\"uuid\":\"1f454378-3278-49dd-b71c-13c182696c01\",\"displayName\":\"Illuminate\\\\Notifications\\\\Events\\\\BroadcastNotificationCreated\",\"job\":\"Illuminate\\\\Queue\\\\CallQueuedHandler@call\",\"maxTries\":null,\"maxExceptions\":null,\"failOnTimeout\":false,\"backoff\":null,\"timeout\":null,\"retryUntil\":null,\"data\":{\"commandName\":\"Illuminate\\\\Broadcasting\\\\BroadcastEvent\",\"command\":\"O:38:\\\"Illuminate\\\\Broadcasting\\\\BroadcastEvent\\\":14:{s:5:\\\"event\\\";O:60:\\\"Illuminate\\\\Notifications\\\\Events\\\\BroadcastNotificationCreated\\\":3:{s:10:\\\"notifiable\\\";O:45:\\\"Illuminate\\\\Contracts\\\\Database\\\\ModelIdentifier\\\":5:{s:5:\\\"class\\\";s:15:\\\"App\\\\Models\\\\User\\\";s:2:\\\"id\\\";i:3;s:9:\\\"relations\\\";a:0:{}s:10:\\\"connection\\\";s:5:\\\"mysql\\\";s:15:\\\"collectionClass\\\";N;}s:12:\\\"notification\\\";O:39:\\\"App\\\\Notifications\\\\PostLikedNotification\\\":2:{s:4:\\\"post\\\";O:45:\\\"Illuminate\\\\Contracts\\\\Database\\\\ModelIdentifier\\\":5:{s:5:\\\"class\\\";s:15:\\\"App\\\\Models\\\\Reel\\\";s:2:\\\"id\\\";i:6;s:9:\\\"relations\\\";a:1:{i:0;s:4:\\\"user\\\";}s:10:\\\"connection\\\";s:5:\\\"mysql\\\";s:15:\\\"collectionClass\\\";N;}s:2:\\\"id\\\";s:36:\\\"f50f94f5-acaf-4671-8209-6162a2a35c29\\\";}s:4:\\\"data\\\";a:3:{s:7:\\\"message\\\";s:32:\\\"Christen Ferrell Liked Your Post\\\";s:8:\\\"user_img\\\";s:31:\\\"profile_images\\/1742677912_2.jpg\\\";s:7:\\\"post_id\\\";i:6;}}s:5:\\\"tries\\\";N;s:7:\\\"timeout\\\";N;s:7:\\\"backoff\\\";N;s:13:\\\"maxExceptions\\\";N;s:10:\\\"connection\\\";N;s:5:\\\"queue\\\";N;s:5:\\\"delay\\\";N;s:11:\\\"afterCommit\\\";N;s:10:\\\"middleware\\\";a:0:{}s:7:\\\"chained\\\";a:0:{}s:15:\\\"chainConnection\\\";N;s:10:\\\"chainQueue\\\";N;s:19:\\\"chainCatchCallbacks\\\";N;}\"}}', 0, NULL, 1742773057, 1742773057),
(21, 'default', '{\"uuid\":\"5f3a6571-47aa-4d33-b91e-caa8fce3ea3c\",\"displayName\":\"Illuminate\\\\Notifications\\\\Events\\\\BroadcastNotificationCreated\",\"job\":\"Illuminate\\\\Queue\\\\CallQueuedHandler@call\",\"maxTries\":null,\"maxExceptions\":null,\"failOnTimeout\":false,\"backoff\":null,\"timeout\":null,\"retryUntil\":null,\"data\":{\"commandName\":\"Illuminate\\\\Broadcasting\\\\BroadcastEvent\",\"command\":\"O:38:\\\"Illuminate\\\\Broadcasting\\\\BroadcastEvent\\\":14:{s:5:\\\"event\\\";O:60:\\\"Illuminate\\\\Notifications\\\\Events\\\\BroadcastNotificationCreated\\\":3:{s:10:\\\"notifiable\\\";O:45:\\\"Illuminate\\\\Contracts\\\\Database\\\\ModelIdentifier\\\":5:{s:5:\\\"class\\\";s:15:\\\"App\\\\Models\\\\User\\\";s:2:\\\"id\\\";i:1;s:9:\\\"relations\\\";a:0:{}s:10:\\\"connection\\\";s:5:\\\"mysql\\\";s:15:\\\"collectionClass\\\";N;}s:12:\\\"notification\\\";O:39:\\\"App\\\\Notifications\\\\PostLikedNotification\\\":2:{s:4:\\\"post\\\";O:45:\\\"Illuminate\\\\Contracts\\\\Database\\\\ModelIdentifier\\\":5:{s:5:\\\"class\\\";s:15:\\\"App\\\\Models\\\\Reel\\\";s:2:\\\"id\\\";i:3;s:9:\\\"relations\\\";a:1:{i:0;s:4:\\\"user\\\";}s:10:\\\"connection\\\";s:5:\\\"mysql\\\";s:15:\\\"collectionClass\\\";N;}s:2:\\\"id\\\";s:36:\\\"d1de9861-0bae-48e0-a41e-bfa5708842ee\\\";}s:4:\\\"data\\\";a:3:{s:7:\\\"message\\\";s:30:\\\"Michael Jordan Liked Your Post\\\";s:8:\\\"user_img\\\";s:31:\\\"profile_images\\/1742522834_1.jpg\\\";s:7:\\\"post_id\\\";i:3;}}s:5:\\\"tries\\\";N;s:7:\\\"timeout\\\";N;s:7:\\\"backoff\\\";N;s:13:\\\"maxExceptions\\\";N;s:10:\\\"connection\\\";N;s:5:\\\"queue\\\";N;s:5:\\\"delay\\\";N;s:11:\\\"afterCommit\\\";N;s:10:\\\"middleware\\\";a:0:{}s:7:\\\"chained\\\";a:0:{}s:15:\\\"chainConnection\\\";N;s:10:\\\"chainQueue\\\";N;s:19:\\\"chainCatchCallbacks\\\";N;}\"}}', 0, NULL, 1742773070, 1742773070),
(22, 'default', '{\"uuid\":\"a2d5c98e-10f7-46b1-bc0e-8b302428f534\",\"displayName\":\"Illuminate\\\\Notifications\\\\Events\\\\BroadcastNotificationCreated\",\"job\":\"Illuminate\\\\Queue\\\\CallQueuedHandler@call\",\"maxTries\":null,\"maxExceptions\":null,\"failOnTimeout\":false,\"backoff\":null,\"timeout\":null,\"retryUntil\":null,\"data\":{\"commandName\":\"Illuminate\\\\Broadcasting\\\\BroadcastEvent\",\"command\":\"O:38:\\\"Illuminate\\\\Broadcasting\\\\BroadcastEvent\\\":14:{s:5:\\\"event\\\";O:60:\\\"Illuminate\\\\Notifications\\\\Events\\\\BroadcastNotificationCreated\\\":3:{s:10:\\\"notifiable\\\";O:45:\\\"Illuminate\\\\Contracts\\\\Database\\\\ModelIdentifier\\\":5:{s:5:\\\"class\\\";s:15:\\\"App\\\\Models\\\\User\\\";s:2:\\\"id\\\";i:1;s:9:\\\"relations\\\";a:0:{}s:10:\\\"connection\\\";s:5:\\\"mysql\\\";s:15:\\\"collectionClass\\\";N;}s:12:\\\"notification\\\";O:39:\\\"App\\\\Notifications\\\\PostLikedNotification\\\":2:{s:4:\\\"post\\\";O:45:\\\"Illuminate\\\\Contracts\\\\Database\\\\ModelIdentifier\\\":5:{s:5:\\\"class\\\";s:15:\\\"App\\\\Models\\\\Reel\\\";s:2:\\\"id\\\";i:5;s:9:\\\"relations\\\";a:1:{i:0;s:4:\\\"user\\\";}s:10:\\\"connection\\\";s:5:\\\"mysql\\\";s:15:\\\"collectionClass\\\";N;}s:2:\\\"id\\\";s:36:\\\"36c79d00-dd42-4740-b312-c10f7060d2c5\\\";}s:4:\\\"data\\\";a:3:{s:7:\\\"message\\\";s:30:\\\"Michael Jordan Liked Your Post\\\";s:8:\\\"user_img\\\";s:31:\\\"profile_images\\/1742522834_1.jpg\\\";s:7:\\\"post_id\\\";i:5;}}s:5:\\\"tries\\\";N;s:7:\\\"timeout\\\";N;s:7:\\\"backoff\\\";N;s:13:\\\"maxExceptions\\\";N;s:10:\\\"connection\\\";N;s:5:\\\"queue\\\";N;s:5:\\\"delay\\\";N;s:11:\\\"afterCommit\\\";N;s:10:\\\"middleware\\\";a:0:{}s:7:\\\"chained\\\";a:0:{}s:15:\\\"chainConnection\\\";N;s:10:\\\"chainQueue\\\";N;s:19:\\\"chainCatchCallbacks\\\";N;}\"}}', 0, NULL, 1742773073, 1742773073),
(23, 'default', '{\"uuid\":\"6c80b0cb-a28b-49a4-8576-4760d8e346c5\",\"displayName\":\"Illuminate\\\\Notifications\\\\Events\\\\BroadcastNotificationCreated\",\"job\":\"Illuminate\\\\Queue\\\\CallQueuedHandler@call\",\"maxTries\":null,\"maxExceptions\":null,\"failOnTimeout\":false,\"backoff\":null,\"timeout\":null,\"retryUntil\":null,\"data\":{\"commandName\":\"Illuminate\\\\Broadcasting\\\\BroadcastEvent\",\"command\":\"O:38:\\\"Illuminate\\\\Broadcasting\\\\BroadcastEvent\\\":14:{s:5:\\\"event\\\";O:60:\\\"Illuminate\\\\Notifications\\\\Events\\\\BroadcastNotificationCreated\\\":3:{s:10:\\\"notifiable\\\";O:45:\\\"Illuminate\\\\Contracts\\\\Database\\\\ModelIdentifier\\\":5:{s:5:\\\"class\\\";s:15:\\\"App\\\\Models\\\\User\\\";s:2:\\\"id\\\";i:1;s:9:\\\"relations\\\";a:0:{}s:10:\\\"connection\\\";s:5:\\\"mysql\\\";s:15:\\\"collectionClass\\\";N;}s:12:\\\"notification\\\";O:43:\\\"App\\\\Notifications\\\\PostCommentedNotification\\\":3:{s:7:\\\"comment\\\";O:45:\\\"Illuminate\\\\Contracts\\\\Database\\\\ModelIdentifier\\\":5:{s:5:\\\"class\\\";s:18:\\\"App\\\\Models\\\\Comment\\\";s:2:\\\"id\\\";i:5;s:9:\\\"relations\\\";a:1:{i:0;s:4:\\\"user\\\";}s:10:\\\"connection\\\";s:5:\\\"mysql\\\";s:15:\\\"collectionClass\\\";N;}s:4:\\\"post\\\";O:45:\\\"Illuminate\\\\Contracts\\\\Database\\\\ModelIdentifier\\\":5:{s:5:\\\"class\\\";s:15:\\\"App\\\\Models\\\\Reel\\\";s:2:\\\"id\\\";i:5;s:9:\\\"relations\\\";a:1:{i:0;s:4:\\\"user\\\";}s:10:\\\"connection\\\";s:5:\\\"mysql\\\";s:15:\\\"collectionClass\\\";N;}s:2:\\\"id\\\";s:36:\\\"6daa2b93-5604-4387-9130-e38480fe6513\\\";}s:4:\\\"data\\\";a:4:{s:7:\\\"message\\\";s:37:\\\"Michael Jordan commented on your post\\\";s:8:\\\"user_img\\\";s:31:\\\"profile_images\\/1742522834_1.jpg\\\";s:7:\\\"comment\\\";s:19:\\\"where it this place\\\";s:7:\\\"post_id\\\";i:5;}}s:5:\\\"tries\\\";N;s:7:\\\"timeout\\\";N;s:7:\\\"backoff\\\";N;s:13:\\\"maxExceptions\\\";N;s:10:\\\"connection\\\";N;s:5:\\\"queue\\\";N;s:5:\\\"delay\\\";N;s:11:\\\"afterCommit\\\";N;s:10:\\\"middleware\\\";a:0:{}s:7:\\\"chained\\\";a:0:{}s:15:\\\"chainConnection\\\";N;s:10:\\\"chainQueue\\\";N;s:19:\\\"chainCatchCallbacks\\\";N;}\"}}', 0, NULL, 1742875546, 1742875546),
(24, 'default', '{\"uuid\":\"4c5ce4e7-8b36-45c4-83f3-f5a9e7ddb8f6\",\"displayName\":\"Illuminate\\\\Notifications\\\\Events\\\\BroadcastNotificationCreated\",\"job\":\"Illuminate\\\\Queue\\\\CallQueuedHandler@call\",\"maxTries\":null,\"maxExceptions\":null,\"failOnTimeout\":false,\"backoff\":null,\"timeout\":null,\"retryUntil\":null,\"data\":{\"commandName\":\"Illuminate\\\\Broadcasting\\\\BroadcastEvent\",\"command\":\"O:38:\\\"Illuminate\\\\Broadcasting\\\\BroadcastEvent\\\":14:{s:5:\\\"event\\\";O:60:\\\"Illuminate\\\\Notifications\\\\Events\\\\BroadcastNotificationCreated\\\":3:{s:10:\\\"notifiable\\\";O:45:\\\"Illuminate\\\\Contracts\\\\Database\\\\ModelIdentifier\\\":5:{s:5:\\\"class\\\";s:15:\\\"App\\\\Models\\\\User\\\";s:2:\\\"id\\\";i:3;s:9:\\\"relations\\\";a:0:{}s:10:\\\"connection\\\";s:5:\\\"mysql\\\";s:15:\\\"collectionClass\\\";N;}s:12:\\\"notification\\\";O:43:\\\"App\\\\Notifications\\\\PostCommentedNotification\\\":4:{s:5:\\\"reply\\\";O:45:\\\"Illuminate\\\\Contracts\\\\Database\\\\ModelIdentifier\\\":5:{s:5:\\\"class\\\";s:16:\\\"App\\\\Models\\\\Reply\\\";s:2:\\\"id\\\";i:2;s:9:\\\"relations\\\";a:1:{i:0;s:4:\\\"user\\\";}s:10:\\\"connection\\\";s:5:\\\"mysql\\\";s:15:\\\"collectionClass\\\";N;}s:7:\\\"comment\\\";O:45:\\\"Illuminate\\\\Contracts\\\\Database\\\\ModelIdentifier\\\":5:{s:5:\\\"class\\\";s:18:\\\"App\\\\Models\\\\Comment\\\";s:2:\\\"id\\\";i:4;s:9:\\\"relations\\\";a:2:{i:0;s:4:\\\"reel\\\";i:1;s:4:\\\"user\\\";}s:10:\\\"connection\\\";s:5:\\\"mysql\\\";s:15:\\\"collectionClass\\\";N;}s:4:\\\"post\\\";O:45:\\\"Illuminate\\\\Contracts\\\\Database\\\\ModelIdentifier\\\":5:{s:5:\\\"class\\\";s:15:\\\"App\\\\Models\\\\Reel\\\";s:2:\\\"id\\\";i:5;s:9:\\\"relations\\\";a:0:{}s:10:\\\"connection\\\";s:5:\\\"mysql\\\";s:15:\\\"collectionClass\\\";N;}s:2:\\\"id\\\";s:36:\\\"8ccb28b8-5208-44f0-9bed-5f17d7cf2375\\\";}s:4:\\\"data\\\";a:4:{s:7:\\\"message\\\";s:55:\\\"Christen Ferrell replied to your comment on the post \\\"\\\"\\\";s:8:\\\"user_img\\\";s:31:\\\"profile_images\\/1742677912_2.jpg\\\";s:5:\\\"reply\\\";s:24:\\\"thanks,  this is Bangkok\\\";s:7:\\\"post_id\\\";i:5;}}s:5:\\\"tries\\\";N;s:7:\\\"timeout\\\";N;s:7:\\\"backoff\\\";N;s:13:\\\"maxExceptions\\\";N;s:10:\\\"connection\\\";N;s:5:\\\"queue\\\";N;s:5:\\\"delay\\\";N;s:11:\\\"afterCommit\\\";N;s:10:\\\"middleware\\\";a:0:{}s:7:\\\"chained\\\";a:0:{}s:15:\\\"chainConnection\\\";N;s:10:\\\"chainQueue\\\";N;s:19:\\\"chainCatchCallbacks\\\";N;}\"}}', 0, NULL, 1742878257, 1742878257),
(25, 'default', '{\"uuid\":\"4abecb8b-11b0-4908-9e67-d54d29dcf19b\",\"displayName\":\"Illuminate\\\\Notifications\\\\Events\\\\BroadcastNotificationCreated\",\"job\":\"Illuminate\\\\Queue\\\\CallQueuedHandler@call\",\"maxTries\":null,\"maxExceptions\":null,\"failOnTimeout\":false,\"backoff\":null,\"timeout\":null,\"retryUntil\":null,\"data\":{\"commandName\":\"Illuminate\\\\Broadcasting\\\\BroadcastEvent\",\"command\":\"O:38:\\\"Illuminate\\\\Broadcasting\\\\BroadcastEvent\\\":14:{s:5:\\\"event\\\";O:60:\\\"Illuminate\\\\Notifications\\\\Events\\\\BroadcastNotificationCreated\\\":3:{s:10:\\\"notifiable\\\";O:45:\\\"Illuminate\\\\Contracts\\\\Database\\\\ModelIdentifier\\\":5:{s:5:\\\"class\\\";s:15:\\\"App\\\\Models\\\\User\\\";s:2:\\\"id\\\";i:3;s:9:\\\"relations\\\";a:0:{}s:10:\\\"connection\\\";s:5:\\\"mysql\\\";s:15:\\\"collectionClass\\\";N;}s:12:\\\"notification\\\";O:39:\\\"App\\\\Notifications\\\\PostLikedNotification\\\":2:{s:4:\\\"post\\\";O:45:\\\"Illuminate\\\\Contracts\\\\Database\\\\ModelIdentifier\\\":5:{s:5:\\\"class\\\";s:15:\\\"App\\\\Models\\\\Reel\\\";s:2:\\\"id\\\";i:8;s:9:\\\"relations\\\";a:1:{i:0;s:4:\\\"user\\\";}s:10:\\\"connection\\\";s:5:\\\"mysql\\\";s:15:\\\"collectionClass\\\";N;}s:2:\\\"id\\\";s:36:\\\"a9c36d0b-66bd-4a0a-a915-b72590856be1\\\";}s:4:\\\"data\\\";a:3:{s:7:\\\"message\\\";s:47:\\\"Flynn Whitaker Christen Ferrell Liked Your Post\\\";s:8:\\\"user_img\\\";N;s:7:\\\"post_id\\\";i:8;}}s:5:\\\"tries\\\";N;s:7:\\\"timeout\\\";N;s:7:\\\"backoff\\\";N;s:13:\\\"maxExceptions\\\";N;s:10:\\\"connection\\\";N;s:5:\\\"queue\\\";N;s:5:\\\"delay\\\";N;s:11:\\\"afterCommit\\\";N;s:10:\\\"middleware\\\";a:0:{}s:7:\\\"chained\\\";a:0:{}s:15:\\\"chainConnection\\\";N;s:10:\\\"chainQueue\\\";N;s:19:\\\"chainCatchCallbacks\\\";N;}\"}}', 0, NULL, 1743732184, 1743732184),
(26, 'default', '{\"uuid\":\"e83b1b47-64da-41f6-81e1-1391d7a65c03\",\"displayName\":\"Illuminate\\\\Notifications\\\\Events\\\\BroadcastNotificationCreated\",\"job\":\"Illuminate\\\\Queue\\\\CallQueuedHandler@call\",\"maxTries\":null,\"maxExceptions\":null,\"failOnTimeout\":false,\"backoff\":null,\"timeout\":null,\"retryUntil\":null,\"data\":{\"commandName\":\"Illuminate\\\\Broadcasting\\\\BroadcastEvent\",\"command\":\"O:38:\\\"Illuminate\\\\Broadcasting\\\\BroadcastEvent\\\":14:{s:5:\\\"event\\\";O:60:\\\"Illuminate\\\\Notifications\\\\Events\\\\BroadcastNotificationCreated\\\":3:{s:10:\\\"notifiable\\\";O:45:\\\"Illuminate\\\\Contracts\\\\Database\\\\ModelIdentifier\\\":5:{s:5:\\\"class\\\";s:15:\\\"App\\\\Models\\\\User\\\";s:2:\\\"id\\\";i:3;s:9:\\\"relations\\\";a:0:{}s:10:\\\"connection\\\";s:5:\\\"mysql\\\";s:15:\\\"collectionClass\\\";N;}s:12:\\\"notification\\\";O:39:\\\"App\\\\Notifications\\\\PostLikedNotification\\\":2:{s:4:\\\"post\\\";O:45:\\\"Illuminate\\\\Contracts\\\\Database\\\\ModelIdentifier\\\":5:{s:5:\\\"class\\\";s:15:\\\"App\\\\Models\\\\Reel\\\";s:2:\\\"id\\\";i:7;s:9:\\\"relations\\\";a:1:{i:0;s:4:\\\"user\\\";}s:10:\\\"connection\\\";s:5:\\\"mysql\\\";s:15:\\\"collectionClass\\\";N;}s:2:\\\"id\\\";s:36:\\\"97b7aa94-b40d-452c-8fd0-cfe5bcd90951\\\";}s:4:\\\"data\\\";a:3:{s:7:\\\"message\\\";s:30:\\\"Flynn Whitaker Liked Your Post\\\";s:8:\\\"user_img\\\";N;s:7:\\\"post_id\\\";i:7;}}s:5:\\\"tries\\\";N;s:7:\\\"timeout\\\";N;s:7:\\\"backoff\\\";N;s:13:\\\"maxExceptions\\\";N;s:10:\\\"connection\\\";N;s:5:\\\"queue\\\";N;s:5:\\\"delay\\\";N;s:11:\\\"afterCommit\\\";N;s:10:\\\"middleware\\\";a:0:{}s:7:\\\"chained\\\";a:0:{}s:15:\\\"chainConnection\\\";N;s:10:\\\"chainQueue\\\";N;s:19:\\\"chainCatchCallbacks\\\";N;}\"}}', 0, NULL, 1743734472, 1743734472);
INSERT INTO `jobs` (`id`, `queue`, `payload`, `attempts`, `reserved_at`, `available_at`, `created_at`) VALUES
(27, 'default', '{\"uuid\":\"d4ee0b75-78d4-4cd0-9d58-ae864461a219\",\"displayName\":\"Illuminate\\\\Notifications\\\\Events\\\\BroadcastNotificationCreated\",\"job\":\"Illuminate\\\\Queue\\\\CallQueuedHandler@call\",\"maxTries\":null,\"maxExceptions\":null,\"failOnTimeout\":false,\"backoff\":null,\"timeout\":null,\"retryUntil\":null,\"data\":{\"commandName\":\"Illuminate\\\\Broadcasting\\\\BroadcastEvent\",\"command\":\"O:38:\\\"Illuminate\\\\Broadcasting\\\\BroadcastEvent\\\":14:{s:5:\\\"event\\\";O:60:\\\"Illuminate\\\\Notifications\\\\Events\\\\BroadcastNotificationCreated\\\":3:{s:10:\\\"notifiable\\\";O:45:\\\"Illuminate\\\\Contracts\\\\Database\\\\ModelIdentifier\\\":5:{s:5:\\\"class\\\";s:15:\\\"App\\\\Models\\\\User\\\";s:2:\\\"id\\\";i:3;s:9:\\\"relations\\\";a:0:{}s:10:\\\"connection\\\";s:5:\\\"mysql\\\";s:15:\\\"collectionClass\\\";N;}s:12:\\\"notification\\\";O:39:\\\"App\\\\Notifications\\\\PostLikedNotification\\\":2:{s:4:\\\"post\\\";O:45:\\\"Illuminate\\\\Contracts\\\\Database\\\\ModelIdentifier\\\":5:{s:5:\\\"class\\\";s:15:\\\"App\\\\Models\\\\Reel\\\";s:2:\\\"id\\\";i:6;s:9:\\\"relations\\\";a:1:{i:0;s:4:\\\"user\\\";}s:10:\\\"connection\\\";s:5:\\\"mysql\\\";s:15:\\\"collectionClass\\\";N;}s:2:\\\"id\\\";s:36:\\\"887fd272-22fa-4e7e-a454-28369aae5779\\\";}s:4:\\\"data\\\";a:3:{s:7:\\\"message\\\";s:30:\\\"Flynn Whitaker Liked Your Post\\\";s:8:\\\"user_img\\\";N;s:7:\\\"post_id\\\";i:6;}}s:5:\\\"tries\\\";N;s:7:\\\"timeout\\\";N;s:7:\\\"backoff\\\";N;s:13:\\\"maxExceptions\\\";N;s:10:\\\"connection\\\";N;s:5:\\\"queue\\\";N;s:5:\\\"delay\\\";N;s:11:\\\"afterCommit\\\";N;s:10:\\\"middleware\\\";a:0:{}s:7:\\\"chained\\\";a:0:{}s:15:\\\"chainConnection\\\";N;s:10:\\\"chainQueue\\\";N;s:19:\\\"chainCatchCallbacks\\\";N;}\"}}', 0, NULL, 1743734474, 1743734474),
(28, 'default', '{\"uuid\":\"cdff0a53-aa46-4d33-8add-429f44ca2134\",\"displayName\":\"Illuminate\\\\Notifications\\\\Events\\\\BroadcastNotificationCreated\",\"job\":\"Illuminate\\\\Queue\\\\CallQueuedHandler@call\",\"maxTries\":null,\"maxExceptions\":null,\"failOnTimeout\":false,\"backoff\":null,\"timeout\":null,\"retryUntil\":null,\"data\":{\"commandName\":\"Illuminate\\\\Broadcasting\\\\BroadcastEvent\",\"command\":\"O:38:\\\"Illuminate\\\\Broadcasting\\\\BroadcastEvent\\\":14:{s:5:\\\"event\\\";O:60:\\\"Illuminate\\\\Notifications\\\\Events\\\\BroadcastNotificationCreated\\\":3:{s:10:\\\"notifiable\\\";O:45:\\\"Illuminate\\\\Contracts\\\\Database\\\\ModelIdentifier\\\":5:{s:5:\\\"class\\\";s:15:\\\"App\\\\Models\\\\User\\\";s:2:\\\"id\\\";i:3;s:9:\\\"relations\\\";a:0:{}s:10:\\\"connection\\\";s:5:\\\"mysql\\\";s:15:\\\"collectionClass\\\";N;}s:12:\\\"notification\\\";O:30:\\\"App\\\\Notifications\\\\UserFollowed\\\":3:{s:8:\\\"follower\\\";O:45:\\\"Illuminate\\\\Contracts\\\\Database\\\\ModelIdentifier\\\":5:{s:5:\\\"class\\\";s:15:\\\"App\\\\Models\\\\User\\\";s:2:\\\"id\\\";i:1;s:9:\\\"relations\\\";a:0:{}s:10:\\\"connection\\\";s:5:\\\"mysql\\\";s:15:\\\"collectionClass\\\";N;}s:12:\\\"followedUser\\\";O:45:\\\"Illuminate\\\\Contracts\\\\Database\\\\ModelIdentifier\\\":5:{s:5:\\\"class\\\";s:15:\\\"App\\\\Models\\\\User\\\";s:2:\\\"id\\\";i:3;s:9:\\\"relations\\\";a:0:{}s:10:\\\"connection\\\";s:5:\\\"mysql\\\";s:15:\\\"collectionClass\\\";N;}s:2:\\\"id\\\";s:36:\\\"5ea0541d-68ca-4a70-856d-cc7239a9922a\\\";}s:4:\\\"data\\\";a:3:{s:7:\\\"message\\\";s:39:\\\"Christen Ferrell started following you.\\\";s:11:\\\"follower_id\\\";i:1;s:8:\\\"user_img\\\";s:41:\\\"profile_images\\/1743734211_images (1).jpeg\\\";}}s:5:\\\"tries\\\";N;s:7:\\\"timeout\\\";N;s:7:\\\"backoff\\\";N;s:13:\\\"maxExceptions\\\";N;s:10:\\\"connection\\\";N;s:5:\\\"queue\\\";N;s:5:\\\"delay\\\";N;s:11:\\\"afterCommit\\\";N;s:10:\\\"middleware\\\";a:0:{}s:7:\\\"chained\\\";a:0:{}s:15:\\\"chainConnection\\\";N;s:10:\\\"chainQueue\\\";N;s:19:\\\"chainCatchCallbacks\\\";N;}\"}}', 0, NULL, 1743734971, 1743734971),
(29, 'default', '{\"uuid\":\"43d73f44-f5c2-4b1b-bf5b-61b3fa02f3a1\",\"displayName\":\"Illuminate\\\\Notifications\\\\Events\\\\BroadcastNotificationCreated\",\"job\":\"Illuminate\\\\Queue\\\\CallQueuedHandler@call\",\"maxTries\":null,\"maxExceptions\":null,\"failOnTimeout\":false,\"backoff\":null,\"timeout\":null,\"retryUntil\":null,\"data\":{\"commandName\":\"Illuminate\\\\Broadcasting\\\\BroadcastEvent\",\"command\":\"O:38:\\\"Illuminate\\\\Broadcasting\\\\BroadcastEvent\\\":14:{s:5:\\\"event\\\";O:60:\\\"Illuminate\\\\Notifications\\\\Events\\\\BroadcastNotificationCreated\\\":3:{s:10:\\\"notifiable\\\";O:45:\\\"Illuminate\\\\Contracts\\\\Database\\\\ModelIdentifier\\\":5:{s:5:\\\"class\\\";s:15:\\\"App\\\\Models\\\\User\\\";s:2:\\\"id\\\";i:3;s:9:\\\"relations\\\";a:0:{}s:10:\\\"connection\\\";s:5:\\\"mysql\\\";s:15:\\\"collectionClass\\\";N;}s:12:\\\"notification\\\";O:39:\\\"App\\\\Notifications\\\\PostLikedNotification\\\":2:{s:4:\\\"post\\\";O:45:\\\"Illuminate\\\\Contracts\\\\Database\\\\ModelIdentifier\\\":5:{s:5:\\\"class\\\";s:15:\\\"App\\\\Models\\\\Reel\\\";s:2:\\\"id\\\";i:7;s:9:\\\"relations\\\";a:1:{i:0;s:4:\\\"user\\\";}s:10:\\\"connection\\\";s:5:\\\"mysql\\\";s:15:\\\"collectionClass\\\";N;}s:2:\\\"id\\\";s:36:\\\"a83a3c13-4493-4e65-b2ca-5c03fdad0896\\\";}s:4:\\\"data\\\";a:3:{s:7:\\\"message\\\";s:34:\\\"Michael Vonderheid Liked Your Post\\\";s:8:\\\"user_img\\\";s:59:\\\"profile_images\\/zVyzchtKxSGgA6ghSeKjkGzZzR7rYfjPg8QTIukw.jpg\\\";s:7:\\\"post_id\\\";i:7;}}s:5:\\\"tries\\\";N;s:7:\\\"timeout\\\";N;s:7:\\\"backoff\\\";N;s:13:\\\"maxExceptions\\\";N;s:10:\\\"connection\\\";N;s:5:\\\"queue\\\";N;s:5:\\\"delay\\\";N;s:11:\\\"afterCommit\\\";N;s:10:\\\"middleware\\\";a:0:{}s:7:\\\"chained\\\";a:0:{}s:15:\\\"chainConnection\\\";N;s:10:\\\"chainQueue\\\";N;s:19:\\\"chainCatchCallbacks\\\";N;}\"}}', 0, NULL, 1744064840, 1744064840),
(30, 'default', '{\"uuid\":\"be94357a-6e66-4720-8145-cf87b431c8d4\",\"displayName\":\"Illuminate\\\\Notifications\\\\Events\\\\BroadcastNotificationCreated\",\"job\":\"Illuminate\\\\Queue\\\\CallQueuedHandler@call\",\"maxTries\":null,\"maxExceptions\":null,\"failOnTimeout\":false,\"backoff\":null,\"timeout\":null,\"retryUntil\":null,\"data\":{\"commandName\":\"Illuminate\\\\Broadcasting\\\\BroadcastEvent\",\"command\":\"O:38:\\\"Illuminate\\\\Broadcasting\\\\BroadcastEvent\\\":14:{s:5:\\\"event\\\";O:60:\\\"Illuminate\\\\Notifications\\\\Events\\\\BroadcastNotificationCreated\\\":3:{s:10:\\\"notifiable\\\";O:45:\\\"Illuminate\\\\Contracts\\\\Database\\\\ModelIdentifier\\\":5:{s:5:\\\"class\\\";s:15:\\\"App\\\\Models\\\\User\\\";s:2:\\\"id\\\";i:3;s:9:\\\"relations\\\";a:0:{}s:10:\\\"connection\\\";s:5:\\\"mysql\\\";s:15:\\\"collectionClass\\\";N;}s:12:\\\"notification\\\";O:39:\\\"App\\\\Notifications\\\\PostLikedNotification\\\":2:{s:4:\\\"post\\\";O:45:\\\"Illuminate\\\\Contracts\\\\Database\\\\ModelIdentifier\\\":5:{s:5:\\\"class\\\";s:15:\\\"App\\\\Models\\\\Reel\\\";s:2:\\\"id\\\";i:6;s:9:\\\"relations\\\";a:1:{i:0;s:4:\\\"user\\\";}s:10:\\\"connection\\\";s:5:\\\"mysql\\\";s:15:\\\"collectionClass\\\";N;}s:2:\\\"id\\\";s:36:\\\"9ad6fb6c-95f4-4224-b344-5ea021eadac9\\\";}s:4:\\\"data\\\";a:3:{s:7:\\\"message\\\";s:34:\\\"Michael Vonderheid Liked Your Post\\\";s:8:\\\"user_img\\\";s:59:\\\"profile_images\\/zVyzchtKxSGgA6ghSeKjkGzZzR7rYfjPg8QTIukw.jpg\\\";s:7:\\\"post_id\\\";i:6;}}s:5:\\\"tries\\\";N;s:7:\\\"timeout\\\";N;s:7:\\\"backoff\\\";N;s:13:\\\"maxExceptions\\\";N;s:10:\\\"connection\\\";N;s:5:\\\"queue\\\";N;s:5:\\\"delay\\\";N;s:11:\\\"afterCommit\\\";N;s:10:\\\"middleware\\\";a:0:{}s:7:\\\"chained\\\";a:0:{}s:15:\\\"chainConnection\\\";N;s:10:\\\"chainQueue\\\";N;s:19:\\\"chainCatchCallbacks\\\";N;}\"}}', 0, NULL, 1744064847, 1744064847),
(31, 'default', '{\"uuid\":\"44e7ca1a-895a-433f-b187-bba03b58bf6c\",\"displayName\":\"Illuminate\\\\Notifications\\\\Events\\\\BroadcastNotificationCreated\",\"job\":\"Illuminate\\\\Queue\\\\CallQueuedHandler@call\",\"maxTries\":null,\"maxExceptions\":null,\"failOnTimeout\":false,\"backoff\":null,\"timeout\":null,\"retryUntil\":null,\"data\":{\"commandName\":\"Illuminate\\\\Broadcasting\\\\BroadcastEvent\",\"command\":\"O:38:\\\"Illuminate\\\\Broadcasting\\\\BroadcastEvent\\\":14:{s:5:\\\"event\\\";O:60:\\\"Illuminate\\\\Notifications\\\\Events\\\\BroadcastNotificationCreated\\\":3:{s:10:\\\"notifiable\\\";O:45:\\\"Illuminate\\\\Contracts\\\\Database\\\\ModelIdentifier\\\":5:{s:5:\\\"class\\\";s:15:\\\"App\\\\Models\\\\User\\\";s:2:\\\"id\\\";i:1;s:9:\\\"relations\\\";a:0:{}s:10:\\\"connection\\\";s:5:\\\"mysql\\\";s:15:\\\"collectionClass\\\";N;}s:12:\\\"notification\\\";O:43:\\\"App\\\\Notifications\\\\PostCommentedNotification\\\":3:{s:7:\\\"comment\\\";O:45:\\\"Illuminate\\\\Contracts\\\\Database\\\\ModelIdentifier\\\":5:{s:5:\\\"class\\\";s:18:\\\"App\\\\Models\\\\Comment\\\";s:2:\\\"id\\\";i:6;s:9:\\\"relations\\\";a:1:{i:0;s:4:\\\"user\\\";}s:10:\\\"connection\\\";s:5:\\\"mysql\\\";s:15:\\\"collectionClass\\\";N;}s:4:\\\"post\\\";O:45:\\\"Illuminate\\\\Contracts\\\\Database\\\\ModelIdentifier\\\":5:{s:5:\\\"class\\\";s:15:\\\"App\\\\Models\\\\Reel\\\";s:2:\\\"id\\\";i:1;s:9:\\\"relations\\\";a:1:{i:0;s:4:\\\"user\\\";}s:10:\\\"connection\\\";s:5:\\\"mysql\\\";s:15:\\\"collectionClass\\\";N;}s:2:\\\"id\\\";s:36:\\\"3cc73012-0dc3-4aad-9e55-b836930ca160\\\";}s:4:\\\"data\\\";a:4:{s:7:\\\"message\\\";s:37:\\\"Michael Jordan commented on your post\\\";s:8:\\\"user_img\\\";s:37:\\\"profile_images\\/1743222116_images.jpeg\\\";s:7:\\\"comment\\\";s:18:\\\"really cute kid :)\\\";s:7:\\\"post_id\\\";i:1;}}s:5:\\\"tries\\\";N;s:7:\\\"timeout\\\";N;s:7:\\\"backoff\\\";N;s:13:\\\"maxExceptions\\\";N;s:10:\\\"connection\\\";N;s:5:\\\"queue\\\";N;s:5:\\\"delay\\\";N;s:11:\\\"afterCommit\\\";N;s:10:\\\"middleware\\\";a:0:{}s:7:\\\"chained\\\";a:0:{}s:15:\\\"chainConnection\\\";N;s:10:\\\"chainQueue\\\";N;s:19:\\\"chainCatchCallbacks\\\";N;}\"}}', 0, NULL, 1744172115, 1744172115),
(32, 'default', '{\"uuid\":\"e1d3c8f4-faa8-4abb-9cbf-151966118aee\",\"displayName\":\"Illuminate\\\\Notifications\\\\Events\\\\BroadcastNotificationCreated\",\"job\":\"Illuminate\\\\Queue\\\\CallQueuedHandler@call\",\"maxTries\":null,\"maxExceptions\":null,\"failOnTimeout\":false,\"backoff\":null,\"timeout\":null,\"retryUntil\":null,\"data\":{\"commandName\":\"Illuminate\\\\Broadcasting\\\\BroadcastEvent\",\"command\":\"O:38:\\\"Illuminate\\\\Broadcasting\\\\BroadcastEvent\\\":14:{s:5:\\\"event\\\";O:60:\\\"Illuminate\\\\Notifications\\\\Events\\\\BroadcastNotificationCreated\\\":3:{s:10:\\\"notifiable\\\";O:45:\\\"Illuminate\\\\Contracts\\\\Database\\\\ModelIdentifier\\\":5:{s:5:\\\"class\\\";s:15:\\\"App\\\\Models\\\\User\\\";s:2:\\\"id\\\";i:5;s:9:\\\"relations\\\";a:0:{}s:10:\\\"connection\\\";s:5:\\\"mysql\\\";s:15:\\\"collectionClass\\\";N;}s:12:\\\"notification\\\";O:39:\\\"App\\\\Notifications\\\\PostLikedNotification\\\":2:{s:4:\\\"post\\\";O:45:\\\"Illuminate\\\\Contracts\\\\Database\\\\ModelIdentifier\\\":5:{s:5:\\\"class\\\";s:15:\\\"App\\\\Models\\\\Reel\\\";s:2:\\\"id\\\";i:17;s:9:\\\"relations\\\";a:1:{i:0;s:4:\\\"user\\\";}s:10:\\\"connection\\\";s:5:\\\"mysql\\\";s:15:\\\"collectionClass\\\";N;}s:2:\\\"id\\\";s:36:\\\"56e8a524-b11e-4095-8460-64892c8a484a\\\";}s:4:\\\"data\\\";a:3:{s:7:\\\"message\\\";s:30:\\\"Michael Jordan Liked Your Post\\\";s:8:\\\"user_img\\\";s:37:\\\"profile_images\\/1743222116_images.jpeg\\\";s:7:\\\"post_id\\\";i:17;}}s:5:\\\"tries\\\";N;s:7:\\\"timeout\\\";N;s:7:\\\"backoff\\\";N;s:13:\\\"maxExceptions\\\";N;s:10:\\\"connection\\\";N;s:5:\\\"queue\\\";N;s:5:\\\"delay\\\";N;s:11:\\\"afterCommit\\\";N;s:10:\\\"middleware\\\";a:0:{}s:7:\\\"chained\\\";a:0:{}s:15:\\\"chainConnection\\\";N;s:10:\\\"chainQueue\\\";N;s:19:\\\"chainCatchCallbacks\\\";N;}\"}}', 0, NULL, 1744175858, 1744175858),
(33, 'default', '{\"uuid\":\"8cefff1b-b1c0-45a5-886c-69e1b4bb650c\",\"displayName\":\"Illuminate\\\\Notifications\\\\Events\\\\BroadcastNotificationCreated\",\"job\":\"Illuminate\\\\Queue\\\\CallQueuedHandler@call\",\"maxTries\":null,\"maxExceptions\":null,\"failOnTimeout\":false,\"backoff\":null,\"timeout\":null,\"retryUntil\":null,\"data\":{\"commandName\":\"Illuminate\\\\Broadcasting\\\\BroadcastEvent\",\"command\":\"O:38:\\\"Illuminate\\\\Broadcasting\\\\BroadcastEvent\\\":14:{s:5:\\\"event\\\";O:60:\\\"Illuminate\\\\Notifications\\\\Events\\\\BroadcastNotificationCreated\\\":3:{s:10:\\\"notifiable\\\";O:45:\\\"Illuminate\\\\Contracts\\\\Database\\\\ModelIdentifier\\\":5:{s:5:\\\"class\\\";s:15:\\\"App\\\\Models\\\\User\\\";s:2:\\\"id\\\";i:3;s:9:\\\"relations\\\";a:0:{}s:10:\\\"connection\\\";s:5:\\\"mysql\\\";s:15:\\\"collectionClass\\\";N;}s:12:\\\"notification\\\";O:39:\\\"App\\\\Notifications\\\\PostLikedNotification\\\":2:{s:4:\\\"post\\\";O:45:\\\"Illuminate\\\\Contracts\\\\Database\\\\ModelIdentifier\\\":5:{s:5:\\\"class\\\";s:15:\\\"App\\\\Models\\\\Reel\\\";s:2:\\\"id\\\";i:7;s:9:\\\"relations\\\";a:1:{i:0;s:4:\\\"user\\\";}s:10:\\\"connection\\\";s:5:\\\"mysql\\\";s:15:\\\"collectionClass\\\";N;}s:2:\\\"id\\\";s:36:\\\"a9acf61d-2617-4122-a29a-54b1fe190094\\\";}s:4:\\\"data\\\";a:3:{s:7:\\\"message\\\";s:25:\\\"Michael V Liked Your Post\\\";s:8:\\\"user_img\\\";N;s:7:\\\"post_id\\\";i:7;}}s:5:\\\"tries\\\";N;s:7:\\\"timeout\\\";N;s:7:\\\"backoff\\\";N;s:13:\\\"maxExceptions\\\";N;s:10:\\\"connection\\\";N;s:5:\\\"queue\\\";N;s:5:\\\"delay\\\";N;s:11:\\\"afterCommit\\\";N;s:10:\\\"middleware\\\";a:0:{}s:7:\\\"chained\\\";a:0:{}s:15:\\\"chainConnection\\\";N;s:10:\\\"chainQueue\\\";N;s:19:\\\"chainCatchCallbacks\\\";N;}\"}}', 0, NULL, 1744924522, 1744924522),
(34, 'default', '{\"uuid\":\"73020f2d-4a47-485d-8204-e40dba93f6a6\",\"displayName\":\"Illuminate\\\\Notifications\\\\Events\\\\BroadcastNotificationCreated\",\"job\":\"Illuminate\\\\Queue\\\\CallQueuedHandler@call\",\"maxTries\":null,\"maxExceptions\":null,\"failOnTimeout\":false,\"backoff\":null,\"timeout\":null,\"retryUntil\":null,\"data\":{\"commandName\":\"Illuminate\\\\Broadcasting\\\\BroadcastEvent\",\"command\":\"O:38:\\\"Illuminate\\\\Broadcasting\\\\BroadcastEvent\\\":14:{s:5:\\\"event\\\";O:60:\\\"Illuminate\\\\Notifications\\\\Events\\\\BroadcastNotificationCreated\\\":3:{s:10:\\\"notifiable\\\";O:45:\\\"Illuminate\\\\Contracts\\\\Database\\\\ModelIdentifier\\\":5:{s:5:\\\"class\\\";s:15:\\\"App\\\\Models\\\\User\\\";s:2:\\\"id\\\";i:3;s:9:\\\"relations\\\";a:0:{}s:10:\\\"connection\\\";s:5:\\\"mysql\\\";s:15:\\\"collectionClass\\\";N;}s:12:\\\"notification\\\";O:39:\\\"App\\\\Notifications\\\\PostLikedNotification\\\":2:{s:4:\\\"post\\\";O:45:\\\"Illuminate\\\\Contracts\\\\Database\\\\ModelIdentifier\\\":5:{s:5:\\\"class\\\";s:15:\\\"App\\\\Models\\\\Reel\\\";s:2:\\\"id\\\";i:8;s:9:\\\"relations\\\";a:1:{i:0;s:4:\\\"user\\\";}s:10:\\\"connection\\\";s:5:\\\"mysql\\\";s:15:\\\"collectionClass\\\";N;}s:2:\\\"id\\\";s:36:\\\"eb99c9f0-9935-460d-9e41-fdd242b32909\\\";}s:4:\\\"data\\\";a:3:{s:7:\\\"message\\\";s:25:\\\"Michael V Liked Your Post\\\";s:8:\\\"user_img\\\";N;s:7:\\\"post_id\\\";i:8;}}s:5:\\\"tries\\\";N;s:7:\\\"timeout\\\";N;s:7:\\\"backoff\\\";N;s:13:\\\"maxExceptions\\\";N;s:10:\\\"connection\\\";N;s:5:\\\"queue\\\";N;s:5:\\\"delay\\\";N;s:11:\\\"afterCommit\\\";N;s:10:\\\"middleware\\\";a:0:{}s:7:\\\"chained\\\";a:0:{}s:15:\\\"chainConnection\\\";N;s:10:\\\"chainQueue\\\";N;s:19:\\\"chainCatchCallbacks\\\";N;}\"}}', 0, NULL, 1744924531, 1744924531),
(35, 'default', '{\"uuid\":\"7ab2dca3-ad15-42aa-b202-f3084154bd3d\",\"displayName\":\"Illuminate\\\\Notifications\\\\Events\\\\BroadcastNotificationCreated\",\"job\":\"Illuminate\\\\Queue\\\\CallQueuedHandler@call\",\"maxTries\":null,\"maxExceptions\":null,\"failOnTimeout\":false,\"backoff\":null,\"timeout\":null,\"retryUntil\":null,\"data\":{\"commandName\":\"Illuminate\\\\Broadcasting\\\\BroadcastEvent\",\"command\":\"O:38:\\\"Illuminate\\\\Broadcasting\\\\BroadcastEvent\\\":14:{s:5:\\\"event\\\";O:60:\\\"Illuminate\\\\Notifications\\\\Events\\\\BroadcastNotificationCreated\\\":3:{s:10:\\\"notifiable\\\";O:45:\\\"Illuminate\\\\Contracts\\\\Database\\\\ModelIdentifier\\\":5:{s:5:\\\"class\\\";s:15:\\\"App\\\\Models\\\\User\\\";s:2:\\\"id\\\";i:3;s:9:\\\"relations\\\";a:0:{}s:10:\\\"connection\\\";s:5:\\\"mysql\\\";s:15:\\\"collectionClass\\\";N;}s:12:\\\"notification\\\";O:43:\\\"App\\\\Notifications\\\\PostCommentedNotification\\\":3:{s:7:\\\"comment\\\";O:45:\\\"Illuminate\\\\Contracts\\\\Database\\\\ModelIdentifier\\\":5:{s:5:\\\"class\\\";s:18:\\\"App\\\\Models\\\\Comment\\\";s:2:\\\"id\\\";i:7;s:9:\\\"relations\\\";a:1:{i:0;s:4:\\\"user\\\";}s:10:\\\"connection\\\";s:5:\\\"mysql\\\";s:15:\\\"collectionClass\\\";N;}s:4:\\\"post\\\";O:45:\\\"Illuminate\\\\Contracts\\\\Database\\\\ModelIdentifier\\\":5:{s:5:\\\"class\\\";s:15:\\\"App\\\\Models\\\\Reel\\\";s:2:\\\"id\\\";i:7;s:9:\\\"relations\\\";a:1:{i:0;s:4:\\\"user\\\";}s:10:\\\"connection\\\";s:5:\\\"mysql\\\";s:15:\\\"collectionClass\\\";N;}s:2:\\\"id\\\";s:36:\\\"dd667d80-787e-4ef2-a784-6d057416dd1d\\\";}s:4:\\\"data\\\";a:4:{s:7:\\\"message\\\";s:32:\\\"Michael V commented on your post\\\";s:8:\\\"user_img\\\";N;s:7:\\\"comment\\\";s:13:\\\"Great player!\\\";s:7:\\\"post_id\\\";i:7;}}s:5:\\\"tries\\\";N;s:7:\\\"timeout\\\";N;s:7:\\\"backoff\\\";N;s:13:\\\"maxExceptions\\\";N;s:10:\\\"connection\\\";N;s:5:\\\"queue\\\";N;s:5:\\\"delay\\\";N;s:11:\\\"afterCommit\\\";N;s:10:\\\"middleware\\\";a:0:{}s:7:\\\"chained\\\";a:0:{}s:15:\\\"chainConnection\\\";N;s:10:\\\"chainQueue\\\";N;s:19:\\\"chainCatchCallbacks\\\";N;}\"}}', 0, NULL, 1744924684, 1744924684),
(36, 'default', '{\"uuid\":\"64a88179-325c-40c9-997f-3afa59bb7d66\",\"displayName\":\"Illuminate\\\\Notifications\\\\Events\\\\BroadcastNotificationCreated\",\"job\":\"Illuminate\\\\Queue\\\\CallQueuedHandler@call\",\"maxTries\":null,\"maxExceptions\":null,\"failOnTimeout\":false,\"backoff\":null,\"timeout\":null,\"retryUntil\":null,\"data\":{\"commandName\":\"Illuminate\\\\Broadcasting\\\\BroadcastEvent\",\"command\":\"O:38:\\\"Illuminate\\\\Broadcasting\\\\BroadcastEvent\\\":14:{s:5:\\\"event\\\";O:60:\\\"Illuminate\\\\Notifications\\\\Events\\\\BroadcastNotificationCreated\\\":3:{s:10:\\\"notifiable\\\";O:45:\\\"Illuminate\\\\Contracts\\\\Database\\\\ModelIdentifier\\\":5:{s:5:\\\"class\\\";s:15:\\\"App\\\\Models\\\\User\\\";s:2:\\\"id\\\";i:8;s:9:\\\"relations\\\";a:0:{}s:10:\\\"connection\\\";s:5:\\\"mysql\\\";s:15:\\\"collectionClass\\\";N;}s:12:\\\"notification\\\";O:43:\\\"App\\\\Notifications\\\\PostCommentedNotification\\\":4:{s:5:\\\"reply\\\";O:45:\\\"Illuminate\\\\Contracts\\\\Database\\\\ModelIdentifier\\\":5:{s:5:\\\"class\\\";s:16:\\\"App\\\\Models\\\\Reply\\\";s:2:\\\"id\\\";i:3;s:9:\\\"relations\\\";a:1:{i:0;s:4:\\\"user\\\";}s:10:\\\"connection\\\";s:5:\\\"mysql\\\";s:15:\\\"collectionClass\\\";N;}s:7:\\\"comment\\\";O:45:\\\"Illuminate\\\\Contracts\\\\Database\\\\ModelIdentifier\\\":5:{s:5:\\\"class\\\";s:18:\\\"App\\\\Models\\\\Comment\\\";s:2:\\\"id\\\";i:7;s:9:\\\"relations\\\";a:2:{i:0;s:4:\\\"reel\\\";i:1;s:4:\\\"user\\\";}s:10:\\\"connection\\\";s:5:\\\"mysql\\\";s:15:\\\"collectionClass\\\";N;}s:4:\\\"post\\\";O:45:\\\"Illuminate\\\\Contracts\\\\Database\\\\ModelIdentifier\\\":5:{s:5:\\\"class\\\";s:15:\\\"App\\\\Models\\\\Reel\\\";s:2:\\\"id\\\";i:7;s:9:\\\"relations\\\";a:0:{}s:10:\\\"connection\\\";s:5:\\\"mysql\\\";s:15:\\\"collectionClass\\\";N;}s:2:\\\"id\\\";s:36:\\\"c4c7f090-c4c3-4861-8947-3783ee36f542\\\";}s:4:\\\"data\\\";a:4:{s:7:\\\"message\\\";s:63:\\\"Michael Jordan replied to your comment on the post \\\"Basketball\\\"\\\";s:8:\\\"user_img\\\";s:37:\\\"profile_images\\/1743222116_images.jpeg\\\";s:5:\\\"reply\\\";s:6:\\\"thanks\\\";s:7:\\\"post_id\\\";i:7;}}s:5:\\\"tries\\\";N;s:7:\\\"timeout\\\";N;s:7:\\\"backoff\\\";N;s:13:\\\"maxExceptions\\\";N;s:10:\\\"connection\\\";N;s:5:\\\"queue\\\";N;s:5:\\\"delay\\\";N;s:11:\\\"afterCommit\\\";N;s:10:\\\"middleware\\\";a:0:{}s:7:\\\"chained\\\";a:0:{}s:15:\\\"chainConnection\\\";N;s:10:\\\"chainQueue\\\";N;s:19:\\\"chainCatchCallbacks\\\";N;}\"}}', 0, NULL, 1745039175, 1745039175),
(37, 'default', '{\"uuid\":\"f2f550dc-685f-447d-995d-fe27af0981f2\",\"displayName\":\"Illuminate\\\\Notifications\\\\Events\\\\BroadcastNotificationCreated\",\"job\":\"Illuminate\\\\Queue\\\\CallQueuedHandler@call\",\"maxTries\":null,\"maxExceptions\":null,\"failOnTimeout\":false,\"backoff\":null,\"timeout\":null,\"retryUntil\":null,\"data\":{\"commandName\":\"Illuminate\\\\Broadcasting\\\\BroadcastEvent\",\"command\":\"O:38:\\\"Illuminate\\\\Broadcasting\\\\BroadcastEvent\\\":14:{s:5:\\\"event\\\";O:60:\\\"Illuminate\\\\Notifications\\\\Events\\\\BroadcastNotificationCreated\\\":3:{s:10:\\\"notifiable\\\";O:45:\\\"Illuminate\\\\Contracts\\\\Database\\\\ModelIdentifier\\\":5:{s:5:\\\"class\\\";s:15:\\\"App\\\\Models\\\\User\\\";s:2:\\\"id\\\";i:8;s:9:\\\"relations\\\";a:0:{}s:10:\\\"connection\\\";s:5:\\\"mysql\\\";s:15:\\\"collectionClass\\\";N;}s:12:\\\"notification\\\";O:43:\\\"App\\\\Notifications\\\\PostCommentedNotification\\\":4:{s:5:\\\"reply\\\";O:45:\\\"Illuminate\\\\Contracts\\\\Database\\\\ModelIdentifier\\\":5:{s:5:\\\"class\\\";s:16:\\\"App\\\\Models\\\\Reply\\\";s:2:\\\"id\\\";i:4;s:9:\\\"relations\\\";a:1:{i:0;s:4:\\\"user\\\";}s:10:\\\"connection\\\";s:5:\\\"mysql\\\";s:15:\\\"collectionClass\\\";N;}s:7:\\\"comment\\\";O:45:\\\"Illuminate\\\\Contracts\\\\Database\\\\ModelIdentifier\\\":5:{s:5:\\\"class\\\";s:18:\\\"App\\\\Models\\\\Comment\\\";s:2:\\\"id\\\";i:7;s:9:\\\"relations\\\";a:2:{i:0;s:4:\\\"reel\\\";i:1;s:4:\\\"user\\\";}s:10:\\\"connection\\\";s:5:\\\"mysql\\\";s:15:\\\"collectionClass\\\";N;}s:4:\\\"post\\\";O:45:\\\"Illuminate\\\\Contracts\\\\Database\\\\ModelIdentifier\\\":5:{s:5:\\\"class\\\";s:15:\\\"App\\\\Models\\\\Reel\\\";s:2:\\\"id\\\";i:7;s:9:\\\"relations\\\";a:0:{}s:10:\\\"connection\\\";s:5:\\\"mysql\\\";s:15:\\\"collectionClass\\\";N;}s:2:\\\"id\\\";s:36:\\\"68f0f2ac-1881-49e6-8705-1e70458c1460\\\";}s:4:\\\"data\\\";a:4:{s:7:\\\"message\\\";s:63:\\\"Michael Jordan replied to your comment on the post \\\"Basketball\\\"\\\";s:8:\\\"user_img\\\";s:37:\\\"profile_images\\/1743222116_images.jpeg\\\";s:5:\\\"reply\\\";s:4:\\\"test\\\";s:7:\\\"post_id\\\";i:7;}}s:5:\\\"tries\\\";N;s:7:\\\"timeout\\\";N;s:7:\\\"backoff\\\";N;s:13:\\\"maxExceptions\\\";N;s:10:\\\"connection\\\";N;s:5:\\\"queue\\\";N;s:5:\\\"delay\\\";N;s:11:\\\"afterCommit\\\";N;s:10:\\\"middleware\\\";a:0:{}s:7:\\\"chained\\\";a:0:{}s:15:\\\"chainConnection\\\";N;s:10:\\\"chainQueue\\\";N;s:19:\\\"chainCatchCallbacks\\\";N;}\"}}', 0, NULL, 1745043074, 1745043074),
(38, 'default', '{\"uuid\":\"c4e48553-4f9c-494e-b1ac-5525d978e717\",\"displayName\":\"Illuminate\\\\Notifications\\\\Events\\\\BroadcastNotificationCreated\",\"job\":\"Illuminate\\\\Queue\\\\CallQueuedHandler@call\",\"maxTries\":null,\"maxExceptions\":null,\"failOnTimeout\":false,\"backoff\":null,\"timeout\":null,\"retryUntil\":null,\"data\":{\"commandName\":\"Illuminate\\\\Broadcasting\\\\BroadcastEvent\",\"command\":\"O:38:\\\"Illuminate\\\\Broadcasting\\\\BroadcastEvent\\\":14:{s:5:\\\"event\\\";O:60:\\\"Illuminate\\\\Notifications\\\\Events\\\\BroadcastNotificationCreated\\\":3:{s:10:\\\"notifiable\\\";O:45:\\\"Illuminate\\\\Contracts\\\\Database\\\\ModelIdentifier\\\":5:{s:5:\\\"class\\\";s:15:\\\"App\\\\Models\\\\User\\\";s:2:\\\"id\\\";i:8;s:9:\\\"relations\\\";a:0:{}s:10:\\\"connection\\\";s:5:\\\"mysql\\\";s:15:\\\"collectionClass\\\";N;}s:12:\\\"notification\\\";O:43:\\\"App\\\\Notifications\\\\PostCommentedNotification\\\":4:{s:5:\\\"reply\\\";O:45:\\\"Illuminate\\\\Contracts\\\\Database\\\\ModelIdentifier\\\":5:{s:5:\\\"class\\\";s:16:\\\"App\\\\Models\\\\Reply\\\";s:2:\\\"id\\\";i:5;s:9:\\\"relations\\\";a:1:{i:0;s:4:\\\"user\\\";}s:10:\\\"connection\\\";s:5:\\\"mysql\\\";s:15:\\\"collectionClass\\\";N;}s:7:\\\"comment\\\";O:45:\\\"Illuminate\\\\Contracts\\\\Database\\\\ModelIdentifier\\\":5:{s:5:\\\"class\\\";s:18:\\\"App\\\\Models\\\\Comment\\\";s:2:\\\"id\\\";i:7;s:9:\\\"relations\\\";a:2:{i:0;s:4:\\\"reel\\\";i:1;s:4:\\\"user\\\";}s:10:\\\"connection\\\";s:5:\\\"mysql\\\";s:15:\\\"collectionClass\\\";N;}s:4:\\\"post\\\";O:45:\\\"Illuminate\\\\Contracts\\\\Database\\\\ModelIdentifier\\\":5:{s:5:\\\"class\\\";s:15:\\\"App\\\\Models\\\\Reel\\\";s:2:\\\"id\\\";i:7;s:9:\\\"relations\\\";a:0:{}s:10:\\\"connection\\\";s:5:\\\"mysql\\\";s:15:\\\"collectionClass\\\";N;}s:2:\\\"id\\\";s:36:\\\"e14af552-838d-47cd-90f6-0c04c655f6cc\\\";}s:4:\\\"data\\\";a:4:{s:7:\\\"message\\\";s:63:\\\"Michael Jordan replied to your comment on the post \\\"Basketball\\\"\\\";s:8:\\\"user_img\\\";s:37:\\\"profile_images\\/1743222116_images.jpeg\\\";s:5:\\\"reply\\\";s:7:\\\"welcome\\\";s:7:\\\"post_id\\\";i:7;}}s:5:\\\"tries\\\";N;s:7:\\\"timeout\\\";N;s:7:\\\"backoff\\\";N;s:13:\\\"maxExceptions\\\";N;s:10:\\\"connection\\\";N;s:5:\\\"queue\\\";N;s:5:\\\"delay\\\";N;s:11:\\\"afterCommit\\\";N;s:10:\\\"middleware\\\";a:0:{}s:7:\\\"chained\\\";a:0:{}s:15:\\\"chainConnection\\\";N;s:10:\\\"chainQueue\\\";N;s:19:\\\"chainCatchCallbacks\\\";N;}\"}}', 0, NULL, 1745043551, 1745043551),
(39, 'default', '{\"uuid\":\"7de57ddc-96fb-4f2a-b41d-5f047d4e49b5\",\"displayName\":\"Illuminate\\\\Notifications\\\\Events\\\\BroadcastNotificationCreated\",\"job\":\"Illuminate\\\\Queue\\\\CallQueuedHandler@call\",\"maxTries\":null,\"maxExceptions\":null,\"failOnTimeout\":false,\"backoff\":null,\"timeout\":null,\"retryUntil\":null,\"data\":{\"commandName\":\"Illuminate\\\\Broadcasting\\\\BroadcastEvent\",\"command\":\"O:38:\\\"Illuminate\\\\Broadcasting\\\\BroadcastEvent\\\":14:{s:5:\\\"event\\\";O:60:\\\"Illuminate\\\\Notifications\\\\Events\\\\BroadcastNotificationCreated\\\":3:{s:10:\\\"notifiable\\\";O:45:\\\"Illuminate\\\\Contracts\\\\Database\\\\ModelIdentifier\\\":5:{s:5:\\\"class\\\";s:15:\\\"App\\\\Models\\\\User\\\";s:2:\\\"id\\\";i:3;s:9:\\\"relations\\\";a:0:{}s:10:\\\"connection\\\";s:5:\\\"mysql\\\";s:15:\\\"collectionClass\\\";N;}s:12:\\\"notification\\\";O:43:\\\"App\\\\Notifications\\\\PostCommentedNotification\\\":3:{s:7:\\\"comment\\\";O:45:\\\"Illuminate\\\\Contracts\\\\Database\\\\ModelIdentifier\\\":5:{s:5:\\\"class\\\";s:18:\\\"App\\\\Models\\\\Comment\\\";s:2:\\\"id\\\";i:8;s:9:\\\"relations\\\";a:1:{i:0;s:4:\\\"user\\\";}s:10:\\\"connection\\\";s:5:\\\"mysql\\\";s:15:\\\"collectionClass\\\";N;}s:4:\\\"post\\\";O:45:\\\"Illuminate\\\\Contracts\\\\Database\\\\ModelIdentifier\\\":5:{s:5:\\\"class\\\";s:15:\\\"App\\\\Models\\\\Reel\\\";s:2:\\\"id\\\";i:7;s:9:\\\"relations\\\";a:1:{i:0;s:4:\\\"user\\\";}s:10:\\\"connection\\\";s:5:\\\"mysql\\\";s:15:\\\"collectionClass\\\";N;}s:2:\\\"id\\\";s:36:\\\"12fa2cf1-6fd6-4883-ac52-88847aeb3b7a\\\";}s:4:\\\"data\\\";a:4:{s:7:\\\"message\\\";s:32:\\\"Michael V commented on your post\\\";s:8:\\\"user_img\\\";N;s:7:\\\"comment\\\";s:3:\\\"yes\\\";s:7:\\\"post_id\\\";i:7;}}s:5:\\\"tries\\\";N;s:7:\\\"timeout\\\";N;s:7:\\\"backoff\\\";N;s:13:\\\"maxExceptions\\\";N;s:10:\\\"connection\\\";N;s:5:\\\"queue\\\";N;s:5:\\\"delay\\\";N;s:11:\\\"afterCommit\\\";N;s:10:\\\"middleware\\\";a:0:{}s:7:\\\"chained\\\";a:0:{}s:15:\\\"chainConnection\\\";N;s:10:\\\"chainQueue\\\";N;s:19:\\\"chainCatchCallbacks\\\";N;}\"}}', 0, NULL, 1745261902, 1745261902),
(40, 'default', '{\"uuid\":\"3fd6931d-9105-4703-9825-1aa319c12f18\",\"displayName\":\"Illuminate\\\\Notifications\\\\Events\\\\BroadcastNotificationCreated\",\"job\":\"Illuminate\\\\Queue\\\\CallQueuedHandler@call\",\"maxTries\":null,\"maxExceptions\":null,\"failOnTimeout\":false,\"backoff\":null,\"timeout\":null,\"retryUntil\":null,\"data\":{\"commandName\":\"Illuminate\\\\Broadcasting\\\\BroadcastEvent\",\"command\":\"O:38:\\\"Illuminate\\\\Broadcasting\\\\BroadcastEvent\\\":14:{s:5:\\\"event\\\";O:60:\\\"Illuminate\\\\Notifications\\\\Events\\\\BroadcastNotificationCreated\\\":3:{s:10:\\\"notifiable\\\";O:45:\\\"Illuminate\\\\Contracts\\\\Database\\\\ModelIdentifier\\\":5:{s:5:\\\"class\\\";s:15:\\\"App\\\\Models\\\\User\\\";s:2:\\\"id\\\";i:8;s:9:\\\"relations\\\";a:0:{}s:10:\\\"connection\\\";s:5:\\\"mysql\\\";s:15:\\\"collectionClass\\\";N;}s:12:\\\"notification\\\";O:39:\\\"App\\\\Notifications\\\\PostLikedNotification\\\":2:{s:4:\\\"post\\\";O:45:\\\"Illuminate\\\\Contracts\\\\Database\\\\ModelIdentifier\\\":5:{s:5:\\\"class\\\";s:15:\\\"App\\\\Models\\\\Reel\\\";s:2:\\\"id\\\";i:22;s:9:\\\"relations\\\";a:1:{i:0;s:4:\\\"user\\\";}s:10:\\\"connection\\\";s:5:\\\"mysql\\\";s:15:\\\"collectionClass\\\";N;}s:2:\\\"id\\\";s:36:\\\"e1a61f91-b7a4-46db-b866-262c2613c0bc\\\";}s:4:\\\"data\\\";a:3:{s:7:\\\"message\\\";s:30:\\\"Michael Jordan Liked Your Post\\\";s:8:\\\"user_img\\\";s:37:\\\"profile_images\\/1743222116_images.jpeg\\\";s:7:\\\"post_id\\\";i:22;}}s:5:\\\"tries\\\";N;s:7:\\\"timeout\\\";N;s:7:\\\"backoff\\\";N;s:13:\\\"maxExceptions\\\";N;s:10:\\\"connection\\\";N;s:5:\\\"queue\\\";N;s:5:\\\"delay\\\";N;s:11:\\\"afterCommit\\\";N;s:10:\\\"middleware\\\";a:0:{}s:7:\\\"chained\\\";a:0:{}s:15:\\\"chainConnection\\\";N;s:10:\\\"chainQueue\\\";N;s:19:\\\"chainCatchCallbacks\\\";N;}\"}}', 0, NULL, 1745295314, 1745295314),
(41, 'default', '{\"uuid\":\"204bfe24-8a4c-4261-94a5-e0fe4bc68693\",\"displayName\":\"Illuminate\\\\Notifications\\\\Events\\\\BroadcastNotificationCreated\",\"job\":\"Illuminate\\\\Queue\\\\CallQueuedHandler@call\",\"maxTries\":null,\"maxExceptions\":null,\"failOnTimeout\":false,\"backoff\":null,\"timeout\":null,\"retryUntil\":null,\"data\":{\"commandName\":\"Illuminate\\\\Broadcasting\\\\BroadcastEvent\",\"command\":\"O:38:\\\"Illuminate\\\\Broadcasting\\\\BroadcastEvent\\\":14:{s:5:\\\"event\\\";O:60:\\\"Illuminate\\\\Notifications\\\\Events\\\\BroadcastNotificationCreated\\\":3:{s:10:\\\"notifiable\\\";O:45:\\\"Illuminate\\\\Contracts\\\\Database\\\\ModelIdentifier\\\":5:{s:5:\\\"class\\\";s:15:\\\"App\\\\Models\\\\User\\\";s:2:\\\"id\\\";i:8;s:9:\\\"relations\\\";a:0:{}s:10:\\\"connection\\\";s:5:\\\"mysql\\\";s:15:\\\"collectionClass\\\";N;}s:12:\\\"notification\\\";O:39:\\\"App\\\\Notifications\\\\PostLikedNotification\\\":2:{s:4:\\\"post\\\";O:45:\\\"Illuminate\\\\Contracts\\\\Database\\\\ModelIdentifier\\\":5:{s:5:\\\"class\\\";s:15:\\\"App\\\\Models\\\\Reel\\\";s:2:\\\"id\\\";i:21;s:9:\\\"relations\\\";a:1:{i:0;s:4:\\\"user\\\";}s:10:\\\"connection\\\";s:5:\\\"mysql\\\";s:15:\\\"collectionClass\\\";N;}s:2:\\\"id\\\";s:36:\\\"31e8b930-5850-4678-a761-ad71ac1e5225\\\";}s:4:\\\"data\\\";a:3:{s:7:\\\"message\\\";s:30:\\\"Michael Jordan Liked Your Post\\\";s:8:\\\"user_img\\\";s:37:\\\"profile_images\\/1743222116_images.jpeg\\\";s:7:\\\"post_id\\\";i:21;}}s:5:\\\"tries\\\";N;s:7:\\\"timeout\\\";N;s:7:\\\"backoff\\\";N;s:13:\\\"maxExceptions\\\";N;s:10:\\\"connection\\\";N;s:5:\\\"queue\\\";N;s:5:\\\"delay\\\";N;s:11:\\\"afterCommit\\\";N;s:10:\\\"middleware\\\";a:0:{}s:7:\\\"chained\\\";a:0:{}s:15:\\\"chainConnection\\\";N;s:10:\\\"chainQueue\\\";N;s:19:\\\"chainCatchCallbacks\\\";N;}\"}}', 0, NULL, 1745295317, 1745295317),
(42, 'default', '{\"uuid\":\"1a914f4b-8f16-4335-ab78-db564ebb8aca\",\"displayName\":\"Illuminate\\\\Notifications\\\\Events\\\\BroadcastNotificationCreated\",\"job\":\"Illuminate\\\\Queue\\\\CallQueuedHandler@call\",\"maxTries\":null,\"maxExceptions\":null,\"failOnTimeout\":false,\"backoff\":null,\"timeout\":null,\"retryUntil\":null,\"data\":{\"commandName\":\"Illuminate\\\\Broadcasting\\\\BroadcastEvent\",\"command\":\"O:38:\\\"Illuminate\\\\Broadcasting\\\\BroadcastEvent\\\":14:{s:5:\\\"event\\\";O:60:\\\"Illuminate\\\\Notifications\\\\Events\\\\BroadcastNotificationCreated\\\":3:{s:10:\\\"notifiable\\\";O:45:\\\"Illuminate\\\\Contracts\\\\Database\\\\ModelIdentifier\\\":5:{s:5:\\\"class\\\";s:15:\\\"App\\\\Models\\\\User\\\";s:2:\\\"id\\\";i:8;s:9:\\\"relations\\\";a:0:{}s:10:\\\"connection\\\";s:5:\\\"mysql\\\";s:15:\\\"collectionClass\\\";N;}s:12:\\\"notification\\\";O:30:\\\"App\\\\Notifications\\\\UserFollowed\\\":3:{s:8:\\\"follower\\\";O:45:\\\"Illuminate\\\\Contracts\\\\Database\\\\ModelIdentifier\\\":5:{s:5:\\\"class\\\";s:15:\\\"App\\\\Models\\\\User\\\";s:2:\\\"id\\\";i:3;s:9:\\\"relations\\\";a:0:{}s:10:\\\"connection\\\";s:5:\\\"mysql\\\";s:15:\\\"collectionClass\\\";N;}s:12:\\\"followedUser\\\";O:45:\\\"Illuminate\\\\Contracts\\\\Database\\\\ModelIdentifier\\\":5:{s:5:\\\"class\\\";s:15:\\\"App\\\\Models\\\\User\\\";s:2:\\\"id\\\";i:8;s:9:\\\"relations\\\";a:0:{}s:10:\\\"connection\\\";s:5:\\\"mysql\\\";s:15:\\\"collectionClass\\\";N;}s:2:\\\"id\\\";s:36:\\\"5e885daf-1945-4c3f-b900-4035cdc388fd\\\";}s:4:\\\"data\\\";a:3:{s:7:\\\"message\\\";s:37:\\\"Michael Jordan started following you.\\\";s:11:\\\"follower_id\\\";i:3;s:8:\\\"user_img\\\";s:37:\\\"profile_images\\/1743222116_images.jpeg\\\";}}s:5:\\\"tries\\\";N;s:7:\\\"timeout\\\";N;s:7:\\\"backoff\\\";N;s:13:\\\"maxExceptions\\\";N;s:10:\\\"connection\\\";N;s:5:\\\"queue\\\";N;s:5:\\\"delay\\\";N;s:11:\\\"afterCommit\\\";N;s:10:\\\"middleware\\\";a:0:{}s:7:\\\"chained\\\";a:0:{}s:15:\\\"chainConnection\\\";N;s:10:\\\"chainQueue\\\";N;s:19:\\\"chainCatchCallbacks\\\";N;}\"}}', 0, NULL, 1745296855, 1745296855),
(43, 'default', '{\"uuid\":\"67de07de-aee2-41c9-82b5-ce5689d4c1a9\",\"displayName\":\"Illuminate\\\\Notifications\\\\Events\\\\BroadcastNotificationCreated\",\"job\":\"Illuminate\\\\Queue\\\\CallQueuedHandler@call\",\"maxTries\":null,\"maxExceptions\":null,\"failOnTimeout\":false,\"backoff\":null,\"timeout\":null,\"retryUntil\":null,\"data\":{\"commandName\":\"Illuminate\\\\Broadcasting\\\\BroadcastEvent\",\"command\":\"O:38:\\\"Illuminate\\\\Broadcasting\\\\BroadcastEvent\\\":14:{s:5:\\\"event\\\";O:60:\\\"Illuminate\\\\Notifications\\\\Events\\\\BroadcastNotificationCreated\\\":3:{s:10:\\\"notifiable\\\";O:45:\\\"Illuminate\\\\Contracts\\\\Database\\\\ModelIdentifier\\\":5:{s:5:\\\"class\\\";s:15:\\\"App\\\\Models\\\\User\\\";s:2:\\\"id\\\";i:8;s:9:\\\"relations\\\";a:0:{}s:10:\\\"connection\\\";s:5:\\\"mysql\\\";s:15:\\\"collectionClass\\\";N;}s:12:\\\"notification\\\";O:39:\\\"App\\\\Notifications\\\\PostLikedNotification\\\":2:{s:4:\\\"post\\\";O:45:\\\"Illuminate\\\\Contracts\\\\Database\\\\ModelIdentifier\\\":5:{s:5:\\\"class\\\";s:15:\\\"App\\\\Models\\\\Reel\\\";s:2:\\\"id\\\";i:22;s:9:\\\"relations\\\";a:1:{i:0;s:4:\\\"user\\\";}s:10:\\\"connection\\\";s:5:\\\"mysql\\\";s:15:\\\"collectionClass\\\";N;}s:2:\\\"id\\\";s:36:\\\"919fe5cb-cbe4-4aa8-8aaa-9a69843dd4da\\\";}s:4:\\\"data\\\";a:3:{s:7:\\\"message\\\";s:30:\\\"Michael Jordan Liked Your Post\\\";s:8:\\\"user_img\\\";s:37:\\\"profile_images\\/1743222116_images.jpeg\\\";s:7:\\\"post_id\\\";i:22;}}s:5:\\\"tries\\\";N;s:7:\\\"timeout\\\";N;s:7:\\\"backoff\\\";N;s:13:\\\"maxExceptions\\\";N;s:10:\\\"connection\\\";N;s:5:\\\"queue\\\";N;s:5:\\\"delay\\\";N;s:11:\\\"afterCommit\\\";N;s:10:\\\"middleware\\\";a:0:{}s:7:\\\"chained\\\";a:0:{}s:15:\\\"chainConnection\\\";N;s:10:\\\"chainQueue\\\";N;s:19:\\\"chainCatchCallbacks\\\";N;}\"}}', 0, NULL, 1745709173, 1745709173),
(44, 'default', '{\"uuid\":\"3297955c-e49a-40e2-bcff-25178e90884c\",\"displayName\":\"Illuminate\\\\Notifications\\\\Events\\\\BroadcastNotificationCreated\",\"job\":\"Illuminate\\\\Queue\\\\CallQueuedHandler@call\",\"maxTries\":null,\"maxExceptions\":null,\"failOnTimeout\":false,\"backoff\":null,\"timeout\":null,\"retryUntil\":null,\"data\":{\"commandName\":\"Illuminate\\\\Broadcasting\\\\BroadcastEvent\",\"command\":\"O:38:\\\"Illuminate\\\\Broadcasting\\\\BroadcastEvent\\\":14:{s:5:\\\"event\\\";O:60:\\\"Illuminate\\\\Notifications\\\\Events\\\\BroadcastNotificationCreated\\\":3:{s:10:\\\"notifiable\\\";O:45:\\\"Illuminate\\\\Contracts\\\\Database\\\\ModelIdentifier\\\":5:{s:5:\\\"class\\\";s:15:\\\"App\\\\Models\\\\User\\\";s:2:\\\"id\\\";i:8;s:9:\\\"relations\\\";a:0:{}s:10:\\\"connection\\\";s:5:\\\"mysql\\\";s:15:\\\"collectionClass\\\";N;}s:12:\\\"notification\\\";O:30:\\\"App\\\\Notifications\\\\UserFollowed\\\":3:{s:8:\\\"follower\\\";O:45:\\\"Illuminate\\\\Contracts\\\\Database\\\\ModelIdentifier\\\":5:{s:5:\\\"class\\\";s:15:\\\"App\\\\Models\\\\User\\\";s:2:\\\"id\\\";i:3;s:9:\\\"relations\\\";a:0:{}s:10:\\\"connection\\\";s:5:\\\"mysql\\\";s:15:\\\"collectionClass\\\";N;}s:12:\\\"followedUser\\\";O:45:\\\"Illuminate\\\\Contracts\\\\Database\\\\ModelIdentifier\\\":5:{s:5:\\\"class\\\";s:15:\\\"App\\\\Models\\\\User\\\";s:2:\\\"id\\\";i:8;s:9:\\\"relations\\\";a:0:{}s:10:\\\"connection\\\";s:5:\\\"mysql\\\";s:15:\\\"collectionClass\\\";N;}s:2:\\\"id\\\";s:36:\\\"0f29655c-6f8e-421b-99de-5dd496980da5\\\";}s:4:\\\"data\\\";a:3:{s:7:\\\"message\\\";s:37:\\\"Michael Jordan started following you.\\\";s:11:\\\"follower_id\\\";i:3;s:8:\\\"user_img\\\";s:37:\\\"profile_images\\/1743222116_images.jpeg\\\";}}s:5:\\\"tries\\\";N;s:7:\\\"timeout\\\";N;s:7:\\\"backoff\\\";N;s:13:\\\"maxExceptions\\\";N;s:10:\\\"connection\\\";N;s:5:\\\"queue\\\";N;s:5:\\\"delay\\\";N;s:11:\\\"afterCommit\\\";N;s:10:\\\"middleware\\\";a:0:{}s:7:\\\"chained\\\";a:0:{}s:15:\\\"chainConnection\\\";N;s:10:\\\"chainQueue\\\";N;s:19:\\\"chainCatchCallbacks\\\";N;}\"}}', 0, NULL, 1745709519, 1745709519),
(45, 'default', '{\"uuid\":\"bd14af27-0564-4423-a34b-d4f6dfa8307e\",\"displayName\":\"Illuminate\\\\Notifications\\\\Events\\\\BroadcastNotificationCreated\",\"job\":\"Illuminate\\\\Queue\\\\CallQueuedHandler@call\",\"maxTries\":null,\"maxExceptions\":null,\"failOnTimeout\":false,\"backoff\":null,\"timeout\":null,\"retryUntil\":null,\"data\":{\"commandName\":\"Illuminate\\\\Broadcasting\\\\BroadcastEvent\",\"command\":\"O:38:\\\"Illuminate\\\\Broadcasting\\\\BroadcastEvent\\\":14:{s:5:\\\"event\\\";O:60:\\\"Illuminate\\\\Notifications\\\\Events\\\\BroadcastNotificationCreated\\\":3:{s:10:\\\"notifiable\\\";O:45:\\\"Illuminate\\\\Contracts\\\\Database\\\\ModelIdentifier\\\":5:{s:5:\\\"class\\\";s:15:\\\"App\\\\Models\\\\User\\\";s:2:\\\"id\\\";i:3;s:9:\\\"relations\\\";a:0:{}s:10:\\\"connection\\\";s:5:\\\"mysql\\\";s:15:\\\"collectionClass\\\";N;}s:12:\\\"notification\\\";O:30:\\\"App\\\\Notifications\\\\UserFollowed\\\":3:{s:8:\\\"follower\\\";O:45:\\\"Illuminate\\\\Contracts\\\\Database\\\\ModelIdentifier\\\":5:{s:5:\\\"class\\\";s:15:\\\"App\\\\Models\\\\User\\\";s:2:\\\"id\\\";i:8;s:9:\\\"relations\\\";a:0:{}s:10:\\\"connection\\\";s:5:\\\"mysql\\\";s:15:\\\"collectionClass\\\";N;}s:12:\\\"followedUser\\\";O:45:\\\"Illuminate\\\\Contracts\\\\Database\\\\ModelIdentifier\\\":5:{s:5:\\\"class\\\";s:15:\\\"App\\\\Models\\\\User\\\";s:2:\\\"id\\\";i:3;s:9:\\\"relations\\\";a:0:{}s:10:\\\"connection\\\";s:5:\\\"mysql\\\";s:15:\\\"collectionClass\\\";N;}s:2:\\\"id\\\";s:36:\\\"1f8937b3-5986-4d35-a1b3-a1639c60753d\\\";}s:4:\\\"data\\\";a:3:{s:7:\\\"message\\\";s:32:\\\"Michael V started following you.\\\";s:11:\\\"follower_id\\\";i:8;s:8:\\\"user_img\\\";N;}}s:5:\\\"tries\\\";N;s:7:\\\"timeout\\\";N;s:7:\\\"backoff\\\";N;s:13:\\\"maxExceptions\\\";N;s:10:\\\"connection\\\";N;s:5:\\\"queue\\\";N;s:5:\\\"delay\\\";N;s:11:\\\"afterCommit\\\";N;s:10:\\\"middleware\\\";a:0:{}s:7:\\\"chained\\\";a:0:{}s:15:\\\"chainConnection\\\";N;s:10:\\\"chainQueue\\\";N;s:19:\\\"chainCatchCallbacks\\\";N;}\"}}', 0, NULL, 1745973549, 1745973549),
(46, 'default', '{\"uuid\":\"d1b3542e-53db-4f91-bc70-746205ccfae7\",\"displayName\":\"Illuminate\\\\Notifications\\\\Events\\\\BroadcastNotificationCreated\",\"job\":\"Illuminate\\\\Queue\\\\CallQueuedHandler@call\",\"maxTries\":null,\"maxExceptions\":null,\"failOnTimeout\":false,\"backoff\":null,\"timeout\":null,\"retryUntil\":null,\"data\":{\"commandName\":\"Illuminate\\\\Broadcasting\\\\BroadcastEvent\",\"command\":\"O:38:\\\"Illuminate\\\\Broadcasting\\\\BroadcastEvent\\\":14:{s:5:\\\"event\\\";O:60:\\\"Illuminate\\\\Notifications\\\\Events\\\\BroadcastNotificationCreated\\\":3:{s:10:\\\"notifiable\\\";O:45:\\\"Illuminate\\\\Contracts\\\\Database\\\\ModelIdentifier\\\":5:{s:5:\\\"class\\\";s:15:\\\"App\\\\Models\\\\User\\\";s:2:\\\"id\\\";i:8;s:9:\\\"relations\\\";a:0:{}s:10:\\\"connection\\\";s:5:\\\"mysql\\\";s:15:\\\"collectionClass\\\";N;}s:12:\\\"notification\\\";O:39:\\\"App\\\\Notifications\\\\PostLikedNotification\\\":2:{s:4:\\\"post\\\";O:45:\\\"Illuminate\\\\Contracts\\\\Database\\\\ModelIdentifier\\\":5:{s:5:\\\"class\\\";s:15:\\\"App\\\\Models\\\\Reel\\\";s:2:\\\"id\\\";i:31;s:9:\\\"relations\\\";a:1:{i:0;s:4:\\\"user\\\";}s:10:\\\"connection\\\";s:5:\\\"mysql\\\";s:15:\\\"collectionClass\\\";N;}s:2:\\\"id\\\";s:36:\\\"6bf1f9d2-f762-4019-88a2-c79b23bab8cc\\\";}s:4:\\\"data\\\";a:3:{s:7:\\\"message\\\";s:21:\\\"lausi Liked Your Post\\\";s:8:\\\"user_img\\\";N;s:7:\\\"post_id\\\";i:31;}}s:5:\\\"tries\\\";N;s:7:\\\"timeout\\\";N;s:7:\\\"backoff\\\";N;s:13:\\\"maxExceptions\\\";N;s:10:\\\"connection\\\";N;s:5:\\\"queue\\\";N;s:5:\\\"delay\\\";N;s:11:\\\"afterCommit\\\";N;s:10:\\\"middleware\\\";a:0:{}s:7:\\\"chained\\\";a:0:{}s:15:\\\"chainConnection\\\";N;s:10:\\\"chainQueue\\\";N;s:19:\\\"chainCatchCallbacks\\\";N;}\"}}', 0, NULL, 1747174089, 1747174089),
(47, 'default', '{\"uuid\":\"1b72e00c-7ec7-4916-8497-bc2fa14d6499\",\"displayName\":\"Illuminate\\\\Notifications\\\\Events\\\\BroadcastNotificationCreated\",\"job\":\"Illuminate\\\\Queue\\\\CallQueuedHandler@call\",\"maxTries\":null,\"maxExceptions\":null,\"failOnTimeout\":false,\"backoff\":null,\"timeout\":null,\"retryUntil\":null,\"data\":{\"commandName\":\"Illuminate\\\\Broadcasting\\\\BroadcastEvent\",\"command\":\"O:38:\\\"Illuminate\\\\Broadcasting\\\\BroadcastEvent\\\":14:{s:5:\\\"event\\\";O:60:\\\"Illuminate\\\\Notifications\\\\Events\\\\BroadcastNotificationCreated\\\":3:{s:10:\\\"notifiable\\\";O:45:\\\"Illuminate\\\\Contracts\\\\Database\\\\ModelIdentifier\\\":5:{s:5:\\\"class\\\";s:15:\\\"App\\\\Models\\\\User\\\";s:2:\\\"id\\\";i:1;s:9:\\\"relations\\\";a:0:{}s:10:\\\"connection\\\";s:5:\\\"mysql\\\";s:15:\\\"collectionClass\\\";N;}s:12:\\\"notification\\\";O:43:\\\"App\\\\Notifications\\\\PostCommentedNotification\\\":3:{s:7:\\\"comment\\\";O:45:\\\"Illuminate\\\\Contracts\\\\Database\\\\ModelIdentifier\\\":5:{s:5:\\\"class\\\";s:18:\\\"App\\\\Models\\\\Comment\\\";s:2:\\\"id\\\";i:10;s:9:\\\"relations\\\";a:1:{i:0;s:4:\\\"user\\\";}s:10:\\\"connection\\\";s:5:\\\"mysql\\\";s:15:\\\"collectionClass\\\";N;}s:4:\\\"post\\\";O:45:\\\"Illuminate\\\\Contracts\\\\Database\\\\ModelIdentifier\\\":5:{s:5:\\\"class\\\";s:15:\\\"App\\\\Models\\\\Reel\\\";s:2:\\\"id\\\";i:2;s:9:\\\"relations\\\";a:1:{i:0;s:4:\\\"user\\\";}s:10:\\\"connection\\\";s:5:\\\"mysql\\\";s:15:\\\"collectionClass\\\";N;}s:2:\\\"id\\\";s:36:\\\"020ce3e6-7cc4-4434-9748-4b895d5d00b1\\\";}s:4:\\\"data\\\";a:4:{s:7:\\\"message\\\";s:26:\\\"MHV commented on your post\\\";s:8:\\\"user_img\\\";s:47:\\\"profile_images\\/1747251129_20250429_185119~3.jpg\\\";s:7:\\\"comment\\\";s:33:\\\"Wish I was skiing. How about you.\\\";s:7:\\\"post_id\\\";i:2;}}s:5:\\\"tries\\\";N;s:7:\\\"timeout\\\";N;s:7:\\\"backoff\\\";N;s:13:\\\"maxExceptions\\\";N;s:10:\\\"connection\\\";N;s:5:\\\"queue\\\";N;s:5:\\\"delay\\\";N;s:11:\\\"afterCommit\\\";N;s:10:\\\"middleware\\\";a:0:{}s:7:\\\"chained\\\";a:0:{}s:15:\\\"chainConnection\\\";N;s:10:\\\"chainQueue\\\";N;s:19:\\\"chainCatchCallbacks\\\";N;}\"}}', 0, NULL, 1747344833, 1747344833),
(48, 'default', '{\"uuid\":\"15c52a57-625d-4f17-8fb6-39683f05af7a\",\"displayName\":\"Illuminate\\\\Notifications\\\\Events\\\\BroadcastNotificationCreated\",\"job\":\"Illuminate\\\\Queue\\\\CallQueuedHandler@call\",\"maxTries\":null,\"maxExceptions\":null,\"failOnTimeout\":false,\"backoff\":null,\"timeout\":null,\"retryUntil\":null,\"data\":{\"commandName\":\"Illuminate\\\\Broadcasting\\\\BroadcastEvent\",\"command\":\"O:38:\\\"Illuminate\\\\Broadcasting\\\\BroadcastEvent\\\":14:{s:5:\\\"event\\\";O:60:\\\"Illuminate\\\\Notifications\\\\Events\\\\BroadcastNotificationCreated\\\":3:{s:10:\\\"notifiable\\\";O:45:\\\"Illuminate\\\\Contracts\\\\Database\\\\ModelIdentifier\\\":5:{s:5:\\\"class\\\";s:15:\\\"App\\\\Models\\\\User\\\";s:2:\\\"id\\\";i:3;s:9:\\\"relations\\\";a:0:{}s:10:\\\"connection\\\";s:5:\\\"mysql\\\";s:15:\\\"collectionClass\\\";N;}s:12:\\\"notification\\\";O:43:\\\"App\\\\Notifications\\\\PostCommentedNotification\\\":4:{s:5:\\\"reply\\\";O:45:\\\"Illuminate\\\\Contracts\\\\Database\\\\ModelIdentifier\\\":5:{s:5:\\\"class\\\";s:16:\\\"App\\\\Models\\\\Reply\\\";s:2:\\\"id\\\";i:6;s:9:\\\"relations\\\";a:1:{i:0;s:4:\\\"user\\\";}s:10:\\\"connection\\\";s:5:\\\"mysql\\\";s:15:\\\"collectionClass\\\";N;}s:7:\\\"comment\\\";O:45:\\\"Illuminate\\\\Contracts\\\\Database\\\\ModelIdentifier\\\":5:{s:5:\\\"class\\\";s:18:\\\"App\\\\Models\\\\Comment\\\";s:2:\\\"id\\\";i:3;s:9:\\\"relations\\\";a:2:{i:0;s:4:\\\"reel\\\";i:1;s:4:\\\"user\\\";}s:10:\\\"connection\\\";s:5:\\\"mysql\\\";s:15:\\\"collectionClass\\\";N;}s:4:\\\"post\\\";O:45:\\\"Illuminate\\\\Contracts\\\\Database\\\\ModelIdentifier\\\":5:{s:5:\\\"class\\\";s:15:\\\"App\\\\Models\\\\Reel\\\";s:2:\\\"id\\\";i:8;s:9:\\\"relations\\\";a:0:{}s:10:\\\"connection\\\";s:5:\\\"mysql\\\";s:15:\\\"collectionClass\\\";N;}s:2:\\\"id\\\";s:36:\\\"762e6e39-b3d0-4e3c-a86d-c4845db41386\\\";}s:4:\\\"data\\\";a:4:{s:7:\\\"message\\\";s:42:\\\"MHV replied to your comment on the post \\\"\\\"\\\";s:8:\\\"user_img\\\";s:47:\\\"profile_images\\/1747251129_20250429_185119~3.jpg\\\";s:5:\\\"reply\\\";s:12:\\\"Where is it?\\\";s:7:\\\"post_id\\\";i:8;}}s:5:\\\"tries\\\";N;s:7:\\\"timeout\\\";N;s:7:\\\"backoff\\\";N;s:13:\\\"maxExceptions\\\";N;s:10:\\\"connection\\\";N;s:5:\\\"queue\\\";N;s:5:\\\"delay\\\";N;s:11:\\\"afterCommit\\\";N;s:10:\\\"middleware\\\";a:0:{}s:7:\\\"chained\\\";a:0:{}s:15:\\\"chainConnection\\\";N;s:10:\\\"chainQueue\\\";N;s:19:\\\"chainCatchCallbacks\\\";N;}\"}}', 0, NULL, 1747345020, 1747345020),
(49, 'default', '{\"uuid\":\"5864f0dd-f683-43f0-b990-e8ffdaa6dd78\",\"displayName\":\"Illuminate\\\\Notifications\\\\Events\\\\BroadcastNotificationCreated\",\"job\":\"Illuminate\\\\Queue\\\\CallQueuedHandler@call\",\"maxTries\":null,\"maxExceptions\":null,\"failOnTimeout\":false,\"backoff\":null,\"timeout\":null,\"retryUntil\":null,\"data\":{\"commandName\":\"Illuminate\\\\Broadcasting\\\\BroadcastEvent\",\"command\":\"O:38:\\\"Illuminate\\\\Broadcasting\\\\BroadcastEvent\\\":14:{s:5:\\\"event\\\";O:60:\\\"Illuminate\\\\Notifications\\\\Events\\\\BroadcastNotificationCreated\\\":3:{s:10:\\\"notifiable\\\";O:45:\\\"Illuminate\\\\Contracts\\\\Database\\\\ModelIdentifier\\\":5:{s:5:\\\"class\\\";s:15:\\\"App\\\\Models\\\\User\\\";s:2:\\\"id\\\";i:3;s:9:\\\"relations\\\";a:0:{}s:10:\\\"connection\\\";s:5:\\\"mysql\\\";s:15:\\\"collectionClass\\\";N;}s:12:\\\"notification\\\";O:30:\\\"App\\\\Notifications\\\\UserFollowed\\\":3:{s:8:\\\"follower\\\";O:45:\\\"Illuminate\\\\Contracts\\\\Database\\\\ModelIdentifier\\\":5:{s:5:\\\"class\\\";s:15:\\\"App\\\\Models\\\\User\\\";s:2:\\\"id\\\";i:8;s:9:\\\"relations\\\";a:0:{}s:10:\\\"connection\\\";s:5:\\\"mysql\\\";s:15:\\\"collectionClass\\\";N;}s:12:\\\"followedUser\\\";O:45:\\\"Illuminate\\\\Contracts\\\\Database\\\\ModelIdentifier\\\":5:{s:5:\\\"class\\\";s:15:\\\"App\\\\Models\\\\User\\\";s:2:\\\"id\\\";i:3;s:9:\\\"relations\\\";a:0:{}s:10:\\\"connection\\\";s:5:\\\"mysql\\\";s:15:\\\"collectionClass\\\";N;}s:2:\\\"id\\\";s:36:\\\"39db7698-2e6b-4dfa-99bb-8c3a5d9cb2fe\\\";}s:4:\\\"data\\\";a:3:{s:7:\\\"message\\\";s:26:\\\"MHV started following you.\\\";s:11:\\\"follower_id\\\";i:8;s:8:\\\"user_img\\\";s:47:\\\"profile_images\\/1747251129_20250429_185119~3.jpg\\\";}}s:5:\\\"tries\\\";N;s:7:\\\"timeout\\\";N;s:7:\\\"backoff\\\";N;s:13:\\\"maxExceptions\\\";N;s:10:\\\"connection\\\";N;s:5:\\\"queue\\\";N;s:5:\\\"delay\\\";N;s:11:\\\"afterCommit\\\";N;s:10:\\\"middleware\\\";a:0:{}s:7:\\\"chained\\\";a:0:{}s:15:\\\"chainConnection\\\";N;s:10:\\\"chainQueue\\\";N;s:19:\\\"chainCatchCallbacks\\\";N;}\"}}', 0, NULL, 1747346768, 1747346768),
(50, 'default', '{\"uuid\":\"3cf3ece2-71bf-4d0c-bdbe-77bee9e7733c\",\"displayName\":\"Illuminate\\\\Notifications\\\\Events\\\\BroadcastNotificationCreated\",\"job\":\"Illuminate\\\\Queue\\\\CallQueuedHandler@call\",\"maxTries\":null,\"maxExceptions\":null,\"failOnTimeout\":false,\"backoff\":null,\"timeout\":null,\"retryUntil\":null,\"data\":{\"commandName\":\"Illuminate\\\\Broadcasting\\\\BroadcastEvent\",\"command\":\"O:38:\\\"Illuminate\\\\Broadcasting\\\\BroadcastEvent\\\":14:{s:5:\\\"event\\\";O:60:\\\"Illuminate\\\\Notifications\\\\Events\\\\BroadcastNotificationCreated\\\":3:{s:10:\\\"notifiable\\\";O:45:\\\"Illuminate\\\\Contracts\\\\Database\\\\ModelIdentifier\\\":5:{s:5:\\\"class\\\";s:15:\\\"App\\\\Models\\\\User\\\";s:2:\\\"id\\\";i:3;s:9:\\\"relations\\\";a:0:{}s:10:\\\"connection\\\";s:5:\\\"mysql\\\";s:15:\\\"collectionClass\\\";N;}s:12:\\\"notification\\\";O:43:\\\"App\\\\Notifications\\\\PostCommentedNotification\\\":3:{s:7:\\\"comment\\\";O:45:\\\"Illuminate\\\\Contracts\\\\Database\\\\ModelIdentifier\\\":5:{s:5:\\\"class\\\";s:18:\\\"App\\\\Models\\\\Comment\\\";s:2:\\\"id\\\";i:13;s:9:\\\"relations\\\";a:1:{i:0;s:4:\\\"user\\\";}s:10:\\\"connection\\\";s:5:\\\"mysql\\\";s:15:\\\"collectionClass\\\";N;}s:4:\\\"post\\\";O:45:\\\"Illuminate\\\\Contracts\\\\Database\\\\ModelIdentifier\\\":5:{s:5:\\\"class\\\";s:15:\\\"App\\\\Models\\\\Reel\\\";s:2:\\\"id\\\";i:24;s:9:\\\"relations\\\";a:1:{i:0;s:4:\\\"user\\\";}s:10:\\\"connection\\\";s:5:\\\"mysql\\\";s:15:\\\"collectionClass\\\";N;}s:2:\\\"id\\\";s:36:\\\"a1b8fe36-abe5-4d4a-8f31-28953203b229\\\";}s:4:\\\"data\\\";a:4:{s:7:\\\"message\\\";s:26:\\\"MHV commented on your post\\\";s:8:\\\"user_img\\\";s:47:\\\"profile_images\\/1747251129_20250429_185119~3.jpg\\\";s:7:\\\"comment\\\";s:34:\\\"confirm this comment with a reply.\\\";s:7:\\\"post_id\\\";i:24;}}s:5:\\\"tries\\\";N;s:7:\\\"timeout\\\";N;s:7:\\\"backoff\\\";N;s:13:\\\"maxExceptions\\\";N;s:10:\\\"connection\\\";N;s:5:\\\"queue\\\";N;s:5:\\\"delay\\\";N;s:11:\\\"afterCommit\\\";N;s:10:\\\"middleware\\\";a:0:{}s:7:\\\"chained\\\";a:0:{}s:15:\\\"chainConnection\\\";N;s:10:\\\"chainQueue\\\";N;s:19:\\\"chainCatchCallbacks\\\";N;}\"}}', 0, NULL, 1748452375, 1748452375);
INSERT INTO `jobs` (`id`, `queue`, `payload`, `attempts`, `reserved_at`, `available_at`, `created_at`) VALUES
(51, 'default', '{\"uuid\":\"6792f17a-6d2f-4799-85fc-65ff7f996684\",\"displayName\":\"Illuminate\\\\Notifications\\\\Events\\\\BroadcastNotificationCreated\",\"job\":\"Illuminate\\\\Queue\\\\CallQueuedHandler@call\",\"maxTries\":null,\"maxExceptions\":null,\"failOnTimeout\":false,\"backoff\":null,\"timeout\":null,\"retryUntil\":null,\"data\":{\"commandName\":\"Illuminate\\\\Broadcasting\\\\BroadcastEvent\",\"command\":\"O:38:\\\"Illuminate\\\\Broadcasting\\\\BroadcastEvent\\\":14:{s:5:\\\"event\\\";O:60:\\\"Illuminate\\\\Notifications\\\\Events\\\\BroadcastNotificationCreated\\\":3:{s:10:\\\"notifiable\\\";O:45:\\\"Illuminate\\\\Contracts\\\\Database\\\\ModelIdentifier\\\":5:{s:5:\\\"class\\\";s:15:\\\"App\\\\Models\\\\User\\\";s:2:\\\"id\\\";i:8;s:9:\\\"relations\\\";a:0:{}s:10:\\\"connection\\\";s:5:\\\"mysql\\\";s:15:\\\"collectionClass\\\";N;}s:12:\\\"notification\\\";O:43:\\\"App\\\\Notifications\\\\PostCommentedNotification\\\":4:{s:5:\\\"reply\\\";O:45:\\\"Illuminate\\\\Contracts\\\\Database\\\\ModelIdentifier\\\":5:{s:5:\\\"class\\\";s:16:\\\"App\\\\Models\\\\Reply\\\";s:2:\\\"id\\\";i:9;s:9:\\\"relations\\\";a:1:{i:0;s:4:\\\"user\\\";}s:10:\\\"connection\\\";s:5:\\\"mysql\\\";s:15:\\\"collectionClass\\\";N;}s:7:\\\"comment\\\";O:45:\\\"Illuminate\\\\Contracts\\\\Database\\\\ModelIdentifier\\\":5:{s:5:\\\"class\\\";s:18:\\\"App\\\\Models\\\\Comment\\\";s:2:\\\"id\\\";i:13;s:9:\\\"relations\\\";a:2:{i:0;s:4:\\\"reel\\\";i:1;s:4:\\\"user\\\";}s:10:\\\"connection\\\";s:5:\\\"mysql\\\";s:15:\\\"collectionClass\\\";N;}s:4:\\\"post\\\";O:45:\\\"Illuminate\\\\Contracts\\\\Database\\\\ModelIdentifier\\\":5:{s:5:\\\"class\\\";s:15:\\\"App\\\\Models\\\\Reel\\\";s:2:\\\"id\\\";i:24;s:9:\\\"relations\\\";a:0:{}s:10:\\\"connection\\\";s:5:\\\"mysql\\\";s:15:\\\"collectionClass\\\";N;}s:2:\\\"id\\\";s:36:\\\"4e832ba2-a847-43de-94b2-7e112a57451d\\\";}s:4:\\\"data\\\";a:4:{s:7:\\\"message\\\";s:60:\\\"Michael Jordan replied to your comment on the post \\\"VIDEO 2\\\"\\\";s:8:\\\"user_img\\\";s:37:\\\"profile_images\\/1743222116_images.jpeg\\\";s:5:\\\"reply\\\";s:33:\\\"here\'s the reply for this comment\\\";s:7:\\\"post_id\\\";i:24;}}s:5:\\\"tries\\\";N;s:7:\\\"timeout\\\";N;s:7:\\\"backoff\\\";N;s:13:\\\"maxExceptions\\\";N;s:10:\\\"connection\\\";N;s:5:\\\"queue\\\";N;s:5:\\\"delay\\\";N;s:11:\\\"afterCommit\\\";N;s:10:\\\"middleware\\\";a:0:{}s:7:\\\"chained\\\";a:0:{}s:15:\\\"chainConnection\\\";N;s:10:\\\"chainQueue\\\";N;s:19:\\\"chainCatchCallbacks\\\";N;}\"}}', 0, NULL, 1749150380, 1749150380),
(52, 'default', '{\"uuid\":\"24e35896-bb45-45ea-8a62-3daf11f1dbe9\",\"displayName\":\"Illuminate\\\\Notifications\\\\Events\\\\BroadcastNotificationCreated\",\"job\":\"Illuminate\\\\Queue\\\\CallQueuedHandler@call\",\"maxTries\":null,\"maxExceptions\":null,\"failOnTimeout\":false,\"backoff\":null,\"timeout\":null,\"retryUntil\":null,\"data\":{\"commandName\":\"Illuminate\\\\Broadcasting\\\\BroadcastEvent\",\"command\":\"O:38:\\\"Illuminate\\\\Broadcasting\\\\BroadcastEvent\\\":14:{s:5:\\\"event\\\";O:60:\\\"Illuminate\\\\Notifications\\\\Events\\\\BroadcastNotificationCreated\\\":3:{s:10:\\\"notifiable\\\";O:45:\\\"Illuminate\\\\Contracts\\\\Database\\\\ModelIdentifier\\\":5:{s:5:\\\"class\\\";s:15:\\\"App\\\\Models\\\\User\\\";s:2:\\\"id\\\";i:8;s:9:\\\"relations\\\";a:0:{}s:10:\\\"connection\\\";s:5:\\\"mysql\\\";s:15:\\\"collectionClass\\\";N;}s:12:\\\"notification\\\";O:43:\\\"App\\\\Notifications\\\\PostCommentedNotification\\\":4:{s:5:\\\"reply\\\";O:45:\\\"Illuminate\\\\Contracts\\\\Database\\\\ModelIdentifier\\\":5:{s:5:\\\"class\\\";s:16:\\\"App\\\\Models\\\\Reply\\\";s:2:\\\"id\\\";i:10;s:9:\\\"relations\\\";a:1:{i:0;s:4:\\\"user\\\";}s:10:\\\"connection\\\";s:5:\\\"mysql\\\";s:15:\\\"collectionClass\\\";N;}s:7:\\\"comment\\\";O:45:\\\"Illuminate\\\\Contracts\\\\Database\\\\ModelIdentifier\\\":5:{s:5:\\\"class\\\";s:18:\\\"App\\\\Models\\\\Comment\\\";s:2:\\\"id\\\";i:13;s:9:\\\"relations\\\";a:2:{i:0;s:4:\\\"reel\\\";i:1;s:4:\\\"user\\\";}s:10:\\\"connection\\\";s:5:\\\"mysql\\\";s:15:\\\"collectionClass\\\";N;}s:4:\\\"post\\\";O:45:\\\"Illuminate\\\\Contracts\\\\Database\\\\ModelIdentifier\\\":5:{s:5:\\\"class\\\";s:15:\\\"App\\\\Models\\\\Reel\\\";s:2:\\\"id\\\";i:24;s:9:\\\"relations\\\";a:0:{}s:10:\\\"connection\\\";s:5:\\\"mysql\\\";s:15:\\\"collectionClass\\\";N;}s:2:\\\"id\\\";s:36:\\\"25661449-2b44-44c1-ba35-cf0a42bcb675\\\";}s:4:\\\"data\\\";a:4:{s:7:\\\"message\\\";s:60:\\\"Michael Jordan replied to your comment on the post \\\"VIDEO 2\\\"\\\";s:8:\\\"user_img\\\";s:37:\\\"profile_images\\/1743222116_images.jpeg\\\";s:5:\\\"reply\\\";s:33:\\\"here\'s the reply for this comment\\\";s:7:\\\"post_id\\\";i:24;}}s:5:\\\"tries\\\";N;s:7:\\\"timeout\\\";N;s:7:\\\"backoff\\\";N;s:13:\\\"maxExceptions\\\";N;s:10:\\\"connection\\\";N;s:5:\\\"queue\\\";N;s:5:\\\"delay\\\";N;s:11:\\\"afterCommit\\\";N;s:10:\\\"middleware\\\";a:0:{}s:7:\\\"chained\\\";a:0:{}s:15:\\\"chainConnection\\\";N;s:10:\\\"chainQueue\\\";N;s:19:\\\"chainCatchCallbacks\\\";N;}\"}}', 0, NULL, 1749150437, 1749150437),
(53, 'default', '{\"uuid\":\"695b5a7a-8f9e-4263-beac-47b16b3be7fb\",\"displayName\":\"Illuminate\\\\Notifications\\\\Events\\\\BroadcastNotificationCreated\",\"job\":\"Illuminate\\\\Queue\\\\CallQueuedHandler@call\",\"maxTries\":null,\"maxExceptions\":null,\"failOnTimeout\":false,\"backoff\":null,\"timeout\":null,\"retryUntil\":null,\"data\":{\"commandName\":\"Illuminate\\\\Broadcasting\\\\BroadcastEvent\",\"command\":\"O:38:\\\"Illuminate\\\\Broadcasting\\\\BroadcastEvent\\\":14:{s:5:\\\"event\\\";O:60:\\\"Illuminate\\\\Notifications\\\\Events\\\\BroadcastNotificationCreated\\\":3:{s:10:\\\"notifiable\\\";O:45:\\\"Illuminate\\\\Contracts\\\\Database\\\\ModelIdentifier\\\":5:{s:5:\\\"class\\\";s:15:\\\"App\\\\Models\\\\User\\\";s:2:\\\"id\\\";i:3;s:9:\\\"relations\\\";a:0:{}s:10:\\\"connection\\\";s:5:\\\"mysql\\\";s:15:\\\"collectionClass\\\";N;}s:12:\\\"notification\\\";O:43:\\\"App\\\\Notifications\\\\PostCommentedNotification\\\":3:{s:7:\\\"comment\\\";O:45:\\\"Illuminate\\\\Contracts\\\\Database\\\\ModelIdentifier\\\":5:{s:5:\\\"class\\\";s:18:\\\"App\\\\Models\\\\Comment\\\";s:2:\\\"id\\\";i:14;s:9:\\\"relations\\\";a:1:{i:0;s:4:\\\"user\\\";}s:10:\\\"connection\\\";s:5:\\\"mysql\\\";s:15:\\\"collectionClass\\\";N;}s:4:\\\"post\\\";O:45:\\\"Illuminate\\\\Contracts\\\\Database\\\\ModelIdentifier\\\":5:{s:5:\\\"class\\\";s:15:\\\"App\\\\Models\\\\Reel\\\";s:2:\\\"id\\\";i:24;s:9:\\\"relations\\\";a:1:{i:0;s:4:\\\"user\\\";}s:10:\\\"connection\\\";s:5:\\\"mysql\\\";s:15:\\\"collectionClass\\\";N;}s:2:\\\"id\\\";s:36:\\\"0ec4a1eb-5776-426d-a2ea-e20a5dd2dba1\\\";}s:4:\\\"data\\\";a:4:{s:7:\\\"message\\\";s:26:\\\"MHV commented on your post\\\";s:8:\\\"user_img\\\";s:47:\\\"profile_images\\/1747251129_20250429_185119~3.jpg\\\";s:7:\\\"comment\\\";s:50:\\\"looks like we do things one week at a time...ha ha\\\";s:7:\\\"post_id\\\";i:24;}}s:5:\\\"tries\\\";N;s:7:\\\"timeout\\\";N;s:7:\\\"backoff\\\";N;s:13:\\\"maxExceptions\\\";N;s:10:\\\"connection\\\";N;s:5:\\\"queue\\\";N;s:5:\\\"delay\\\";N;s:11:\\\"afterCommit\\\";N;s:10:\\\"middleware\\\";a:0:{}s:7:\\\"chained\\\";a:0:{}s:15:\\\"chainConnection\\\";N;s:10:\\\"chainQueue\\\";N;s:19:\\\"chainCatchCallbacks\\\";N;}\"}}', 0, NULL, 1750177519, 1750177519),
(54, 'default', '{\"uuid\":\"66ed050c-45b2-48ed-9699-1d1cd2ad0f78\",\"displayName\":\"Illuminate\\\\Notifications\\\\Events\\\\BroadcastNotificationCreated\",\"job\":\"Illuminate\\\\Queue\\\\CallQueuedHandler@call\",\"maxTries\":null,\"maxExceptions\":null,\"failOnTimeout\":false,\"backoff\":null,\"timeout\":null,\"retryUntil\":null,\"data\":{\"commandName\":\"Illuminate\\\\Broadcasting\\\\BroadcastEvent\",\"command\":\"O:38:\\\"Illuminate\\\\Broadcasting\\\\BroadcastEvent\\\":14:{s:5:\\\"event\\\";O:60:\\\"Illuminate\\\\Notifications\\\\Events\\\\BroadcastNotificationCreated\\\":3:{s:10:\\\"notifiable\\\";O:45:\\\"Illuminate\\\\Contracts\\\\Database\\\\ModelIdentifier\\\":5:{s:5:\\\"class\\\";s:15:\\\"App\\\\Models\\\\User\\\";s:2:\\\"id\\\";i:8;s:9:\\\"relations\\\";a:0:{}s:10:\\\"connection\\\";s:5:\\\"mysql\\\";s:15:\\\"collectionClass\\\";N;}s:12:\\\"notification\\\";O:39:\\\"App\\\\Notifications\\\\PostLikedNotification\\\":2:{s:4:\\\"post\\\";O:45:\\\"Illuminate\\\\Contracts\\\\Database\\\\ModelIdentifier\\\":5:{s:5:\\\"class\\\";s:15:\\\"App\\\\Models\\\\Reel\\\";s:2:\\\"id\\\";i:85;s:9:\\\"relations\\\";a:1:{i:0;s:4:\\\"user\\\";}s:10:\\\"connection\\\";s:5:\\\"mysql\\\";s:15:\\\"collectionClass\\\";N;}s:2:\\\"id\\\";s:36:\\\"3ae56375-1a93-4a09-97bd-65b27f29bbbb\\\";}s:4:\\\"data\\\";a:3:{s:7:\\\"message\\\";s:30:\\\"Michael Jordan Liked Your Post\\\";s:8:\\\"user_img\\\";s:37:\\\"profile_images\\/1743222116_images.jpeg\\\";s:7:\\\"post_id\\\";i:85;}}s:5:\\\"tries\\\";N;s:7:\\\"timeout\\\";N;s:7:\\\"backoff\\\";N;s:13:\\\"maxExceptions\\\";N;s:10:\\\"connection\\\";N;s:5:\\\"queue\\\";N;s:5:\\\"delay\\\";N;s:11:\\\"afterCommit\\\";N;s:10:\\\"middleware\\\";a:0:{}s:7:\\\"chained\\\";a:0:{}s:15:\\\"chainConnection\\\";N;s:10:\\\"chainQueue\\\";N;s:19:\\\"chainCatchCallbacks\\\";N;}\"}}', 0, NULL, 1751144023, 1751144023),
(55, 'default', '{\"uuid\":\"0bdf31b0-2f78-404f-a924-2e1425b533fe\",\"displayName\":\"Illuminate\\\\Notifications\\\\Events\\\\BroadcastNotificationCreated\",\"job\":\"Illuminate\\\\Queue\\\\CallQueuedHandler@call\",\"maxTries\":null,\"maxExceptions\":null,\"failOnTimeout\":false,\"backoff\":null,\"timeout\":null,\"retryUntil\":null,\"data\":{\"commandName\":\"Illuminate\\\\Broadcasting\\\\BroadcastEvent\",\"command\":\"O:38:\\\"Illuminate\\\\Broadcasting\\\\BroadcastEvent\\\":14:{s:5:\\\"event\\\";O:60:\\\"Illuminate\\\\Notifications\\\\Events\\\\BroadcastNotificationCreated\\\":3:{s:10:\\\"notifiable\\\";O:45:\\\"Illuminate\\\\Contracts\\\\Database\\\\ModelIdentifier\\\":5:{s:5:\\\"class\\\";s:15:\\\"App\\\\Models\\\\User\\\";s:2:\\\"id\\\";i:8;s:9:\\\"relations\\\";a:0:{}s:10:\\\"connection\\\";s:5:\\\"mysql\\\";s:15:\\\"collectionClass\\\";N;}s:12:\\\"notification\\\";O:30:\\\"App\\\\Notifications\\\\UserFollowed\\\":3:{s:8:\\\"follower\\\";O:45:\\\"Illuminate\\\\Contracts\\\\Database\\\\ModelIdentifier\\\":5:{s:5:\\\"class\\\";s:15:\\\"App\\\\Models\\\\User\\\";s:2:\\\"id\\\";i:12;s:9:\\\"relations\\\";a:0:{}s:10:\\\"connection\\\";s:5:\\\"mysql\\\";s:15:\\\"collectionClass\\\";N;}s:12:\\\"followedUser\\\";O:45:\\\"Illuminate\\\\Contracts\\\\Database\\\\ModelIdentifier\\\":5:{s:5:\\\"class\\\";s:15:\\\"App\\\\Models\\\\User\\\";s:2:\\\"id\\\";i:8;s:9:\\\"relations\\\";a:0:{}s:10:\\\"connection\\\";s:5:\\\"mysql\\\";s:15:\\\"collectionClass\\\";N;}s:2:\\\"id\\\";s:36:\\\"6346fd17-23d6-410f-80d5-07b941961f80\\\";}s:4:\\\"data\\\";a:3:{s:7:\\\"message\\\";s:28:\\\"jason started following you.\\\";s:11:\\\"follower_id\\\";i:12;s:8:\\\"user_img\\\";N;}}s:5:\\\"tries\\\";N;s:7:\\\"timeout\\\";N;s:7:\\\"backoff\\\";N;s:13:\\\"maxExceptions\\\";N;s:10:\\\"connection\\\";N;s:5:\\\"queue\\\";N;s:5:\\\"delay\\\";N;s:11:\\\"afterCommit\\\";N;s:10:\\\"middleware\\\";a:0:{}s:7:\\\"chained\\\";a:0:{}s:15:\\\"chainConnection\\\";N;s:10:\\\"chainQueue\\\";N;s:19:\\\"chainCatchCallbacks\\\";N;}\"}}', 0, NULL, 1752187493, 1752187493);

-- --------------------------------------------------------

--
-- Table structure for table `job_batches`
--

CREATE TABLE `job_batches` (
  `id` varchar(255) NOT NULL,
  `name` varchar(255) NOT NULL,
  `total_jobs` int(11) NOT NULL,
  `pending_jobs` int(11) NOT NULL,
  `failed_jobs` int(11) NOT NULL,
  `failed_job_ids` longtext NOT NULL,
  `options` mediumtext DEFAULT NULL,
  `cancelled_at` int(11) DEFAULT NULL,
  `created_at` int(11) NOT NULL,
  `finished_at` int(11) DEFAULT NULL
) ENGINE=InnoDB DEFAULT CHARSET=utf8mb4 COLLATE=utf8mb4_unicode_ci;

-- --------------------------------------------------------

--
-- Table structure for table `likes`
--

CREATE TABLE `likes` (
  `id` bigint(20) UNSIGNED NOT NULL,
  `user_id` bigint(20) UNSIGNED NOT NULL,
  `reel_id` bigint(20) UNSIGNED NOT NULL,
  `created_at` timestamp NULL DEFAULT NULL,
  `updated_at` timestamp NULL DEFAULT NULL
) ENGINE=InnoDB DEFAULT CHARSET=utf8mb4 COLLATE=utf8mb4_unicode_ci;

--
-- Dumping data for table `likes`
--

INSERT INTO `likes` (`id`, `user_id`, `reel_id`, `created_at`, `updated_at`) VALUES
(15, 3, 7, '2025-03-15 23:57:05', '2025-03-15 23:57:05'),
(26, 3, 6, '2025-03-20 23:36:27', '2025-03-20 23:36:27'),
(37, 3, 1, '2025-03-22 00:22:47', '2025-03-22 00:22:47'),
(56, 3, 2, '2025-03-22 18:12:40', '2025-03-22 18:12:40'),
(77, 1, 7, '2025-03-23 18:37:26', '2025-03-23 18:37:26'),
(78, 1, 8, '2025-03-23 18:37:27', '2025-03-23 18:37:27'),
(79, 1, 6, '2025-03-23 18:37:37', '2025-03-23 18:37:37'),
(81, 3, 5, '2025-03-23 18:37:53', '2025-03-23 18:37:53'),
(85, 5, 7, '2025-04-07 22:27:20', '2025-04-07 22:27:20'),
(86, 5, 6, '2025-04-07 22:27:27', '2025-04-07 22:27:27'),
(88, 3, 17, '2025-04-09 05:17:38', '2025-04-09 05:17:38'),
(89, 8, 7, '2025-04-17 21:15:22', '2025-04-17 21:15:22'),
(90, 8, 8, '2025-04-17 21:15:31', '2025-04-17 21:15:31'),
(91, 3, 15, '2025-04-21 03:47:44', '2025-04-21 03:47:44'),
(93, 3, 21, '2025-04-22 04:15:17', '2025-04-22 04:15:17'),
(96, 8, 96, '2025-05-26 04:05:30', '2025-05-26 04:05:30');

-- --------------------------------------------------------

--
-- Table structure for table `migrations`
--

CREATE TABLE `migrations` (
  `id` int(10) UNSIGNED NOT NULL,
  `migration` varchar(255) NOT NULL,
  `batch` int(11) NOT NULL
) ENGINE=InnoDB DEFAULT CHARSET=utf8mb4 COLLATE=utf8mb4_unicode_ci;

--
-- Dumping data for table `migrations`
--

INSERT INTO `migrations` (`id`, `migration`, `batch`) VALUES
(10, '0001_01_01_000000_create_users_table', 1),
(11, '0001_01_01_000001_create_cache_table', 1),
(12, '0001_01_01_000002_create_jobs_table', 1),
(13, '2025_02_13_180934_create_reels_table', 1),
(14, '2025_02_13_181008_create_comments_table', 1),
(15, '2025_02_13_181023_create_likes_table', 1),
(16, '2025_02_14_171326_create_followers_table', 1),
(17, '2025_03_09_224951_add_fields_to_users_table', 1),
(18, '2025_03_09_232349_add_fields_to_reels_table', 1),
(19, '2025_03_10_044910_add_fields_to_reels_table', 2),
(20, '2025_03_12_044450_create_shares_table', 3),
(21, '2025_03_12_044535_create_reports_table', 3),
(24, '2025_03_17_040049_create_replies_table', 4),
(29, '2025_03_23_230301_create_notifications_table', 5),
(30, '2025_03_27_042136_add_slug_to_reels_table', 6),
(31, '2025_03_27_042210_create_saved_videos_table', 7),
(32, '2025_04_08_050235_create_user_reel_table', 7),
(37, '2025_04_19_033025_create_series_table', 8),
(39, '2025_04_21_011802_add_role_id_to_users_table', 1),
(40, '2025_04_21_012524_create_roles_table', 1),
(41, '2025_02_25_215306_add_fields_to_users_table', 1),
(42, '2025_04_10_231205_create_otps_table', 9),
(43, '2025_07_17_234409_create_newsletters_table', 10),
(44, '2025_07_18_171610_create_personal_access_tokens_table', 11),
(45, '2025_07_21_182721_create_ratings_table', 12);

-- --------------------------------------------------------

--
-- Table structure for table `newsletters`
--

CREATE TABLE `newsletters` (
  `id` bigint(20) UNSIGNED NOT NULL,
  `email` varchar(255) NOT NULL,
  `created_at` timestamp NULL DEFAULT NULL,
  `updated_at` timestamp NULL DEFAULT NULL
) ENGINE=InnoDB DEFAULT CHARSET=utf8mb4 COLLATE=utf8mb4_unicode_ci;

-- --------------------------------------------------------

--
-- Table structure for table `notifications`
--

CREATE TABLE `notifications` (
  `id` char(36) NOT NULL,
  `type` varchar(255) NOT NULL,
  `notifiable_type` varchar(255) NOT NULL,
  `notifiable_id` bigint(20) UNSIGNED NOT NULL,
  `data` text NOT NULL,
  `read_at` timestamp NULL DEFAULT NULL,
  `created_at` timestamp NULL DEFAULT NULL,
  `updated_at` timestamp NULL DEFAULT NULL
) ENGINE=InnoDB DEFAULT CHARSET=utf8mb4 COLLATE=utf8mb4_unicode_ci;

--
-- Dumping data for table `notifications`
--

INSERT INTO `notifications` (`id`, `type`, `notifiable_type`, `notifiable_id`, `data`, `read_at`, `created_at`, `updated_at`) VALUES
('020ce3e6-7cc4-4434-9748-4b895d5d00b1', 'App\\Notifications\\PostCommentedNotification', 'App\\Models\\User', 1, '{\"message\":\"MHV commented on your post\",\"user_img\":\"profile_images\\/1747251129_20250429_185119~3.jpg\",\"comment\":\"Wish I was skiing. How about you.\",\"post_id\":2}', NULL, '2025-05-15 21:33:53', '2025-05-15 21:33:53'),
('0ec4a1eb-5776-426d-a2ea-e20a5dd2dba1', 'App\\Notifications\\PostCommentedNotification', 'App\\Models\\User', 3, '{\"message\":\"MHV commented on your post\",\"user_img\":\"profile_images\\/1747251129_20250429_185119~3.jpg\",\"comment\":\"looks like we do things one week at a time...ha ha\",\"post_id\":24}', '2025-06-17 21:14:30', '2025-06-17 16:25:19', '2025-06-17 21:14:30'),
('0f29655c-6f8e-421b-99de-5dd496980da5', 'App\\Notifications\\UserFollowed', 'App\\Models\\User', 8, '{\"message\":\"Michael Jordan started following you.\",\"follower_id\":3,\"user_img\":\"profile_images\\/1743222116_images.jpeg\"}', '2025-04-30 00:38:47', '2025-04-26 23:18:39', '2025-04-30 00:38:47'),
('12fa2cf1-6fd6-4883-ac52-88847aeb3b7a', 'App\\Notifications\\PostCommentedNotification', 'App\\Models\\User', 3, '{\"message\":\"Michael V commented on your post\",\"user_img\":null,\"comment\":\"yes\",\"post_id\":7}', '2025-04-22 03:23:36', '2025-04-21 18:58:22', '2025-04-22 03:23:36'),
('1f8937b3-5986-4d35-a1b3-a1639c60753d', 'App\\Notifications\\UserFollowed', 'App\\Models\\User', 3, '{\"message\":\"Michael V started following you.\",\"follower_id\":8,\"user_img\":null}', '2025-05-21 16:05:57', '2025-04-30 00:39:09', '2025-05-21 16:05:57'),
('31e8b930-5850-4678-a761-ad71ac1e5225', 'App\\Notifications\\PostLikedNotification', 'App\\Models\\User', 8, '{\"message\":\"Michael Jordan Liked Your Post\",\"user_img\":\"profile_images\\/1743222116_images.jpeg\",\"post_id\":21}', '2025-04-30 00:39:45', '2025-04-22 04:15:17', '2025-04-30 00:39:45'),
('39db7698-2e6b-4dfa-99bb-8c3a5d9cb2fe', 'App\\Notifications\\UserFollowed', 'App\\Models\\User', 3, '{\"message\":\"MHV started following you.\",\"follower_id\":8,\"user_img\":\"profile_images\\/1747251129_20250429_185119~3.jpg\"}', '2025-05-21 16:03:03', '2025-05-15 22:06:08', '2025-05-21 16:03:03'),
('3ae56375-1a93-4a09-97bd-65b27f29bbbb', 'App\\Notifications\\PostLikedNotification', 'App\\Models\\User', 8, '{\"message\":\"Michael Jordan Liked Your Post\",\"user_img\":\"profile_images\\/1743222116_images.jpeg\",\"post_id\":85}', '2025-06-30 22:27:37', '2025-06-28 20:53:43', '2025-06-30 22:27:37'),
('3cc73012-0dc3-4aad-9e55-b836930ca160', 'App\\Notifications\\PostCommentedNotification', 'App\\Models\\User', 1, '{\"message\":\"Michael Jordan commented on your post\",\"user_img\":\"profile_images\\/1743222116_images.jpeg\",\"comment\":\"really cute kid :)\",\"post_id\":1}', '2025-04-26 23:54:02', '2025-04-09 04:15:15', '2025-04-26 23:54:02'),
('4e832ba2-a847-43de-94b2-7e112a57451d', 'App\\Notifications\\PostCommentedNotification', 'App\\Models\\User', 8, '{\"message\":\"Michael Jordan replied to your comment on the post\",\"user_img\":\"profile_images\\/1743222116_images.jpeg\",\"reply\":\"here\'s the reply for this comment\",\"post_id\":24}', '2025-06-17 16:23:40', '2025-06-05 19:06:20', '2025-06-17 16:23:40'),
('56e8a524-b11e-4095-8460-64892c8a484a', 'App\\Notifications\\PostLikedNotification', 'App\\Models\\User', 5, '{\"message\":\"Michael Jordan Liked Your Post\",\"user_img\":\"profile_images\\/1743222116_images.jpeg\",\"post_id\":17}', NULL, '2025-04-09 05:17:38', '2025-04-09 05:17:38'),
('5e885daf-1945-4c3f-b900-4035cdc388fd', 'App\\Notifications\\UserFollowed', 'App\\Models\\User', 8, '{\"message\":\"Michael Jordan started following you.\",\"follower_id\":3,\"user_img\":\"profile_images\\/1743222116_images.jpeg\"}', '2025-04-30 00:39:33', '2025-04-22 04:40:55', '2025-04-30 00:39:33'),
('5ea0541d-68ca-4a70-856d-cc7239a9922a', 'App\\Notifications\\UserFollowed', 'App\\Models\\User', 3, '{\"message\":\"Christen Ferrell started following you.\",\"follower_id\":1,\"user_img\":\"profile_images\\/1743734211_images (1).jpeg\"}', '2025-04-04 02:58:11', '2025-04-04 02:49:31', '2025-04-04 02:58:11'),
('6346fd17-23d6-410f-80d5-07b941961f80', 'App\\Notifications\\UserFollowed', 'App\\Models\\User', 8, '{\"message\":\"jason started following you.\",\"follower_id\":12,\"user_img\":null}', '2025-07-16 15:59:47', '2025-07-10 22:44:53', '2025-07-16 15:59:47'),
('68f0f2ac-1881-49e6-8705-1e70458c1460', 'App\\Notifications\\PostCommentedNotification', 'App\\Models\\User', 8, '{\"message\":\"Michael Jordan replied to your comment on the post\",\"user_img\":\"profile_images\\/1743222116_images.jpeg\",\"reply\":\"test\",\"post_id\":7}', '2025-04-22 01:53:33', '2025-04-19 06:11:14', '2025-04-22 01:53:33'),
('6bf1f9d2-f762-4019-88a2-c79b23bab8cc', 'App\\Notifications\\PostLikedNotification', 'App\\Models\\User', 8, '{\"message\":\"lausi Liked Your Post\",\"user_img\":null,\"post_id\":31}', '2025-05-13 22:50:07', '2025-05-13 22:08:09', '2025-05-13 22:50:07'),
('762e6e39-b3d0-4e3c-a86d-c4845db41386', 'App\\Notifications\\PostCommentedNotification', 'App\\Models\\User', 3, '{\"message\":\"MHV replied to your comment on the post\",\"user_img\":\"profile_images\\/1747251129_20250429_185119~3.jpg\",\"reply\":\"Where is it?\",\"post_id\":8}', '2025-05-21 16:03:39', '2025-05-15 21:37:00', '2025-05-21 16:03:39'),
('887fd272-22fa-4e7e-a454-28369aae5779', 'App\\Notifications\\PostLikedNotification', 'App\\Models\\User', 3, '{\"message\":\"Flynn Whitaker Liked Your Post\",\"user_img\":null,\"post_id\":6}', '2025-04-04 02:58:50', '2025-04-04 02:41:14', '2025-04-04 02:58:50'),
('8ccb28b8-5208-44f0-9bed-5f17d7cf2375', 'App\\Notifications\\PostCommentedNotification', 'App\\Models\\User', 3, '{\"message\":\"Christen Ferrell replied to your comment on the post \\\"\\\"\",\"user_img\":\"profile_images\\/1742677912_2.jpg\",\"reply\":\"thanks,  this is Bangkok\",\"post_id\":5}', '2025-03-25 22:25:04', '2025-03-24 23:50:57', '2025-03-25 22:25:04'),
('919fe5cb-cbe4-4aa8-8aaa-9a69843dd4da', 'App\\Notifications\\PostLikedNotification', 'App\\Models\\User', 8, '{\"message\":\"Michael Jordan Liked Your Post\",\"user_img\":\"profile_images\\/1743222116_images.jpeg\",\"post_id\":22}', '2025-04-30 00:39:20', '2025-04-26 23:12:53', '2025-04-30 00:39:20'),
('97b7aa94-b40d-452c-8fd0-cfe5bcd90951', 'App\\Notifications\\PostLikedNotification', 'App\\Models\\User', 3, '{\"message\":\"Flynn Whitaker Liked Your Post\",\"user_img\":null,\"post_id\":7}', '2025-04-04 02:58:56', '2025-04-04 02:41:12', '2025-04-04 02:58:56'),
('9ad6fb6c-95f4-4224-b344-5ea021eadac9', 'App\\Notifications\\PostLikedNotification', 'App\\Models\\User', 3, '{\"message\":\"Michael Vonderheid Liked Your Post\",\"user_img\":\"profile_images\\/zVyzchtKxSGgA6ghSeKjkGzZzR7rYfjPg8QTIukw.jpg\",\"post_id\":6}', '2025-04-09 05:20:02', '2025-04-07 22:27:27', '2025-04-09 05:20:02'),
('a1b8fe36-abe5-4d4a-8f31-28953203b229', 'App\\Notifications\\PostCommentedNotification', 'App\\Models\\User', 3, '{\"message\":\"MHV commented on your post\",\"user_img\":\"profile_images\\/1747251129_20250429_185119~3.jpg\",\"comment\":\"confirm this comment with a reply.\",\"post_id\":24}', '2025-06-05 19:01:17', '2025-05-28 17:12:55', '2025-06-05 19:01:17'),
('a83a3c13-4493-4e65-b2ca-5c03fdad0896', 'App\\Notifications\\PostLikedNotification', 'App\\Models\\User', 3, '{\"message\":\"Michael Vonderheid Liked Your Post\",\"user_img\":\"profile_images\\/zVyzchtKxSGgA6ghSeKjkGzZzR7rYfjPg8QTIukw.jpg\",\"post_id\":7}', '2025-04-09 05:20:07', '2025-04-07 22:27:20', '2025-04-09 05:20:07'),
('a9acf61d-2617-4122-a29a-54b1fe190094', 'App\\Notifications\\PostLikedNotification', 'App\\Models\\User', 3, '{\"message\":\"Michael V Liked Your Post\",\"user_img\":null,\"post_id\":7}', '2025-04-20 22:22:12', '2025-04-17 21:15:22', '2025-04-20 22:22:12'),
('a9c36d0b-66bd-4a0a-a915-b72590856be1', 'App\\Notifications\\PostLikedNotification', 'App\\Models\\User', 3, '{\"message\":\"Flynn Whitaker Christen Ferrell Liked Your Post\",\"user_img\":null,\"post_id\":8}', '2025-04-04 02:08:23', '2025-04-04 02:03:04', '2025-04-04 02:08:23'),
('c1a12563-45fe-4ee5-9df6-1b90297cf971', 'App\\Notifications\\UserFollowed', 'App\\Models\\User', 3, '{\"message\":\"Christen Ferrell started following you.\",\"follower_id\":1,\"user_img\":\"profile_images\\/1743734211_images (1).jpeg\"}', '2025-04-04 02:58:05', '2025-04-04 02:46:32', '2025-04-04 02:58:05'),
('c4c7f090-c4c3-4861-8947-3783ee36f542', 'App\\Notifications\\PostCommentedNotification', 'App\\Models\\User', 8, '{\"message\":\"Michael Jordan replied to your comment on the post\",\"user_img\":\"profile_images\\/1743222116_images.jpeg\",\"reply\":\"thanks\",\"post_id\":7}', '2025-04-22 01:53:43', '2025-04-19 05:06:15', '2025-04-22 01:53:43'),
('dd667d80-787e-4ef2-a784-6d057416dd1d', 'App\\Notifications\\PostCommentedNotification', 'App\\Models\\User', 3, '{\"message\":\"Michael V commented on your post\",\"user_img\":null,\"comment\":\"Great player!\",\"post_id\":7}', '2025-04-19 05:06:00', '2025-04-17 21:18:04', '2025-04-19 05:06:00'),
('e14af552-838d-47cd-90f6-0c04c655f6cc', 'App\\Notifications\\PostCommentedNotification', 'App\\Models\\User', 8, '{\"message\":\"Michael Jordan replied to your comment on the post\",\"user_img\":\"profile_images\\/1743222116_images.jpeg\",\"reply\":\"welcome\",\"post_id\":7}', '2025-04-21 18:57:46', '2025-04-19 06:19:11', '2025-04-21 18:57:46'),
('e1a61f91-b7a4-46db-b866-262c2613c0bc', 'App\\Notifications\\PostLikedNotification', 'App\\Models\\User', 8, '{\"message\":\"Michael Jordan Liked Your Post\",\"user_img\":\"profile_images\\/1743222116_images.jpeg\",\"post_id\":22}', '2025-04-30 00:40:14', '2025-04-22 04:15:14', '2025-04-30 00:40:14'),
('eb99c9f0-9935-460d-9e41-fdd242b32909', 'App\\Notifications\\PostLikedNotification', 'App\\Models\\User', 3, '{\"message\":\"Michael V Liked Your Post\",\"user_img\":null,\"post_id\":8}', '2025-04-20 22:22:09', '2025-04-17 21:15:31', '2025-04-20 22:22:09');

-- --------------------------------------------------------

--
-- Table structure for table `ratings`
--

CREATE TABLE `ratings` (
  `id` bigint(20) UNSIGNED NOT NULL,
  `user_id` bigint(20) UNSIGNED NOT NULL,
  `series_id` bigint(20) UNSIGNED NOT NULL,
  `rating` tinyint(3) UNSIGNED NOT NULL,
  `created_at` timestamp NULL DEFAULT NULL,
  `updated_at` timestamp NULL DEFAULT NULL
) ENGINE=InnoDB DEFAULT CHARSET=utf8mb4 COLLATE=utf8mb4_unicode_ci;

--
-- Dumping data for table `ratings`
--

INSERT INTO `ratings` (`id`, `user_id`, `series_id`, `rating`, `created_at`, `updated_at`) VALUES
(1, 3, 12, 5, '2025-07-21 16:26:25', '2025-07-21 16:26:55');

-- --------------------------------------------------------

--
-- Table structure for table `reels`
--

CREATE TABLE `reels` (
  `id` bigint(20) UNSIGNED NOT NULL,
  `slug` varchar(255) NOT NULL,
  `user_id` bigint(20) UNSIGNED NOT NULL,
  `video_path` varchar(255) NOT NULL,
  `thumbnail_path` varchar(255) DEFAULT NULL,
  `caption` varchar(255) DEFAULT NULL,
  `hashtags` varchar(255) DEFAULT NULL,
  `series_id` int(11) DEFAULT NULL,
  `episode_number` int(11) DEFAULT NULL,
  `reported_count` int(11) NOT NULL DEFAULT 0,
  `privacy` enum('public','private') NOT NULL DEFAULT 'public',
  `created_at` timestamp NULL DEFAULT NULL,
  `updated_at` timestamp NULL DEFAULT NULL
) ENGINE=InnoDB DEFAULT CHARSET=utf8mb4 COLLATE=utf8mb4_unicode_ci;

--
-- Dumping data for table `reels`
--

INSERT INTO `reels` (`id`, `slug`, `user_id`, `video_path`, `thumbnail_path`, `caption`, `hashtags`, `series_id`, `episode_number`, `reported_count`, `privacy`, `created_at`, `updated_at`) VALUES
(1, 'f3g4h5a', 1, 'videos/1741580992_1740530827_13010005_2160_3840_50fps.mp4', NULL, 'WINTER SNOW', '#snow #winter', NULL, NULL, 0, 'public', '2025-03-09 23:29:52', '2025-03-09 23:29:52'),
(2, 'ae4g46b', 1, 'videos/1741581204_1740531915_13035868_2160_3840_30fps.mp4', NULL, NULL, NULL, NULL, NULL, 0, 'public', '2025-03-09 23:33:24', '2025-03-09 23:33:24'),
(5, 'r3tr6h6jh', 1, 'videos/1741752994_e6d34e158ad5422302d603a4578bba21.mp4', NULL, NULL, NULL, NULL, NULL, 0, 'public', '2025-03-11 23:16:34', '2025-03-11 23:16:34'),
(6, 'b34gdg5', 3, 'videos/1741837216_7a46624033e059df916e0686d2d47355.mp4', NULL, 'Basket ball', '#NBA #Basketball', NULL, NULL, 0, 'public', '2025-03-12 22:40:16', '2025-03-12 22:40:16'),
(7, 'sd4546gf', 3, 'videos/1741839207_c32bf6c5e45c0b45760545d40c8f38dc - Trim.mp4', NULL, 'Basketball', NULL, NULL, NULL, 0, 'public', '2025-03-12 23:13:27', '2025-03-12 23:13:27'),
(8, '23fdcdw4', 3, 'videos/1741839386_096450756aa672612d5f751caee38758 - Trim.mp4', NULL, NULL, NULL, NULL, NULL, 0, 'public', '2025-03-12 23:16:26', '2025-03-12 23:16:26'),
(15, 'EKuMj98Wo6', 3, 'videos/1743657863_TUHd13oNNe.mp4', NULL, 'test', '#test', NULL, NULL, 0, 'private', '2025-04-03 05:24:23', '2025-04-03 05:24:23'),
(17, 'tlpOpNSkig', 5, 'videos/1744065035_DBj06vyF03.mp4', NULL, 'Shorties Video', NULL, NULL, NULL, 0, 'public', '2025-04-07 22:30:35', '2025-04-07 22:30:35'),
(18, 'qX4uPag27F', 5, 'videos/1744065148_BUkTNcuH7o.mp4', NULL, 'Short', NULL, NULL, NULL, 0, 'private', '2025-04-07 22:32:28', '2025-04-07 22:32:28'),
(19, '5s6duWWmoS', 8, 'videos/1745286718_Dt6DmwmXRa.mp4', NULL, NULL, NULL, NULL, NULL, 0, 'public', '2025-04-22 01:51:58', '2025-04-22 01:51:58'),
(20, 'bHxjw5eCvN', 8, 'videos/1745289041_0nyS6tsj3s.mp4', NULL, NULL, NULL, NULL, NULL, 0, 'public', '2025-04-22 02:30:41', '2025-04-22 02:30:41'),
(21, '0toDvjBOCA', 8, 'videos/1745289715_AymGAcXUH8.mp4', NULL, NULL, NULL, NULL, NULL, 0, 'public', '2025-04-22 02:41:55', '2025-04-22 02:41:55'),
(29, 'SVw5ekobFs', 8, 'videos/1745976626_yFG5jnAUS4.mp4', NULL, 'Robert Palmer', NULL, NULL, NULL, 0, 'public', '2025-04-30 01:30:26', '2025-04-30 01:30:26'),
(30, 'tNt3Uv5FMz', 8, 'videos/1745976710_5K44PtcB2k.mp4', NULL, NULL, NULL, NULL, NULL, 0, 'public', '2025-04-30 01:31:50', '2025-04-30 01:31:50'),
(37, 'id5EShSipr', 8, 'videos/1747255920_IWQPxY1PAz.mp4', NULL, NULL, NULL, NULL, NULL, 0, 'public', '2025-05-14 20:52:00', '2025-05-14 20:52:00'),
(39, 'eGpd5dPpkL', 8, 'videos/1747445814_bdPVjaMoI2.mp4', NULL, NULL, NULL, 6, NULL, 0, 'public', '2025-05-17 01:36:54', '2025-05-17 01:36:54'),
(40, 'vhONIDnFGt', 8, 'videos/1747445855_ZZsU6ZQbO5.mp4', NULL, NULL, NULL, 6, NULL, 0, 'public', '2025-05-17 01:37:35', '2025-05-17 01:37:35'),
(41, 'fQm6FK4MpL', 8, 'videos/1747445911_LwIymD54GM.mp4', NULL, NULL, NULL, 6, NULL, 0, 'public', '2025-05-17 01:38:31', '2025-05-17 01:38:31'),
(42, 'mxoUMcv5Jl', 8, 'videos/1747445974_LYFOxLEzlf.mp4', NULL, NULL, NULL, 6, NULL, 0, 'public', '2025-05-17 01:39:34', '2025-05-17 01:39:34'),
(43, 'RdMGvwAHSm', 8, 'videos/1747446293_DGJtlLBX4p.mp4', NULL, NULL, NULL, 5, NULL, 0, 'public', '2025-05-17 01:44:53', '2025-05-17 01:44:53'),
(44, 'C0LYdASkO5', 8, 'videos/1747446314_7egT2jQDaZ.mp4', NULL, NULL, NULL, 5, NULL, 0, 'public', '2025-05-17 01:45:14', '2025-05-17 01:45:14'),
(45, 'BcZ0VdkW2H', 8, 'videos/1747446335_ouOfjcdTjT.mp4', NULL, NULL, NULL, 5, NULL, 0, 'public', '2025-05-17 01:45:35', '2025-05-17 01:45:35'),
(48, 'Kl3eLcSNdq', 8, 'videos/1747488196_by1WfY5Sjp.mp4', NULL, NULL, NULL, 7, NULL, 0, 'public', '2025-05-17 13:23:16', '2025-05-17 13:23:16'),
(49, 'iV4j3r1WLj', 8, 'videos/1747488258_4BxgterTb8.mp4', NULL, NULL, NULL, 7, NULL, 0, 'public', '2025-05-17 13:24:18', '2025-05-17 13:24:18'),
(51, 'OkYZig39U1', 8, 'videos/1747488494_W1hxe2Jm3B.mp4', NULL, NULL, NULL, 7, NULL, 0, 'public', '2025-05-17 13:28:14', '2025-05-17 13:28:14'),
(54, 'SqgHAbMpM2', 8, 'videos/1747488631_ZBDhjluOQF.mp4', NULL, NULL, NULL, 7, NULL, 0, 'public', '2025-05-17 13:30:31', '2025-05-17 13:30:31'),
(55, 'i5EugZSEMO', 8, 'videos/1747488679_ScOOlKGv18.mp4', NULL, NULL, NULL, 7, NULL, 0, 'public', '2025-05-17 13:31:19', '2025-05-17 13:31:19'),
(56, 'vcAzc39MGP', 8, 'videos/1747488749_pVMm16ffh9.mp4', NULL, NULL, NULL, 7, NULL, 0, 'public', '2025-05-17 13:32:29', '2025-05-17 13:32:29'),
(59, 'a2Uz0Sx8bt', 8, 'videos/1747489241_SVSX0ROr5a.mp4', NULL, NULL, NULL, 7, NULL, 0, 'public', '2025-05-17 13:40:41', '2025-05-17 13:40:41'),
(61, 'XcLNLgZHHz', 8, 'videos/1747489397_VXGoBJJCZI.mp4', NULL, NULL, NULL, 7, NULL, 0, 'public', '2025-05-17 13:43:17', '2025-05-17 13:43:17'),
(62, '4gu0QB8tDe', 8, 'videos/1747489432_aMFErRGkGU.mp4', NULL, NULL, NULL, 7, NULL, 0, 'public', '2025-05-17 13:43:52', '2025-05-17 13:43:52'),
(63, '0tC5SUigVx', 8, 'videos/1747489584_wMhuBRG7W7.mp4', NULL, NULL, NULL, 7, NULL, 0, 'public', '2025-05-17 13:46:24', '2025-05-17 13:46:24'),
(64, 'y5LvXe4zYC', 8, 'videos/1747489631_DGY6njb4eH.mp4', NULL, NULL, NULL, 7, NULL, 0, 'public', '2025-05-17 13:47:11', '2025-05-17 13:47:11'),
(65, 'H2XfikM7j1', 8, 'videos/1747496078_09DYxW6Smf.mp4', NULL, NULL, NULL, 8, NULL, 0, 'public', '2025-05-17 15:34:38', '2025-05-17 15:34:38'),
(67, 'cL55MyTmqV', 8, 'videos/1747496384_ooANRmfrIv.mp4', NULL, NULL, NULL, 8, NULL, 0, 'public', '2025-05-17 15:39:44', '2025-05-17 15:39:44'),
(70, 'hx1HihbFil', 8, 'videos/1747496793_ITd5jrsqsh.mp4', NULL, NULL, NULL, 8, NULL, 0, 'public', '2025-05-17 15:46:33', '2025-05-17 15:46:33'),
(71, 'SETPd4BapW', 8, 'videos/1747496829_eSXKav7d42.mp4', NULL, NULL, NULL, 8, NULL, 0, 'public', '2025-05-17 15:47:09', '2025-05-17 15:47:09'),
(72, 'MX8g02D9LE', 8, 'videos/1747496948_y9tCP9tNKu.mp4', NULL, NULL, NULL, 8, NULL, 0, 'public', '2025-05-17 15:49:08', '2025-05-17 15:49:08'),
(73, 'NoghroW07j', 8, 'videos/1747497001_3jnt2PNVtG.mp4', NULL, NULL, NULL, 8, NULL, 0, 'public', '2025-05-17 15:50:01', '2025-05-17 15:50:01'),
(74, 'VVQT0akfpn', 8, 'videos/1747497033_QT80taK8EY.mp4', NULL, NULL, NULL, 8, NULL, 0, 'public', '2025-05-17 15:50:33', '2025-05-17 15:50:33'),
(75, '8LdTosbIJ9', 8, 'videos/1747497068_N2zWQsm3oG.mp4', NULL, NULL, NULL, 8, NULL, 0, 'public', '2025-05-17 15:51:08', '2025-05-17 15:51:08'),
(76, 'DMzSyTYH0O', 8, 'videos/1747497102_sbn4ST1dgB.mp4', NULL, NULL, NULL, 8, NULL, 0, 'public', '2025-05-17 15:51:42', '2025-05-17 15:51:42'),
(77, '9diz8OhkQL', 8, 'videos/1747497134_L7hA7I1cQW.mp4', NULL, NULL, NULL, 8, NULL, 0, 'public', '2025-05-17 15:52:14', '2025-05-17 15:52:14'),
(78, 'Xa9zdPLw55', 8, 'videos/1747535699_oA2EdijemK.mp4', NULL, NULL, NULL, 9, NULL, 0, 'public', '2025-05-18 02:34:59', '2025-05-18 02:34:59'),
(79, 'MQU9u5r3a6', 8, 'videos/1747535739_L705jvoeni.mp4', NULL, NULL, NULL, 9, NULL, 0, 'public', '2025-05-18 02:35:39', '2025-05-18 02:35:39'),
(80, 'OMLNpZlVa6', 8, 'videos/1747535778_urSPv2RSLe.mp4', NULL, 'dsfsd', 'fdaggsd', 9, NULL, 0, 'public', '2025-05-18 02:36:18', '2025-05-18 02:36:18'),
(81, 'cBnpXnLGTP', 8, 'videos/1747535864_XuzNs4BXkQ.mp4', NULL, NULL, NULL, 9, NULL, 0, 'public', '2025-05-18 02:37:44', '2025-05-18 02:37:44'),
(82, 'KGgYfWz0fF', 8, 'videos/1747578884_nCi8YG2yl5.mp4', NULL, NULL, 'Videos music', 9, NULL, 0, 'public', '2025-05-18 14:34:44', '2025-05-18 14:34:44'),
(83, 'Nsi4Ot9Rng', 8, 'videos/1747579118_xokzrjjeTe.mp4', NULL, NULL, NULL, 9, NULL, 0, 'public', '2025-05-18 14:38:38', '2025-05-18 14:38:38'),
(84, 'jtvMnD7B4K', 8, 'videos/1747579199_f9K0WXpEUO.mp4', NULL, NULL, NULL, 9, NULL, 0, 'public', '2025-05-18 14:39:59', '2025-05-18 14:39:59'),
(85, 'DExyEu7gPf', 8, 'videos/1747579252_RdDW2CLRqa.mp4', NULL, NULL, '#music', 9, NULL, 0, 'public', '2025-05-18 14:40:52', '2025-05-18 14:40:52'),
(86, 'bYw0UgPo5m', 8, 'videos/1747579330_xCGbwJ6cYy.mp4', NULL, 'Ed Sullivan Show', '#music', 9, NULL, 0, 'public', '2025-05-18 14:42:10', '2025-05-18 14:42:10'),
(87, '236rIkeRh4', 8, 'videos/1747597739_V1rcFi62NJ.mp4', NULL, NULL, NULL, 9, NULL, 0, 'public', '2025-05-18 19:48:59', '2025-05-18 19:48:59'),
(88, '7m4TJ0kRfc', 8, 'videos/1747597784_Qt5BQYxUm7.mp4', NULL, NULL, NULL, 9, NULL, 0, 'public', '2025-05-18 19:49:44', '2025-05-18 19:49:44'),
(89, 'OIv2dj1xfs', 8, 'videos/1747597804_B6CLkX8JwC.mp4', NULL, NULL, NULL, 9, NULL, 0, 'public', '2025-05-18 19:50:04', '2025-05-18 19:50:04'),
(90, 'g5n9S7YnEs', 8, 'videos/1747598104_CQIyYvxYEA.mp4', NULL, NULL, NULL, 8, NULL, 0, 'public', '2025-05-18 19:55:04', '2025-05-18 19:55:04'),
(91, 'nrpJbLWIDA', 8, 'videos/1747598120_SI1GNPpNkN.mp4', NULL, NULL, NULL, 8, NULL, 0, 'public', '2025-05-18 19:55:20', '2025-05-18 19:55:20'),
(92, 'v32NU18HPk', 8, 'videos/1747598136_z27iS8fZeS.mp4', NULL, NULL, NULL, 8, NULL, 0, 'public', '2025-05-18 19:55:36', '2025-05-18 19:55:36'),
(93, '6watXWWN5j', 8, 'videos/1747613418_YoX8CMr3IN.mp4', NULL, NULL, NULL, 8, NULL, 0, 'public', '2025-05-19 00:10:18', '2025-05-19 00:10:18'),
(95, 'LpYa3GHPkb', 8, 'videos/1747665379_qVkMGLVt5I.mp4', NULL, NULL, NULL, 7, NULL, 0, 'public', '2025-05-19 14:36:19', '2025-05-19 14:36:19'),
(96, 'ftv76IaxvE', 8, 'videos/1747665398_DF9qsCyyVI.mp4', NULL, NULL, NULL, 7, NULL, 0, 'public', '2025-05-19 14:36:38', '2025-05-19 14:36:38'),
(97, 'eFYmS7TPMK', 8, 'videos/1747665447_OduBg8fuIp.mp4', NULL, NULL, NULL, 6, NULL, 0, 'public', '2025-05-19 14:37:27', '2025-05-19 14:37:27'),
(98, 'nVZ85AAJgD', 8, 'videos/1747665465_fBUnovZJVo.mp4', NULL, NULL, NULL, 6, NULL, 0, 'public', '2025-05-19 14:37:45', '2025-05-19 14:37:45'),
(99, 'ONF5USWCrD', 8, 'videos/1747684217_BMeKIzHspo.mp4', NULL, NULL, NULL, 9, NULL, 0, 'public', '2025-05-19 19:50:17', '2025-05-19 19:50:17'),
(101, '8M1lYvzFbP', 8, 'videos/1748798382_k2ZO3bWS3D.mp4', NULL, NULL, NULL, 9, NULL, 0, 'public', '2025-06-01 17:19:42', '2025-06-01 17:19:42'),
(102, 'ZMu6pwrjsR', 8, 'videos/1748826235_wAs0H8gjmJ.mp4', NULL, NULL, NULL, 12, NULL, 0, 'public', '2025-06-02 01:03:55', '2025-06-02 01:03:55'),
(104, 'Nu5JbV4z8z', 8, 'videos/1748826322_4HEZLMLwFN.mp4', NULL, NULL, NULL, 12, NULL, 0, 'public', '2025-06-02 01:05:22', '2025-06-02 01:05:22'),
(108, '4O6vrJQwrf', 8, 'videos/1748826427_Xykinjzebv.mp4', NULL, NULL, NULL, 12, NULL, 0, 'public', '2025-06-02 01:07:07', '2025-06-02 01:07:07'),
(109, '9oT2oLTbrW', 8, 'videos/1748826439_oJOp64sI6w.mp4', NULL, NULL, NULL, 12, NULL, 0, 'public', '2025-06-02 01:07:19', '2025-06-02 01:07:19'),
(111, 'uv7PFHBAWl', 8, 'videos/1748826478_hv5XprtfbG.mp4', NULL, NULL, NULL, 12, NULL, 0, 'public', '2025-06-02 01:07:58', '2025-06-02 01:07:58'),
(114, 'EUH26ECIDe', 8, 'videos/1748826559_QeHGnakiI5.mp4', NULL, NULL, NULL, 12, NULL, 0, 'public', '2025-06-02 01:09:19', '2025-06-02 01:09:19'),
(115, 'zRHSk0qhXE', 8, 'videos/1748826572_BxxFx5Uh1t.mp4', NULL, NULL, NULL, 12, NULL, 0, 'public', '2025-06-02 01:09:32', '2025-06-02 01:09:32'),
(116, 'V2xQooGGZm', 8, 'videos/1748826597_wAVkaGEj9b.mp4', NULL, NULL, NULL, 12, NULL, 0, 'public', '2025-06-02 01:09:57', '2025-06-02 01:09:57'),
(117, '4iwN76I4Lf', 8, 'videos/1748826630_3sO8obkj5z.mp4', NULL, NULL, NULL, 12, NULL, 0, 'public', '2025-06-02 01:10:30', '2025-06-02 01:10:30'),
(118, 'Bbqk68nTXq', 8, 'videos/1748826655_LC58dkDo4z.mp4', NULL, NULL, NULL, 12, NULL, 0, 'public', '2025-06-02 01:10:55', '2025-06-02 01:10:55'),
(133, 'MzWWAzToUf', 13, 'videos/1753139411_GDzMjzgkYk.mp4', NULL, 'testing api', '#api', NULL, NULL, 0, 'public', '2025-07-21 18:10:11', '2025-07-21 19:06:07');

-- --------------------------------------------------------

--
-- Table structure for table `replies`
--

CREATE TABLE `replies` (
  `id` bigint(20) UNSIGNED NOT NULL,
  `user_id` int(11) NOT NULL,
  `comment_id` int(11) NOT NULL,
  `content` text NOT NULL,
  `created_at` timestamp NULL DEFAULT NULL,
  `updated_at` timestamp NULL DEFAULT NULL
) ENGINE=InnoDB DEFAULT CHARSET=utf8mb4 COLLATE=utf8mb4_unicode_ci;

--
-- Dumping data for table `replies`
--

INSERT INTO `replies` (`id`, `user_id`, `comment_id`, `content`, `created_at`, `updated_at`) VALUES
(1, 3, 1, 'thanks', '2025-03-16 23:33:47', '2025-03-16 23:33:47'),
(2, 1, 4, 'thanks,  this is Bangkok', '2025-03-24 23:50:57', '2025-03-24 23:50:57'),
(3, 3, 7, 'thanks', '2025-04-19 05:06:15', '2025-04-19 05:06:15'),
(4, 3, 7, 'test', '2025-04-19 06:11:14', '2025-04-19 06:11:14'),
(5, 3, 7, 'welcome', '2025-04-19 06:19:11', '2025-04-19 06:19:11'),
(6, 8, 3, 'Where is it?', '2025-05-15 21:37:00', '2025-05-15 21:37:00'),
(7, 8, 9, 'thanks for liking', '2025-05-15 21:47:14', '2025-05-15 21:47:14'),
(8, 8, 12, 'I do to', '2025-05-26 04:06:10', '2025-05-26 04:06:10'),
(9, 3, 13, 'here\'s the reply for this comment', '2025-06-05 19:06:20', '2025-06-05 19:06:20');

-- --------------------------------------------------------

--
-- Table structure for table `reports`
--

CREATE TABLE `reports` (
  `id` bigint(20) UNSIGNED NOT NULL,
  `reporter_id` bigint(20) UNSIGNED NOT NULL,
  `reportable_type` varchar(255) DEFAULT NULL,
  `reportable_id` bigint(20) UNSIGNED DEFAULT NULL,
  `reason` text NOT NULL,
  `status` enum('pending','resolved','rejected') NOT NULL DEFAULT 'pending',
  `created_at` timestamp NULL DEFAULT NULL,
  `updated_at` timestamp NULL DEFAULT NULL
) ENGINE=InnoDB DEFAULT CHARSET=utf8mb4 COLLATE=utf8mb4_unicode_ci;

--
-- Dumping data for table `reports`
--

INSERT INTO `reports` (`id`, `reporter_id`, `reportable_type`, `reportable_id`, `reason`, `status`, `created_at`, `updated_at`) VALUES
(1, 3, 'App\\Models\\Reel', 1, 'Copyright violation', 'resolved', '2025-04-09 04:57:30', '2025-05-01 03:37:19'),
(2, 3, 'App\\Models\\Reel', 17, 'Spam', 'pending', '2025-04-09 05:08:37', '2025-04-09 05:08:37'),
(3, 3, 'App\\Models\\Reel', 17, 'Spam', 'pending', '2025-04-09 05:18:57', '2025-04-09 05:18:57'),
(5, 3, 'App\\Models\\User', 8, 'Harassment', 'resolved', '2025-04-26 23:36:01', '2025-05-01 03:36:48');

-- --------------------------------------------------------

--
-- Table structure for table `roles`
--

CREATE TABLE `roles` (
  `id` bigint(20) UNSIGNED NOT NULL,
  `name` varchar(255) NOT NULL,
  `created_at` timestamp NULL DEFAULT NULL,
  `updated_at` timestamp NULL DEFAULT NULL
) ENGINE=InnoDB DEFAULT CHARSET=utf8mb4 COLLATE=utf8mb4_unicode_ci;

--
-- Dumping data for table `roles`
--

INSERT INTO `roles` (`id`, `name`, `created_at`, `updated_at`) VALUES
(1, 'admin', '2025-03-06 12:29:36', '2025-03-06 12:29:36'),
(2, 'user', '2025-03-06 12:29:36', '2025-03-06 12:29:36');

-- --------------------------------------------------------

--
-- Table structure for table `saved_videos`
--

CREATE TABLE `saved_videos` (
  `id` bigint(20) UNSIGNED NOT NULL,
  `user_id` bigint(20) UNSIGNED NOT NULL,
  `reel_id` bigint(20) UNSIGNED NOT NULL,
  `created_at` timestamp NULL DEFAULT NULL,
  `updated_at` timestamp NULL DEFAULT NULL
) ENGINE=InnoDB DEFAULT CHARSET=utf8mb4 COLLATE=utf8mb4_unicode_ci;

--
-- Dumping data for table `saved_videos`
--

INSERT INTO `saved_videos` (`id`, `user_id`, `reel_id`, `created_at`, `updated_at`) VALUES
(2, 3, 5, '2025-04-08 05:14:23', '2025-04-08 05:14:23'),
(4, 3, 2, '2025-04-08 05:23:48', '2025-04-08 05:23:48'),
(17, 7, 8, '2025-04-16 00:16:56', '2025-04-16 00:16:56');

-- --------------------------------------------------------

--
-- Table structure for table `series`
--

CREATE TABLE `series` (
  `id` bigint(20) UNSIGNED NOT NULL,
  `title` varchar(255) NOT NULL,
  `slug` varchar(255) NOT NULL,
  `user_id` int(11) NOT NULL,
  `thumbnail` text DEFAULT NULL,
  `description` text DEFAULT NULL,
  `privacy` enum('public','private') DEFAULT 'public',
  `status` enum('active','inactive') DEFAULT 'active',
  `created_at` timestamp NULL DEFAULT NULL,
  `updated_at` timestamp NULL DEFAULT NULL
) ENGINE=InnoDB DEFAULT CHARSET=utf8mb4 COLLATE=utf8mb4_unicode_ci;

--
-- Dumping data for table `series`
--

INSERT INTO `series` (`id`, `title`, `slug`, `user_id`, `thumbnail`, `description`, `privacy`, `status`, `created_at`, `updated_at`) VALUES
(2, 'Shortties', 'uRv5j1dYQk', 1, NULL, 'shortties series', 'public', 'active', '2025-04-26 23:58:53', '2025-04-26 23:58:53'),
(3, 'dd', '9ZWPcUARLl', 10, 'thumbnails/cVAhp8zMmRNlPyKLBA1lzedLeIdMo4kMNK263Bow.jpg', 'dd', 'public', 'active', '2025-05-13 21:56:21', '2025-05-13 21:56:21'),
(5, 'Stevie Wonder', 'fB455KR9Na', 8, NULL, NULL, 'public', 'active', '2025-05-13 22:28:48', '2025-05-13 22:28:48'),
(6, 'Mix', 'pC9f9dmaSC', 8, 'thumbnails/SFTrgGvkDawnSixPYbLWgYPbYPk8dmtrBt9zhbep.jpg', NULL, 'public', 'active', '2025-05-17 01:35:24', '2025-05-17 01:35:24'),
(7, 'Mix 2', 'DQnQpi5Uvb', 8, 'thumbnails/KO9Q8Fil4BQRgtSjSSEwPf9SFsOIcuKZG6ffJN6B.jpg', 'Mix of 60\'s and 70\'s', 'public', 'active', '2025-05-17 13:20:30', '2025-05-17 13:20:30'),
(8, 'Mix 3', 'SxgEWK8yPh', 8, NULL, NULL, 'public', 'active', '2025-05-17 15:32:43', '2025-05-17 15:32:43'),
(9, 'Mix4', 'fQLmwgpj3Z', 8, NULL, NULL, 'public', 'active', '2025-05-18 02:32:21', '2025-05-18 02:32:21'),
(11, 'Joe Willson', 'hhEH1YAAfw', 11, 'thumbnail/1747838541_400w-068vvcDUqas.jpg', 'This a series of my daily life routine.', 'public', 'active', '2025-05-21 14:42:21', '2025-05-21 14:49:23'),
(12, 'Paul Revere and the Raiders', 'VfzDv8whdK', 8, NULL, 'They had a great run...', 'public', 'active', '2025-06-02 01:02:52', '2025-06-02 01:02:52');

-- --------------------------------------------------------

--
-- Table structure for table `sessions`
--

CREATE TABLE `sessions` (
  `id` varchar(255) NOT NULL,
  `user_id` bigint(20) UNSIGNED DEFAULT NULL,
  `ip_address` varchar(45) DEFAULT NULL,
  `user_agent` text DEFAULT NULL,
  `payload` longtext NOT NULL,
  `last_activity` int(11) NOT NULL
) ENGINE=InnoDB DEFAULT CHARSET=utf8mb4 COLLATE=utf8mb4_unicode_ci;

--
-- Dumping data for table `sessions`
--

INSERT INTO `sessions` (`id`, `user_id`, `ip_address`, `user_agent`, `payload`, `last_activity`) VALUES
('0bZfeHDk5OPe9EeOqAAVKIBnBj2iZp0gVsL0rltG', NULL, '154.54.249.201', 'Mozilla/5.0 (compatible; Barkrowler/0.9; +https://babbar.tech/crawler)', 'YTozOntzOjY6Il90b2tlbiI7czo0MDoiWXZ1azQzVXRYS0E2VVJkREdyME9TdE1BbWRocTdiMTJEWk05TjhqbSI7czo5OiJfcHJldmlvdXMiO2E6MTp7czozOiJ1cmwiO3M6NDY6Imh0dHA6Ly9rY2NhcnBldHJlc3RvcmF0aW9uLmNvbS9wdWJsaWMvZmVhdHVyZXMiO31zOjY6Il9mbGFzaCI7YToyOntzOjM6Im9sZCI7YTowOnt9czozOiJuZXciO2E6MDp7fX19', 1752717267),
('17kb01z6nrm6SMyZ6b8f3wWAlZZgbvAaZqGiB0xu', NULL, '66.249.79.128', 'Mozilla/5.0 (Linux; Android 6.0.1; Nexus 5X Build/MMB29P) AppleWebKit/537.36 (KHTML, like Gecko) Chrome/137.0.7151.103 Mobile Safari/537.36 (compatible; Googlebot/2.1; +http://www.google.com/bot.html)', 'YTozOntzOjY6Il90b2tlbiI7czo0MDoiSzhLWFJ2eDB4Y1pWdmlVNzFYa2N4dXBpYkI2eUJRMndaZDVhVXByNSI7czo5OiJfcHJldmlvdXMiO2E6MTp7czozOiJ1cmwiO3M6Mzg6Imh0dHBzOi8va2NjYXJwZXRyZXN0b3JhdGlvbi5jb20vcHVibGljIjt9czo2OiJfZmxhc2giO2E6Mjp7czozOiJvbGQiO2E6MDp7fXM6MzoibmV3IjthOjA6e319fQ==', 1752680942),
('19u8m08yC4HpFhGKVuycNV0ke5MbmrCdXP61Ep9x', 3, '127.0.0.1', 'Mozilla/5.0 (Windows NT 10.0; Win64; x64) AppleWebKit/537.36 (KHTML, like Gecko) Chrome/138.0.0.0 Safari/537.36', 'YTo0OntzOjY6Il90b2tlbiI7czo0MDoiMVkxQ3MySWlKajdpdXRmeGVDcUlJZnk3WjRCS21PQTJHVWhRSGdXTCI7czo5OiJfcHJldmlvdXMiO2E6MTp7czozOiJ1cmwiO3M6MjE6Imh0dHA6Ly8xMjcuMC4wLjE6ODAwMCI7fXM6NjoiX2ZsYXNoIjthOjI6e3M6Mzoib2xkIjthOjA6e31zOjM6Im5ldyI7YTowOnt9fXM6NTA6ImxvZ2luX3dlYl81OWJhMzZhZGRjMmIyZjk0MDE1ODBmMDE0YzdmNThlYTRlMzA5ODlkIjtpOjM7fQ==', 1753133298),
('3WbtGA6DaYC0xQ6uYYboe7ERk3MIMnNrsxkW1ghV', NULL, '216.244.66.247', 'Mozilla/5.0 (compatible; DotBot/1.2; +https://opensiteexplorer.org/dotbot; help@moz.com)', 'YTo0OntzOjY6Il90b2tlbiI7czo0MDoiNVU2eU5DTmpxSmdCdmVISEZIaUpKSkNBN0JRbXVjaEZVUnpBUlNseSI7czozOiJ1cmwiO2E6MTp7czo4OiJpbnRlbmRlZCI7czo0NDoiaHR0cDovL2tjY2FycGV0cmVzdG9yYXRpb24uY29tL3B1YmxpYy9zaG9ydHMiO31zOjk6Il9wcmV2aW91cyI7YToxOntzOjM6InVybCI7czo0NDoiaHR0cDovL2tjY2FycGV0cmVzdG9yYXRpb24uY29tL3B1YmxpYy9zaG9ydHMiO31zOjY6Il9mbGFzaCI7YToyOntzOjM6Im9sZCI7YTowOnt9czozOiJuZXciO2E6MDp7fX19', 1752794813),
('7flf3WkeV7SabWPhKkdHuwddGZ5FTvOrtYYsmxsI', NULL, '127.0.0.1', 'PostmanRuntime/7.44.0', 'YToyOntzOjY6Il90b2tlbiI7czo0MDoiQklUbVFuUzI4T1FlOEVZcFN0SWwwWTdPNW9tMFpVc3dicjJxMGdFTCI7czo2OiJfZmxhc2giO2E6Mjp7czozOiJvbGQiO2E6MDp7fXM6MzoibmV3IjthOjA6e319fQ==', 1752870171),
('8ReT0ssvI6xB3EIzx1NYlw0Sw94LQct7Vd1I34PX', NULL, '212.103.50.117', 'Mozilla/5.0 (Windows NT 10.0; Win64; x64) AppleWebKit/537.36 (KHTML, like Gecko) Chrome/131.0.0.0 Safari/537.36', 'YTozOntzOjY6Il90b2tlbiI7czo0MDoieE5IdVhKWFAyTloxUGk3Y29FRW04OFpqT1lKZnZjNkpSR1ZQUU1YaiI7czo5OiJfcHJldmlvdXMiO2E6MTp7czozOiJ1cmwiO3M6NDI6Imh0dHBzOi8vd3d3LmtjY2FycGV0cmVzdG9yYXRpb24uY29tL3B1YmxpYyI7fXM6NjoiX2ZsYXNoIjthOjI6e3M6Mzoib2xkIjthOjA6e31zOjM6Im5ldyI7YTowOnt9fX0=', 1752708476),
('9peqolAL1VGiFbYz9jjlOliyNpAaR6jU09Mw0J6I', NULL, '44.213.234.101', 'Mozilla/5.0 (Linux; Android 10; K) AppleWebKit/537.36 (KHTML, like Gecko) Chrome/138.0.0.0 Mobile Safari/537.36', 'YTozOntzOjY6Il90b2tlbiI7czo0MDoicktwa0toendpZWptN0lUdEpnMTdhS1NxeHdBWHkzWGtFWHp1UUUySiI7czo5OiJfcHJldmlvdXMiO2E6MTp7czozOiJ1cmwiO3M6NDI6Imh0dHBzOi8vd3d3LmtjY2FycGV0cmVzdG9yYXRpb24uY29tL3B1YmxpYyI7fXM6NjoiX2ZsYXNoIjthOjI6e3M6Mzoib2xkIjthOjA6e31zOjM6Im5ldyI7YTowOnt9fX0=', 1752708450),
('acw3SFxLMax1mnhcQhGz11d5lIHSsMT2ooHsOpS0', NULL, '43.153.107.22', 'Mozilla/5.0 (iPhone; CPU iPhone OS 13_2_3 like Mac OS X) AppleWebKit/605.1.15 (KHTML, like Gecko) Version/13.0.3 Mobile/15E148 Safari/604.1', 'YTozOntzOjY6Il90b2tlbiI7czo0MDoiY3gwbFdYNzVkV3pIRWtmU3BBQW80OWo1MEh1a3lOcGJtaVdpdXdiUSI7czo5OiJfcHJldmlvdXMiO2E6MTp7czozOiJ1cmwiO3M6NDU6Imh0dHA6Ly93d3cua2NjYXJwZXRyZXN0b3JhdGlvbi5jb20vcHVibGljLW9sZCI7fXM6NjoiX2ZsYXNoIjthOjI6e3M6Mzoib2xkIjthOjA6e31zOjM6Im5ldyI7YTowOnt9fX0=', 1752727057),
('bVfJ4eq9xCa3Z6bzRiGST1OTh0pY3ui8nM6HyNEZ', NULL, '144.76.32.72', 'Mozilla/5.0 (compatible; BLEXBot/1.0; +https://help.seranking.com/en/blex-crawler)', 'YTozOntzOjY6Il90b2tlbiI7czo0MDoiU3dtVDJEOWRUcDZIc01TOUYybmdUT1d6ODFleTB4bERHd0lsdk9RZiI7czo5OiJfcHJldmlvdXMiO2E6MTp7czozOiJ1cmwiO3M6NDI6Imh0dHBzOi8va2NjYXJwZXRyZXN0b3JhdGlvbi5jb20vcHVibGljLW9sZCI7fXM6NjoiX2ZsYXNoIjthOjI6e3M6Mzoib2xkIjthOjA6e31zOjM6Im5ldyI7YTowOnt9fX0=', 1752706273),
('C9JimBkqswrKcZPJeyQTaD0NrycwwLnZHZpMXD9u', NULL, '66.249.79.133', 'Mozilla/5.0 (Linux; Android 6.0.1; Nexus 5X Build/MMB29P) AppleWebKit/537.36 (KHTML, like Gecko) Chrome/137.0.7151.103 Mobile Safari/537.36 (compatible; Googlebot/2.1; +http://www.google.com/bot.html)', 'YTozOntzOjY6Il90b2tlbiI7czo0MDoiT2ZKWXRTMlpoWXBRWllhMk5yREZkRlBpdDIxekJxaXM5RUZseHp6ciI7czo5OiJfcHJldmlvdXMiO2E6MTp7czozOiJ1cmwiO3M6NDE6Imh0dHA6Ly9rY2NhcnBldHJlc3RvcmF0aW9uLmNvbS9wdWJsaWMtb2xkIjt9czo2OiJfZmxhc2giO2E6Mjp7czozOiJvbGQiO2E6MDp7fXM6MzoibmV3IjthOjA6e319fQ==', 1752756618),
('G5BxgJ5xBrvQ2RN563cblWWkvXQvRSjxjquXMQ3l', NULL, '170.106.11.141', 'Mozilla/5.0 (iPhone; CPU iPhone OS 13_2_3 like Mac OS X) AppleWebKit/605.1.15 (KHTML, like Gecko) Version/13.0.3 Mobile/15E148 Safari/604.1', 'YTozOntzOjY6Il90b2tlbiI7czo0MDoicmZSczZCVEJ1QUtiTEFUNjFweDN2NGRVNHFyZGJYTnZnOERzRVM5ViI7czo5OiJfcHJldmlvdXMiO2E6MTp7czozOiJ1cmwiO3M6NDE6Imh0dHA6Ly93d3cua2NjYXJwZXRyZXN0b3JhdGlvbi5jb20vcHVibGljIjt9czo2OiJfZmxhc2giO2E6Mjp7czozOiJvbGQiO2E6MDp7fXM6MzoibmV3IjthOjA6e319fQ==', 1752731848),
('hi7Ekrb4liDMp74HGIUkj4oXKHkIZaTXo7X1B3xO', NULL, '144.76.32.72', 'Mozilla/5.0 (compatible; BLEXBot/1.0; +https://help.seranking.com/en/blex-crawler)', 'YTozOntzOjY6Il90b2tlbiI7czo0MDoiMkxxNUJ3azQzVnJkTXdHcGxJNEtlWEpndHU2ZnVUT21ZcnNmNzY2QyI7czo5OiJfcHJldmlvdXMiO2E6MTp7czozOiJ1cmwiO3M6Mzg6Imh0dHBzOi8va2NjYXJwZXRyZXN0b3JhdGlvbi5jb20vcHVibGljIjt9czo2OiJfZmxhc2giO2E6Mjp7czozOiJvbGQiO2E6MDp7fXM6MzoibmV3IjthOjA6e319fQ==', 1752706208),
('HMZ8BgiTKK9t4Ytjmovt9BAEM3YD6arReeTkrT9M', NULL, '43.130.154.56', 'Mozilla/5.0 (iPhone; CPU iPhone OS 13_2_3 like Mac OS X) AppleWebKit/605.1.15 (KHTML, like Gecko) Version/13.0.3 Mobile/15E148 Safari/604.1', 'YTozOntzOjY6Il90b2tlbiI7czo0MDoiOXdUZjBoUXVNaWVwMWxXR3lPeWc0RlV3S2NFM2xCTDI5VnRrSzNlcCI7czo5OiJfcHJldmlvdXMiO2E6MTp7czozOiJ1cmwiO3M6NjI6Imh0dHA6Ly93d3cua2NjYXJwZXRyZXN0b3JhdGlvbi5jb20vcHVibGljLW9sZC9zaG9ydHRpZXMtc2VyaWVzIjt9czo2OiJfZmxhc2giO2E6Mjp7czozOiJvbGQiO2E6MDp7fXM6MzoibmV3IjthOjA6e319fQ==', 1752729650),
('L3mruOErRlENcZ3q72rp3IqbqQpHAtht0vzLv131', NULL, '43.157.180.116', 'Mozilla/5.0 (iPhone; CPU iPhone OS 13_2_3 like Mac OS X) AppleWebKit/605.1.15 (KHTML, like Gecko) Version/13.0.3 Mobile/15E148 Safari/604.1', 'YTozOntzOjY6Il90b2tlbiI7czo0MDoiQWprd3NkNmRhc21wSFpOUUtnTFVoWEM5U2lHR2NaMEdJMFhFaVNzdyI7czo5OiJfcHJldmlvdXMiO2E6MTp7czozOiJ1cmwiO3M6NTI6Imh0dHA6Ly93d3cua2NjYXJwZXRyZXN0b3JhdGlvbi5jb20vcHVibGljLW9sZC9zaWdudXAiO31zOjY6Il9mbGFzaCI7YToyOntzOjM6Im9sZCI7YTowOnt9czozOiJuZXciO2E6MDp7fX19', 1752730010),
('njWWQBSD5sbfF6Jk3PRGHLz0KoIF9PvZHIpkt8z7', NULL, '66.249.79.132', 'Mozilla/5.0 (Linux; Android 6.0.1; Nexus 5X Build/MMB29P) AppleWebKit/537.36 (KHTML, like Gecko) Chrome/137.0.7151.103 Mobile Safari/537.36 (compatible; Googlebot/2.1; +http://www.google.com/bot.html)', 'YTozOntzOjY6Il90b2tlbiI7czo0MDoibUdtd1o2RHVzenNLcXlmUWljUzJEQ1g0VHVUSDR4S2pzOFQ4ZXdZcCI7czo5OiJfcHJldmlvdXMiO2E6MTp7czozOiJ1cmwiO3M6Mzc6Imh0dHA6Ly9rY2NhcnBldHJlc3RvcmF0aW9uLmNvbS9wdWJsaWMiO31zOjY6Il9mbGFzaCI7YToyOntzOjM6Im9sZCI7YTowOnt9czozOiJuZXciO2E6MDp7fX19', 1752768517),
('NZIB6ebrZmGHGn1DcWKjgf2lOJH6rsHGCH62auSD', NULL, '66.249.79.133', 'Mozilla/5.0 (Linux; Android 6.0.1; Nexus 5X Build/MMB29P) AppleWebKit/537.36 (KHTML, like Gecko) Chrome/137.0.7151.103 Mobile Safari/537.36 (compatible; Googlebot/2.1; +http://www.google.com/bot.html)', 'YTozOntzOjY6Il90b2tlbiI7czo0MDoiaEdmMEw1MzRBMFg2TGludWxRZFh4ZEtLMFJJd1RyMXMwZmR3WWtKayI7czo5OiJfcHJldmlvdXMiO2E6MTp7czozOiJ1cmwiO3M6NDE6Imh0dHA6Ly9rY2NhcnBldHJlc3RvcmF0aW9uLmNvbS9wdWJsaWMtb2xkIjt9czo2OiJfZmxhc2giO2E6Mjp7czozOiJvbGQiO2E6MDp7fXM6MzoibmV3IjthOjA6e319fQ==', 1752761490),
('p8Wmth5RxxxWPnJOzhagHP35wTlL2MJ3IdVutspJ', NULL, '51.222.253.11', 'Mozilla/5.0 (compatible; AhrefsBot/7.0; +http://ahrefs.com/robot/)', 'YTozOntzOjY6Il90b2tlbiI7czo0MDoiaHBUdFJDYllkVTRZeVhIY0RySXFzbDdzeXNBQkI5YjdCdXMzS3FaWCI7czo5OiJfcHJldmlvdXMiO2E6MTp7czozOiJ1cmwiO3M6NDE6Imh0dHA6Ly9rY2NhcnBldHJlc3RvcmF0aW9uLmNvbS9wdWJsaWMtb2xkIjt9czo2OiJfZmxhc2giO2E6Mjp7czozOiJvbGQiO2E6MDp7fXM6MzoibmV3IjthOjA6e319fQ==', 1752762021),
('Pqf3lNzFnVu69JO8Bhv6UKjF7UpEKFoPyRaSPMRd', 3, '127.0.0.1', 'Mozilla/5.0 (Windows NT 10.0; Win64; x64) AppleWebKit/537.36 (KHTML, like Gecko) Chrome/138.0.0.0 Safari/537.36', 'YTo0OntzOjY6Il90b2tlbiI7czo0MDoiNXNBcm1pc0ZKMVhhdmNQVjZ6Tmo0d1JMYzdDTVY5T0ZDQjRzNlFtOSI7czo5OiJfcHJldmlvdXMiO2E6MTp7czozOiJ1cmwiO3M6NzY6Imh0dHA6Ly8xMjcuMC4wLjE6ODAwMC9zaG9ydHM/X3Rva2VuPTVzQXJtaXNGSjFYYXZjUFY2ek5qNHdSTGM3Q01WOU9GQ0I0czZRbTkiO31zOjY6Il9mbGFzaCI7YToyOntzOjM6Im9sZCI7YTowOnt9czozOiJuZXciO2E6MDp7fX1zOjUwOiJsb2dpbl93ZWJfNTliYTM2YWRkYzJiMmY5NDAxNTgwZjAxNGM3ZjU4ZWE0ZTMwOTg5ZCI7aTozO30=', 1752859125),
('QV37hzd2uPXmzdcrJaXvw2lUOKZoZhSQrrn33pK6', NULL, '43.159.144.16', 'Mozilla/5.0 (iPhone; CPU iPhone OS 13_2_3 like Mac OS X) AppleWebKit/605.1.15 (KHTML, like Gecko) Version/13.0.3 Mobile/15E148 Safari/604.1', 'YTozOntzOjY6Il90b2tlbiI7czo0MDoiVEF3M1o2eEdkemRsbXpzdTdNb3ZDNnhMZFBaZW9pcDB2NEZjRFpIciI7czo5OiJfcHJldmlvdXMiO2E6MTp7czozOiJ1cmwiO3M6NTg6Imh0dHA6Ly93d3cua2NjYXJwZXRyZXN0b3JhdGlvbi5jb20vcHVibGljLW9sZC9ob3ctaXQtd29ya3MiO31zOjY6Il9mbGFzaCI7YToyOntzOjM6Im9sZCI7YTowOnt9czozOiJuZXciO2E6MDp7fX19', 1752733614),
('qY6mTGdSbDYqlTQfBVydyjZYGX7mKlFVLjckE8iJ', NULL, '162.62.213.187', 'Mozilla/5.0 (iPhone; CPU iPhone OS 13_2_3 like Mac OS X) AppleWebKit/605.1.15 (KHTML, like Gecko) Version/13.0.3 Mobile/15E148 Safari/604.1', 'YTozOntzOjY6Il90b2tlbiI7czo0MDoiWmN2eFdWSUw1dUMxM21QWnNqUFFOM0tBUjRRazZKZm1icVp6MWlGZiI7czo5OiJfcHJldmlvdXMiO2E6MTp7czozOiJ1cmwiO3M6NTQ6Imh0dHA6Ly93d3cua2NjYXJwZXRyZXN0b3JhdGlvbi5jb20vcHVibGljLW9sZC9mZWF0dXJlcyI7fXM6NjoiX2ZsYXNoIjthOjI6e3M6Mzoib2xkIjthOjA6e31zOjM6Im5ldyI7YTowOnt9fX0=', 1752732932),
('SiQMetbALT0AuauDjyoW0BWlgnfy9mtNFEA8fqJe', NULL, '217.113.194.85', 'Mozilla/5.0 (compatible; Barkrowler/0.9; +https://babbar.tech/crawler)', 'YTozOntzOjY6Il90b2tlbiI7czo0MDoiSDdoNk81UnUxYlVNZ2pvQUdYYVk5cXBjSkEwZHJxY1VWMEEwQnA1eiI7czo5OiJfcHJldmlvdXMiO2E6MTp7czozOiJ1cmwiO3M6Mzc6Imh0dHA6Ly9rY2NhcnBldHJlc3RvcmF0aW9uLmNvbS9wdWJsaWMiO31zOjY6Il9mbGFzaCI7YToyOntzOjM6Im9sZCI7YTowOnt9czozOiJuZXciO2E6MDp7fX19', 1752717245),
('SwCcnRpj1jl6xd25Pd9XgL0dR0zIxtwznIJIeMfp', NULL, '43.157.38.228', 'Mozilla/5.0 (iPhone; CPU iPhone OS 13_2_3 like Mac OS X) AppleWebKit/605.1.15 (KHTML, like Gecko) Version/13.0.3 Mobile/15E148 Safari/604.1', 'YTozOntzOjY6Il90b2tlbiI7czo0MDoiVXVNSVBGbmpXbnI3NklQWUhOWTF6b01QRHkxTDVSeHNUb1FuNUw2eiI7czo5OiJfcHJldmlvdXMiO2E6MTp7czozOiJ1cmwiO3M6NDU6Imh0dHA6Ly93d3cua2NjYXJwZXRyZXN0b3JhdGlvbi5jb20vcHVibGljLW9sZCI7fXM6NjoiX2ZsYXNoIjthOjI6e3M6Mzoib2xkIjthOjA6e31zOjM6Im5ldyI7YTowOnt9fX0=', 1752730608),
('tA3hpW9Nj4kud5ppBIr6m0xqyqn5USHaQVJSTtqQ', 8, '47.216.245.32', 'Mozilla/5.0 (X11; CrOS x86_64 14541.0.0) AppleWebKit/537.36 (KHTML, like Gecko) Chrome/134.0.0.0 Safari/537.36', 'YTo0OntzOjY6Il90b2tlbiI7czo0MDoidlRGUGxDaEtoYktGSVd2bmNRU2FjdmVvelBIWjFFQnpzZGxpVXhTciI7czo5OiJfcHJldmlvdXMiO2E6MTp7czozOiJ1cmwiO3M6NDI6Imh0dHBzOi8vd3d3LmtjY2FycGV0cmVzdG9yYXRpb24uY29tL3B1YmxpYyI7fXM6NjoiX2ZsYXNoIjthOjI6e3M6Mzoib2xkIjthOjA6e31zOjM6Im5ldyI7YTowOnt9fXM6NTA6ImxvZ2luX3dlYl81OWJhMzZhZGRjMmIyZjk0MDE1ODBmMDE0YzdmNThlYTRlMzA5ODlkIjtpOjg7fQ==', 1752681749),
('tzwuFI1krFWEjfaGk9hR5FIdtY4O4FqTuH02GemZ', 12, '202.47.36.219', 'Mozilla/5.0 (Windows NT 10.0; Win64; x64) AppleWebKit/537.36 (KHTML, like Gecko) Chrome/138.0.0.0 Safari/537.36', 'YTo0OntzOjY6Il90b2tlbiI7czo0MDoiWVNuQXc4MkdWckNzdjZaMks5SzFqZ281S0drb1ltOUo0MHVLa3ZCaSI7czo5OiJfcHJldmlvdXMiO2E6MTp7czozOiJ1cmwiO3M6OTM6Imh0dHBzOi8va2NjYXJwZXRyZXN0b3JhdGlvbi5jb20vcHVibGljL3Nlcmllcz9fdG9rZW49WVNuQXc4MkdWckNzdjZaMks5SzFqZ281S0drb1ltOUo0MHVLa3ZCaSI7fXM6NjoiX2ZsYXNoIjthOjI6e3M6Mzoib2xkIjthOjA6e31zOjM6Im5ldyI7YTowOnt9fXM6NTA6ImxvZ2luX3dlYl81OWJhMzZhZGRjMmIyZjk0MDE1ODBmMDE0YzdmNThlYTRlMzA5ODlkIjtpOjEyO30=', 1752702620),
('vmQa2JCY7g6VuydGBbiRszVzmGA3SKIkfvYrBN0D', NULL, '47.216.245.32', 'Mozilla/5.0 (Linux; Android 10; K) AppleWebKit/537.36 (KHTML, like Gecko) Chrome/138.0.0.0 Mobile Safari/537.36', 'YTozOntzOjY6Il90b2tlbiI7czo0MDoiUWhHbEFHSlk1c3V4Sm5KWmkzb3BMS3B6VnU3MWZCNFNkaFZ4QkFLQSI7czo5OiJfcHJldmlvdXMiO2E6MTp7czozOiJ1cmwiO3M6NDI6Imh0dHBzOi8vd3d3LmtjY2FycGV0cmVzdG9yYXRpb24uY29tL3B1YmxpYyI7fXM6NjoiX2ZsYXNoIjthOjI6e3M6Mzoib2xkIjthOjA6e31zOjM6Im5ldyI7YTowOnt9fX0=', 1752708442),
('XUHX419OOyu2L5nRo62eYHGcnZNZqDFoRboLBtc4', NULL, '52.2.83.227', 'Mozilla/5.0 AppleWebKit/537.36 (KHTML, like Gecko; compatible; Amazonbot/0.1; +https://developer.amazon.com/support/amazonbot) Chrome/119.0.6045.214 Safari/537.36', 'YTozOntzOjY6Il90b2tlbiI7czo0MDoibE1ZTTVzaU9NRGE2RkdRR3VNTEc3YmcxazFSYTFLbmdEUXRIS2ZUMCI7czo5OiJfcHJldmlvdXMiO2E6MTp7czozOiJ1cmwiO3M6NTE6Imh0dHBzOi8va2NjYXJwZXRyZXN0b3JhdGlvbi5jb20vcHVibGljL2hvdy1pdC13b3JrcyI7fXM6NjoiX2ZsYXNoIjthOjI6e3M6Mzoib2xkIjthOjA6e31zOjM6Im5ldyI7YTowOnt9fX0=', 1752678607),
('YKN6q9UY6o6mq3kcUfcmmr6SpXBX3vmnhh88L4xs', NULL, '202.47.36.219', 'Mozilla/5.0 (Windows NT 10.0; Win64; x64) AppleWebKit/537.36 (KHTML, like Gecko) Chrome/138.0.0.0 Safari/537.36', 'YTo0OntzOjY6Il90b2tlbiI7czo0MDoieUxVWUZjNnhNVEJsbEUyQXVjd2VXM2ZCWnNXR1AxQUlxSHJEWkZzQSI7czozOiJ1cmwiO2E6MTp7czo4OiJpbnRlbmRlZCI7czo5MzoiaHR0cHM6Ly9rY2NhcnBldHJlc3RvcmF0aW9uLmNvbS9wdWJsaWMvc2VyaWVzP190b2tlbj1ZU25BdzgyR1ZyQ3N2NloySzlLMWpnbzVLR2tvWW05SjQwdUtrdkJpIjt9czo5OiJfcHJldmlvdXMiO2E6MTp7czozOiJ1cmwiO3M6OTM6Imh0dHBzOi8va2NjYXJwZXRyZXN0b3JhdGlvbi5jb20vcHVibGljL3Nlcmllcz9fdG9rZW49WVNuQXc4MkdWckNzdjZaMks5SzFqZ281S0drb1ltOUo0MHVLa3ZCaSI7fXM6NjoiX2ZsYXNoIjthOjI6e3M6Mzoib2xkIjthOjA6e31zOjM6Im5ldyI7YTowOnt9fX0=', 1752785518);

-- --------------------------------------------------------

--
-- Table structure for table `shares`
--

CREATE TABLE `shares` (
  `id` bigint(20) UNSIGNED NOT NULL,
  `user_id` bigint(20) UNSIGNED NOT NULL,
  `reel_id` bigint(20) UNSIGNED NOT NULL,
  `created_at` timestamp NULL DEFAULT NULL,
  `updated_at` timestamp NULL DEFAULT NULL
) ENGINE=InnoDB DEFAULT CHARSET=utf8mb4 COLLATE=utf8mb4_unicode_ci;

--
-- Indexes for table `comments`
--
ALTER TABLE `comments`
  ADD PRIMARY KEY (`id`),
  ADD KEY `comments_user_id_foreign` (`user_id`),
  ADD KEY `comments_reel_id_foreign` (`reel_id`);

--
-- Indexes for table `failed_jobs`
--
ALTER TABLE `failed_jobs`
  ADD PRIMARY KEY (`id`),
  ADD UNIQUE KEY `failed_jobs_uuid_unique` (`uuid`);

--
-- Indexes for table `followers`
--
ALTER TABLE `followers`
  ADD PRIMARY KEY (`id`),
  ADD KEY `followers_follower_id_foreign` (`follower_id`),
  ADD KEY `followers_following_id_foreign` (`following_id`);

--
-- Indexes for table `jobs`
--
ALTER TABLE `jobs`
  ADD PRIMARY KEY (`id`),
  ADD KEY `jobs_queue_index` (`queue`);

--
-- Indexes for table `job_batches`
--
ALTER TABLE `job_batches`
  ADD PRIMARY KEY (`id`);

--
-- Indexes for table `likes`
--
ALTER TABLE `likes`
  ADD PRIMARY KEY (`id`),
  ADD KEY `likes_user_id_foreign` (`user_id`),
  ADD KEY `likes_reel_id_foreign` (`reel_id`);

--
-- Indexes for table `migrations`
--
ALTER TABLE `migrations`
  ADD PRIMARY KEY (`id`);

--
-- Indexes for table `newsletters`
--
ALTER TABLE `newsletters`
  ADD PRIMARY KEY (`id`),
  ADD UNIQUE KEY `newsletters_email_unique` (`email`);

--
-- Indexes for table `notifications`
--
ALTER TABLE `notifications`
  ADD PRIMARY KEY (`id`),
  ADD KEY `notifications_notifiable_type_notifiable_id_index` (`notifiable_type`,`notifiable_id`);

--
-- Indexes for table `ratings`
--
ALTER TABLE `ratings`
  ADD PRIMARY KEY (`id`),
  ADD KEY `ratings_user_id_foreign` (`user_id`),
  ADD KEY `ratings_series_id_foreign` (`series_id`);

--
-- Indexes for table `reels`
--
ALTER TABLE `reels`
  ADD PRIMARY KEY (`id`),
  ADD UNIQUE KEY `reels_slug_unique` (`slug`),
  ADD KEY `reels_user_id_foreign` (`user_id`);

--
-- Indexes for table `replies`
--
ALTER TABLE `replies`
  ADD PRIMARY KEY (`id`);

--
-- Indexes for table `reports`
--
ALTER TABLE `reports`
  ADD PRIMARY KEY (`id`),
  ADD KEY `reports_reportable_type_reportable_id_index` (`reportable_type`,`reportable_id`);

--
-- Indexes for table `roles`
--
ALTER TABLE `roles`
  ADD PRIMARY KEY (`id`),
  ADD UNIQUE KEY `roles_name_unique` (`name`);

--
-- Indexes for table `saved_videos`
--
ALTER TABLE `saved_videos`
  ADD PRIMARY KEY (`id`),
  ADD UNIQUE KEY `saved_videos_user_id_reel_id_unique` (`user_id`,`reel_id`),
  ADD KEY `saved_videos_reel_id_foreign` (`reel_id`);

--
-- Indexes for table `series`
--
ALTER TABLE `series`
  ADD PRIMARY KEY (`id`),
  ADD UNIQUE KEY `series_slug_unique` (`slug`);

--
-- Indexes for table `sessions`
--
ALTER TABLE `sessions`
  ADD PRIMARY KEY (`id`),
  ADD KEY `sessions_user_id_index` (`user_id`),
  ADD KEY `sessions_last_activity_index` (`last_activity`);

--
-- Indexes for table `shares`
--
ALTER TABLE `shares`
  ADD PRIMARY KEY (`id`),
  ADD KEY `shares_user_id_foreign` (`user_id`),
  ADD KEY `shares_reel_id_foreign` (`reel_id`);

--
-- AUTO_INCREMENT for dumped tables
--

--
-- AUTO_INCREMENT for table `comments`
--
ALTER TABLE `comments`
  MODIFY `id` bigint(20) UNSIGNED NOT NULL AUTO_INCREMENT, AUTO_INCREMENT=16;

--
-- AUTO_INCREMENT for table `failed_jobs`
--
ALTER TABLE `failed_jobs`
  MODIFY `id` bigint(20) UNSIGNED NOT NULL AUTO_INCREMENT;

--
-- AUTO_INCREMENT for table `followers`
--
ALTER TABLE `followers`
  MODIFY `id` bigint(20) UNSIGNED NOT NULL AUTO_INCREMENT, AUTO_INCREMENT=16;

--
-- AUTO_INCREMENT for table `jobs`
--
ALTER TABLE `jobs`
  MODIFY `id` bigint(20) UNSIGNED NOT NULL AUTO_INCREMENT, AUTO_INCREMENT=56;

--
-- AUTO_INCREMENT for table `likes`
--
ALTER TABLE `likes`
  MODIFY `id` bigint(20) UNSIGNED NOT NULL AUTO_INCREMENT, AUTO_INCREMENT=98;

--
-- AUTO_INCREMENT for table `migrations`
--
ALTER TABLE `migrations`
  MODIFY `id` int(10) UNSIGNED NOT NULL AUTO_INCREMENT, AUTO_INCREMENT=46;

--
-- AUTO_INCREMENT for table `newsletters`
--
ALTER TABLE `newsletters`
  MODIFY `id` bigint(20) UNSIGNED NOT NULL AUTO_INCREMENT;

--
-- AUTO_INCREMENT for table `ratings`
--
ALTER TABLE `ratings`
  MODIFY `id` bigint(20) UNSIGNED NOT NULL AUTO_INCREMENT, AUTO_INCREMENT=2;

--
-- AUTO_INCREMENT for table `reels`
--
ALTER TABLE `reels`
  MODIFY `id` bigint(20) UNSIGNED NOT NULL AUTO_INCREMENT, AUTO_INCREMENT=134;

--
-- AUTO_INCREMENT for table `replies`
--
ALTER TABLE `replies`
  MODIFY `id` bigint(20) UNSIGNED NOT NULL AUTO_INCREMENT, AUTO_INCREMENT=11;

--
-- AUTO_INCREMENT for table `reports`
--
ALTER TABLE `reports`
  MODIFY `id` bigint(20) UNSIGNED NOT NULL AUTO_INCREMENT, AUTO_INCREMENT=6;

--
-- AUTO_INCREMENT for table `roles`
--
ALTER TABLE `roles`
  MODIFY `id` bigint(20) UNSIGNED NOT NULL AUTO_INCREMENT, AUTO_INCREMENT=3;

--
-- AUTO_INCREMENT for table `saved_videos`
--
ALTER TABLE `saved_videos`
  MODIFY `id` bigint(20) UNSIGNED NOT NULL AUTO_INCREMENT, AUTO_INCREMENT=19;

--
-- AUTO_INCREMENT for table `series`
--
ALTER TABLE `series`
  MODIFY `id` bigint(20) UNSIGNED NOT NULL AUTO_INCREMENT, AUTO_INCREMENT=22;

--
-- AUTO_INCREMENT for table `shares`
--
ALTER TABLE `shares`
  MODIFY `id` bigint(20) UNSIGNED NOT NULL AUTO_INCREMENT;

--
-- Constraints for dumped tables
--

--
-- Constraints for table `comments`
--
ALTER TABLE `comments`
  ADD CONSTRAINT `comments_reel_id_foreign` FOREIGN KEY (`reel_id`) REFERENCES `reels` (`id`) ON DELETE CASCADE,
  ADD CONSTRAINT `comments_user_id_foreign` FOREIGN KEY (`user_id`) REFERENCES `users` (`id`) ON DELETE CASCADE;

--
-- Constraints for table `followers`
--
ALTER TABLE `followers`
  ADD CONSTRAINT `followers_follower_id_foreign` FOREIGN KEY (`follower_id`) REFERENCES `users` (`id`) ON DELETE CASCADE,
  ADD CONSTRAINT `followers_following_id_foreign` FOREIGN KEY (`following_id`) REFERENCES `users` (`id`) ON DELETE CASCADE;

--
-- Constraints for table `likes`
--
ALTER TABLE `likes`
  ADD CONSTRAINT `likes_reel_id_foreign` FOREIGN KEY (`reel_id`) REFERENCES `reels` (`id`) ON DELETE CASCADE,
  ADD CONSTRAINT `likes_user_id_foreign` FOREIGN KEY (`user_id`) REFERENCES `users` (`id`) ON DELETE CASCADE;

--
-- Constraints for table `ratings`
--
ALTER TABLE `ratings`
  ADD CONSTRAINT `ratings_series_id_foreign` FOREIGN KEY (`series_id`) REFERENCES `series` (`id`) ON DELETE CASCADE,
  ADD CONSTRAINT `ratings_user_id_foreign` FOREIGN KEY (`user_id`) REFERENCES `users` (`id`) ON DELETE CASCADE;

--
-- Constraints for table `reels`
--
ALTER TABLE `reels`
  ADD CONSTRAINT `reels_user_id_foreign` FOREIGN KEY (`user_id`) REFERENCES `users` (`id`) ON DELETE CASCADE;

--
-- Constraints for table `saved_videos`
--
ALTER TABLE `saved_videos`
  ADD CONSTRAINT `saved_videos_reel_id_foreign` FOREIGN KEY (`reel_id`) REFERENCES `reels` (`id`) ON DELETE CASCADE,
  ADD CONSTRAINT `saved_videos_user_id_foreign` FOREIGN KEY (`user_id`) REFERENCES `users` (`id`) ON DELETE CASCADE;

--
-- Constraints for table `shares`
--
ALTER TABLE `shares`
  ADD CONSTRAINT `shares_reel_id_foreign` FOREIGN KEY (`reel_id`) REFERENCES `reels` (`id`) ON DELETE CASCADE,
  ADD CONSTRAINT `shares_user_id_foreign` FOREIGN KEY (`user_id`) REFERENCES `users` (`id`) ON DELETE CASCADE;
COMMIT;

